CREATE TABLE IF NOT EXISTS `messenger_friendships` (
  `id` int(10) unsigned NOT NULL AUTO_INCREMENT,
  `user_1_id` int(11) unsigned NOT NULL,
  `user_2_id` int(11) unsigned NOT NULL,
  `confirmed` int(1) NOT NULL DEFAULT '0',
  PRIMARY KEY (`id`),
  KEY `user_1_id` (`user_1_id`)
) ENGINE=InnoDB  DEFAULT CHARSET=utf8 AUTO_INCREMENT=45 ;

--
-- Volcado de datos para la tabla `messenger_friendships`
--

INSERT INTO `messenger_friendships` (`id`, `user_1_id`, `user_2_id`, `confirmed`) VALUES
(1, 2, 3, 0),
(2, 10, 7, 1),
(3, 7, 10, 1),
(4, 14, 7, 1),
(5, 7, 14, 1),
(6, 14, 15, 1),
(7, 15, 14, 1),
(8, 20, 15, 1),
(9, 15, 20, 1),
(10, 36, 38, 1),
(11, 38, 36, 1),
(12, 38, 41, 1),
(13, 41, 38, 1),
(14, 39, 41, 1),
(15, 41, 39, 1),
(16, 39, 42, 1),
(17, 42, 39, 1),
(18, 38, 42, 1),
(19, 36, 42, 0),
(20, 38, 39, 1),
(21, 42, 38, 1),
(22, 39, 38, 1),
(23, 43, 42, 1),
(24, 42, 43, 1),
(25, 39, 40, 1),
(26, 40, 39, 1),
(27, 38, 40, 1),
(28, 40, 38, 1),
(29, 38, 46, 1),
(30, 46, 39, 1),
(31, 39, 46, 1),
(32, 46, 42, 1),
(33, 42, 46, 1),
(34, 46, 38, 1),
(35, 39, 47, 1),
(36, 38, 47, 1),
(37, 47, 39, 1),
(38, 42, 47, 1),
(39, 47, 42, 1),
(40, 47, 38, 1),
(41, 38, 50, 1),
(42, 50, 38, 1),
(43, 51, 38, 1),
(44, 38, 51, 1);

-- --------------------------------------------------------

--
-- Estructura de tabla para la tabla `moderation_action_log`
--

CREATE TABLE IF NOT EXISTS `moderation_action_log` (
  `id` int(10) unsigned NOT NULL AUTO_INCREMENT,
  `moderator_id` int(10) unsigned NOT NULL,
  `moderator_name` varchar(16) NOT NULL,
  `action_descr` varchar(255) NOT NULL,
  `action_detail` text NOT NULL,
  `timestamp` double NOT NULL DEFAULT '0',
  PRIMARY KEY (`id`)
) ENGINE=InnoDB  DEFAULT CHARSET=utf8 AUTO_INCREMENT=20 ;

--
-- Volcado de datos para la tabla `moderation_action_log`
--

INSERT INTO `moderation_action_log` (`id`, `moderator_id`, `moderator_name`, `action_descr`, `action_detail`, `timestamp`) VALUES
(1, 38, 'Darkenental', 'Sent room message', 'Room sssadsadsa (ID 1): ''sin cms no puede hackear a demas''', 1315431887.37015),
(2, 38, 'Darkenental', 'Sent room message', 'Room sssadsadsa (ID 1): ''pto flood''', 1315431996.42939),
(3, 38, 'Darkenental', 'Sent room message', 'Room Mi Casa e.e (ID 19): ''es par apoder escapar cuando te rodean''', 1315513126.34323),
(4, 50, 'CristiaN', 'Sent room caution', 'Room ASD (ID 22): ''muted''', 1315604844.12863),
(5, 50, 'CristiaN', 'Sent room caution', 'Room ASD (ID 22): ''a la hc y la vip''', 1315605344.59393),
(6, 50, 'CristiaN', 'Sent message to user', 'User Darkenental (ID 38): ''Thank you for helping to test uberHotel/Snowlight BETA. If you have encountered a bug or would like to leave feedback, visit http://snowlight.uservoice.com''.', 1315605429.34094),
(7, 50, 'CristiaN', 'Sent room caution', 'Room ASD (ID 22): ''asd''', 1315605518.80223),
(8, 50, 'CristiaN', 'Performed room moderation action', 'Room ''ASD'' (ID 22): Kicked all users from room', 1315605519.55223),
(9, 50, 'CristiaN', 'Sent room caution', 'Room ASD (ID 22): ''ad''', 1315605539.2555),
(10, 50, 'CristiaN', 'Performed room moderation action', 'Room ''ASD'' (ID 22): Locked room', 1315605539.65453),
(11, 50, 'CristiaN', 'Sent room caution', 'Room ASD (ID 22): ''ads''', 1315605544.39079),
(12, 50, 'CristiaN', 'Performed room moderation action', 'Room ''Inappropriate to hotel management'' (ID 22): Name set to ''Inappropriate to hotel management''', 1315605544.91082),
(13, 38, 'Darkenental', 'Sent room message', 'Room jkl (ID 18): ''pto filtro anti flood xd''', 1315626667.81484),
(14, 38, 'Darkenental', 'Sent room message', 'Room jkl (ID 18): ''deesde donde se puediera manejar la red social, y tu hacer la web xd''', 1315626959.78241),
(15, 38, 'Darkenental', 'Sent room message', 'Room jkl (ID 18): ''buuuuuuuuuu''', 1315691769.68172),
(16, 38, 'Darkenental', 'Sent room message', 'Room jkl (ID 18): ''algunos beta testers mas xd''', 1315691781.13196),
(17, 38, 'Darkenental', 'Sent room message', 'Room jkl (ID 18): ''las de 3 secciones, la ultima a la derecha''', 1315692112.6031),
(18, 38, 'Darkenental', 'Sent room message', 'Room sssadsadsa (ID 1): ''hello''', 1318276046.3906698),
(19, 38, 'Darkenental', 'Sent message to user', 'User Darkenental (ID 38): ''grg''.', 1318281082.79367);

-- --------------------------------------------------------

--
-- Estructura de tabla para la tabla `moderation_chatlogs`
--

CREATE TABLE IF NOT EXISTS `moderation_chatlogs` (
  `id` int(10) unsigned NOT NULL AUTO_INCREMENT,
  `timestamp` double NOT NULL DEFAULT '0',
  `user_id` int(10) unsigned NOT NULL DEFAULT '0',
  `room_id` int(10) unsigned NOT NULL DEFAULT '0',
  `message` varchar(255) NOT NULL DEFAULT '',
  PRIMARY KEY (`id`)
) ENGINE=InnoDB  DEFAULT CHARSET=utf8 AUTO_INCREMENT=2990 ;

--
-- Volcado de datos para la tabla `moderation_chatlogs`
--

INSERT INTO `moderation_chatlogs` (`id`, `timestamp`, `user_id`, `room_id`, `message`) VALUES
(1, 1313313695.89463, 2, 1, '(Say) Snowlight 100% Funcionando'),
(2, 1313313766.34704, 2, 1, '(Say) SnowLight 100% Funcionando'),
(3, 1315405228.6812, 10, 4, '(Say) BUENASS'),
(4, 1315405234.06121, 7, 4, '(Say) hey esteve'),
(5, 1315405235.49121, 7, 4, '(Say) ves?'),
(6, 1315405237.00121, 10, 4, '(Say) XD'),
(7, 1315405238.41121, 10, 4, '(Say) MOLA'),
(8, 1315405242.05122, 10, 4, '(Say) y mi rankxddddddd'),
(9, 1315405246.32122, 10, 4, '(Say) ya me ilusionoxd'),
(10, 1315405248.63123, 7, 4, '(Say) ahora despues'),
(11, 1315405249.01123, 7, 4, '(Say) xd'),
(12, 1315405254.63124, 10, 4, '(Say) ok'),
(13, 1315405263.45125, 10, 4, '(Shout) Puedo'),
(14, 1315405266.14125, 10, 4, '(Shout) HACERTE'),
(15, 1315405267.83126, 10, 4, '(Shout) UNA COSA'),
(16, 1315405272.48126, 10, 4, '(Shout) me hace mucha ilusión'),
(17, 1315405274.74126, 7, 4, '(Say) depende'),
(18, 1315405275.76127, 7, 4, '(Say) xd'),
(19, 1315405289.87129, 10, 4, '(Shout) Hacer yo la Descripción del post'),
(20, 1315405293.35129, 10, 4, '(Shout) de kekomundo'),
(21, 1315405296.5113, 7, 4, '(Say) em tio'),
(22, 1315405297.0013, 10, 4, '(Shout) de myhabbo*'),
(23, 1315405299.4813, 7, 4, '(Say) mejor esperate xd'),
(24, 1315405302.6913, 7, 4, '(Say) va pa largo'),
(25, 1315405309.02131, 7, 4, '(Say) k tengamos forex y yo'),
(26, 1315405314.40132, 7, 4, '(Say) el holo al 100%100'),
(27, 1315405315.07132, 7, 4, '(Say) xd'),
(28, 1315405318.82133, 7, 4, '(Say) wa'),
(29, 1315405318.99133, 7, 4, '(Say) v'),
(30, 1315405319.23133, 7, 4, '(Say) ev'),
(31, 1315405319.49133, 7, 4, '(Say) ev'),
(32, 1315405319.67133, 7, 4, '(Say) wev'),
(33, 1315405325.80134, 10, 4, '(Say) llama a dani'),
(34, 1315405329.79134, 10, 4, '(Say) k ta plasta'),
(35, 1315405335.52135, 10, 4, '(Say) k kiere entrar ...'),
(36, 1315405423.55227, 10, 4, '(Say) david'),
(37, 1315405426.21227, 10, 4, '(Say) llma a dani'),
(38, 1315405434.47228, 10, 4, '(Say) porfa hale el favoritoxd'),
(39, 1315405531.4346, 10, 4, '(Say) david'),
(40, 1315405542.25072, 10, 4, '(Say) dani aún no me devolvio lode .es'),
(41, 1315405548.22072, 10, 4, '(Say) dice que le timaron'),
(42, 1315405552.36073, 10, 4, '(Say) mis $'),
(43, 1315405559.733, 10, 4, '(Say) por pow a xats .........'),
(44, 1315405560.63605, 10, 4, '(Say) -.-'),
(45, 1315405596.8617, 10, 4, '(Say) DAVIDDDDDDDD'),
(46, 1315405987.51082, 10, 4, '(Shout) David'),
(47, 1315405989.80082, 10, 4, '(Shout) :D'),
(48, 1315406055.85351, 13, 4, '(Say) ¿?'),
(49, 1315406102.74646, 10, 4, '(Say) daviidddddddddddddddddddddddddddddd'),
(50, 1315406107.2606, 10, 4, '(Say) daniiiiiiiiiii'),
(51, 1315406108.89867, 10, 4, '(Say) quiere'),
(52, 1315406112.46482, 10, 4, '(Say) entrarrrrrrrrrrrrrrrrrrrrrrrrrrrrrrrrrrrrrrrrrrrrrrrrrrrrrrrrrrrrrrrr'),
(53, 1315406143.54634, 7, 4, '(Say) coño'),
(54, 1315406144.33739, 7, 4, '(Say) pues'),
(55, 1315406146.00148, 7, 4, '(Say) k entre'),
(56, 1315406151.95678, 10, 4, '(Say) te esta llamando'),
(57, 1315406166.71154, 7, 4, '(Say) acepta'),
(58, 1315406169.13364, 10, 4, '(Say) ok'),
(59, 1315406171.08775, 10, 4, '(Say) david'),
(60, 1315406172.92385, 10, 4, '(Say) ayuda'),
(61, 1315406174.46592, 10, 4, '(Say) a dani'),
(62, 1315406176.94607, 10, 4, '(Say) que me esta'),
(63, 1315406776.99872, 14, 4, '(Say) Quiero a Roy :'),
(64, 1315406787.01629, 7, 4, '(Say) :aha love roy'),
(65, 1315406788.73629, 7, 4, '(Say) ups'),
(66, 1315406791.3263, 7, 4, '(Say) xdddd'),
(67, 1315406792.9063, 14, 4, '(Say) es ha'),
(68, 1315406793.7563, 7, 4, '(Say) :ha love roy'),
(69, 1315406794.0163, 14, 4, '(Say) -.-'),
(70, 1315406796.5763, 7, 4, '(Say) xddddddddddddddddddddddddd'),
(71, 1315406798.33631, 7, 4, '(Say) es  cierto'),
(72, 1315406799.90631, 7, 4, '(Say) aun no tengo'),
(73, 1315406800.56631, 7, 4, '(Say) rank'),
(74, 1315406801.03631, 14, 4, '(Say) No tienes rango'),
(75, 1315406802.38631, 7, 4, '(Say) xDDDDDDD'),
(76, 1315406803.75632, 14, 4, '(Say) te tienes que dar'),
(77, 1315406811.25633, 14, 4, '(Say) la placa de ADM'),
(78, 1315406812.44633, 14, 4, '(Say) xD'),
(79, 1315406820.48968, 14, 4, '(Say) Ha buscar la id nde la placa y a metertela'),
(80, 1315406867.57337, 15, 4, '(Say) darrkkkkk'),
(81, 1315406869.42448, 15, 4, '(Say) tekierooooo'),
(82, 1315406900.41625, 7, 4, '(Say) olles?'),
(83, 1315406905.91557, 15, 4, '(Say) dark'),
(84, 1315406906.62161, 14, 4, '(Shout) xD'),
(85, 1315406908.63372, 15, 4, '(Say) te kieroooo'),
(86, 1315406914.35305, 15, 4, '(Say) te amooooo'),
(87, 1315406914.54006, 14, 4, '(Say) xD :I'),
(88, 1315406915.1641, 7, 4, '(Say) juanma'),
(89, 1315406917.25522, 7, 4, '(Say) coño'),
(90, 1315406919.36534, 7, 4, '(Say) deja de decir'),
(91, 1315406922.2515, 7, 4, '(Say) ke hackearas a esteve'),
(92, 1315406922.74053, 7, 4, '(Say) xd'),
(93, 1315406923.15355, 14, 4, '(Say) Juanma es JmmC'),
(94, 1315406924.49363, 15, 4, '(Say) dame un besooooo'),
(95, 1315406929.39291, 15, 4, '(Say) nah era coña'),
(96, 1315406933.96617, 15, 4, '(Say) pa ke me desbaneasen'),
(97, 1315406934.88522, 15, 4, '(Say) xDDD'),
(98, 1315406943.63566, 15, 4, '(Say) eske estube pidiendo cosas y mas en .es por rank para'),
(99, 1315406944.20468, 14, 4, '(Say) Darki Juanma es Jmmc'),
(100, 1315406947.71481, 15, 4, '(Say) ke pusieses u vps'),
(101, 1315406950.30994, 15, 4, '(Say) aki con las cosas'),
(102, 1315406952.38103, 15, 4, '(Say) :)'),
(103, 1315406959.38527, 15, 4, '(Say) osea ke todo era para ti'),
(104, 1315406959.93929, 7, 4, '(Say) dudo k juanma sea jmmc xd'),
(105, 1315406961.55935, 14, 4, '(Say) ya que tener Cabeza'),
(106, 1315406963.89846, 14, 4, '(Say) Tengo VPS'),
(107, 1315406966.79158, 7, 4, '(Say) juanma era uno de mi antiguo holo'),
(108, 1315406971.39576, 7, 4, '(Say) un amigo ma que un adm xd'),
(109, 1315406975.45785, 15, 4, '(Say) caro te amooo'),
(110, 1315406985.43417, 15, 4, '(Say) xD'),
(111, 1315406989.40225, 15, 4, '(Say) alfin on eske'),
(112, 1315406991.62934, 7, 4, '(Say) juanmi te presento a forex/dani, mi compañero y con el que programo'),
(113, 1315406991.82935, 14, 4, '(Say) Ami ya me conoses de KM no?'),
(114, 1315406992.57837, 15, 4, '(Say) me dijo'),
(115, 1315406995.44443, 15, 4, '(Say) stif ke te castigaron'),
(116, 1315407008.0707, 15, 4, '(Say) am hola forex'),
(117, 1315407016.53899, 7, 4, '(Say) tenemos el mejor emu de todos xd tiene hasta tax!'),
(118, 1315407017.40304, 15, 4, '(Say) ke es'),
(119, 1315407018.82509, 15, 4, '(Say) eso'),
(120, 1315407020.73515, 15, 4, '(Say) >>'),
(121, 1315407023.08022, 15, 4, '(Say) xD'),
(122, 1315407026.28432, 7, 4, '(Say) eso? el dragon xd'),
(123, 1315407029.65838, 15, 4, '(Say) ops'),
(124, 1315407032.32844, 15, 4, '(Say) xD'),
(125, 1315407055.44203, 7, 4, '(Say) forex, meth0d consiguio lo de los 5 rojos xddddd'),
(126, 1315407055.80005, 15, 4, '(Say) dark eske me meti a un hoo'),
(127, 1315407060.91024, 15, 4, '(Say) y estube hay y me dijo lvps'),
(128, 1315407061.44727, 7, 4, '(Say) lo se'),
(129, 1315407062.74034, 7, 4, '(Say) javva'),
(130, 1315407064.4334, 7, 4, '(Say) soy admin'),
(131, 1315407064.96442, 7, 4, '(Say) x'),
(132, 1315407065.50645, 7, 4, '(Say) d'),
(133, 1315407068.25554, 15, 4, '(Say) de ke holo as sido adm y le dije myhabbbo y me dijo'),
(134, 1315407069.18558, 7, 4, '(Say) digooo'),
(135, 1315407071.36168, 15, 4, '(Say) ostias myhabbbo?¿'),
(136, 1315407074.48979, 7, 4, '(Say) javvo o algo asi'),
(137, 1315407076.38886, 7, 4, '(Say) xd'),
(138, 1315407078.20993, 15, 4, '(Say) y de dijo yo soy stifff'),
(139, 1315407081.38502, 15, 4, '(Say) jabba'),
(140, 1315407081.92604, 15, 4, '(Say) xD'),
(141, 1315407084.61414, 7, 4, '(Say) eso xd'),
(142, 1315407087.22224, 15, 4, '(Say) pero prefiero myhabbbo'),
(143, 1315407099.92253, 15, 4, '(Say) eske tengo muchas cosas de .es'),
(144, 1315407106.05472, 15, 4, '(Say) para ver si te dan vps'),
(145, 1315407108.18782, 7, 4, '(Say) forex y yo estamos enamoraos del mismo xd'),
(146, 1315407108.64284, 15, 4, '(Say) a cambio de eso'),
(147, 1315407110.57291, 7, 4, '(Say) roy xddddddddddddddddddddddd'),
(148, 1315407122.4732, 15, 4, '(Say) y yo de tii :)'),
(149, 1315407125.4733, 7, 4, '(Say) lol xd'),
(150, 1315407129.68444, 7, 4, '(Say) roy'),
(151, 1315407131.36652, 7, 4, '(Say) codeo soolo'),
(152, 1315407134.16565, 7, 4, '(Say) tooooooooooooodo esto'),
(153, 1315407135.10168, 15, 4, '(Say) no savia ke lo pondrias on'),
(154, 1315407135.25169, 7, 4, '(Say) ^^'),
(155, 1315407138.89176, 14, 4, '(Say) Toda esta maravilla'),
(156, 1315407145.33892, 15, 4, '(Say) va el trax?¿'),
(157, 1315407147.84799, 7, 4, '(Say) sep'),
(158, 1315407147.94899, 14, 4, '(Say) Darki el VPS te lo puedo Porporcionar yo xD'),
(159, 1315407158.23349, 15, 4, '(Say) tio sere 3 dueño o por hay no?¿'),
(160, 1315407160.04557, 7, 4, '(Say) juama'),
(161, 1315407162.48566, 7, 4, '(Say) pon el altavoz'),
(162, 1315407164.64476, 7, 4, '(Say) esta sonando'),
(163, 1315407165.85081, 7, 4, '(Say) la tax'),
(164, 1315407166.44683, 7, 4, '(Say) xd'),
(165, 1315407173.167, 14, 4, '(Say) Darkii'),
(166, 1315407176.32506, 14, 4, '(Say) Escucha'),
(167, 1315407181.79325, 15, 4, '(Say) dark no va'),
(168, 1315407182.8323, 15, 4, '(Say) xDDD'),
(169, 1315407187.47143, 14, 4, '(Say) YO PUEDO DEJAR EL VPS'),
(170, 1315407195.6348, 14, 4, '(Say) PERO DEVEMOS METER PUBLICIDAD'),
(171, 1315407198.05288, 14, 4, '(Say) :S'),
(172, 1315407202.11204, 14, 4, '(Say) No es mia xD'),
(173, 1315407202.25905, 7, 4, '(Say) okÇ!'),
(174, 1315407204.32814, 15, 4, '(Say) yo puedo publicar'),
(175, 1315407210.90135, 14, 4, '(Say) es de el que me lo regala'),
(176, 1315407213.80942, 15, 4, '(Say) yo era 2 dueño de este hotel ahora si dark me diese'),
(177, 1315407218.38957, 15, 4, '(Say) 2 dueño?¿ med daras?¿'),
(178, 1315407225.47377, 14, 4, '(Say) xD'),
(179, 1315407231.20597, 14, 4, '(Say) Yo si quieres 3r'),
(180, 1315407231.895, 7, 4, '(Say) este emu es raro xd'),
(181, 1315407234.12409, 7, 4, '(Say) como mucho'),
(182, 1315407234.49911, 14, 4, '(Say) no me inporta'),
(183, 1315407235.25015, 14, 4, '(Say) xD'),
(184, 1315407237.0752, 7, 4, '(Say) seremos adm'),
(185, 1315407238.87426, 15, 4, '(Say) 3 dueño'),
(186, 1315407240.32232, 15, 4, '(Say) me da igual'),
(187, 1315407247.89852, 14, 4, '(Say) Ajjj'),
(188, 1315407248.71757, 7, 4, '(Say) cuando forex y yo nos familiriazemos con el'),
(189, 1315407251.16168, 7, 4, '(Say) aremos mejoras'),
(190, 1315407254.13675, 14, 4, '(Say) Como peta mi movil'),
(191, 1315407260.8889, 15, 4, '(Say) dark'),
(192, 1315407263.54697, 7, 4, '(Say) dime'),
(193, 1315407265.12904, 15, 4, '(Say) oye este es stif?¿'),
(194, 1315407269.59016, 7, 4, '(Say) nah'),
(195, 1315407272.04128, 7, 4, '(Say) es forex'),
(196, 1315407272.73332, 15, 4, '(Say) mejor'),
(197, 1315407273.62936, 14, 4, '(Say) Stif yo'),
(198, 1315407274.80741, 15, 4, '(Say) :)'),
(199, 1315407277.51747, 14, 4, '(Say) Ni se quien es'),
(200, 1315407278.0595, 14, 4, '(Say) jajajajajaa'),
(201, 1315407278.88753, 7, 4, '(Say) un amigo y un coder k codea con migo'),
(202, 1315407284.56072, 15, 4, '(Say) xD'),
(203, 1315407299.41797, 15, 4, '(Say) dark pero yo seguire como antes manejando php y ranks etc?¿'),
(204, 1315407304.37808, 14, 4, '(Say) Darki Si quieres yo Soy el de el mySql xD'),
(205, 1315407305.69315, 7, 4, '(Say) xdddddddddddddddddddd'),
(206, 1315407310.72432, 7, 4, '(Say) esto'),
(207, 1315407314.88846, 7, 4, '(Say) es muy sencillo'),
(208, 1315407318.10556, 7, 4, '(Say) no tiene ni cms'),
(209, 1315407321.14662, 15, 4, '(Say) xDDD'),
(210, 1315407324.38873, 7, 4, '(Say) solo un index un client'),
(211, 1315407326.28679, 7, 4, '(Say) y na mas xd'),
(212, 1315407328.30183, 14, 4, '(Say) Ha si Darki explico como dar rank?'),
(213, 1315407334.54498, 7, 4, '(Say) creo k se'),
(214, 1315407334.95601, 7, 4, '(Say) xd'),
(215, 1315407342.16322, 14, 4, '(Say) Te tiees que dar la placa de ADM'),
(216, 1315407343.39923, 14, 4, '(Say) xD'),
(217, 1315407349.30734, 14, 4, '(Say) Eso es lo que dijo Tito'),
(218, 1315407356.68959, 14, 4, '(Say) uno de los pokos enamorados de Snow'),
(219, 1315407359.30071, 14, 4, '(Say) como nosotros'),
(220, 1315407360.11574, 15, 4, '(Say) xD'),
(221, 1315407376.26622, 15, 4, '(Say) oye kien manejara ranks puedo yo?¿'),
(222, 1315407405.54246, 15, 4, '(Say) porke tengo cata staff'),
(223, 1315407430.51879, 15, 4, '(Say) :O:O'),
(224, 1315407432.10188, 15, 4, '(Say) hay vippp'),
(225, 1315407456.7937, 15, 4, '(Say) hasta con placa'),
(226, 1315407501.67322, 15, 4, '(Say) darki'),
(227, 1315407600.02193, 14, 4, '(Say) Se me fue el team'),
(228, 1315407620.53704, 15, 4, '(Say) oye 24 h on?¿'),
(229, 1315407646.11146, 15, 4, '(Say) dark siempre se keda aus xdd'),
(230, 1315407658.91016, 15, 4, '(Say) FOREX LO TENDREIS 24 HORAS ON?¿'),
(231, 1315407674.16202, 14, 4, '(Say) Si me deja meterlo en mi VPS CLARO'),
(232, 1315407683.74156, 14, 4, '(Say) menos'),
(233, 1315407691.02696, 14, 4, '(Say) cuando OVH se mate en el Mantenimiento'),
(234, 1315407692.76506, 14, 4, '(Say) :@'),
(235, 1315407697.99535, 15, 4, '(Say) xD'),
(236, 1315407781.64203, 15, 4, '(Say) porke na ams tengo 75$'),
(237, 1315407782.53508, 15, 4, '(Say) xDD'),
(238, 1315407783.77414, 15, 4, '(Say) ?¿'),
(239, 1315407851.41297, 15, 4, '(Say) mira mi dragon'),
(240, 1315407852.31201, 15, 4, '(Say) xD'),
(241, 1315407868.8343, 14, 4, '(Say) Haora'),
(242, 1315407877.26431, 15, 4, '(Say) ven'),
(243, 1315407898.98237, 15, 5, '(Say) xD'),
(244, 1315407900.07237, 14, 5, '(Say) xD'),
(245, 1315407909.86942, 14, 5, '(Say) Umm Creo que roy'),
(246, 1315407911.21943, 15, 5, '(Say) tengo 2'),
(247, 1315407916.61943, 14, 5, '(Say) se le passo las  reglas de la fisica'),
(248, 1315407924.58944, 15, 5, '(Say) xD'),
(249, 1315407929.74945, 15, 5, '(Say) aver si hacen la rueda'),
(250, 1315407939.21946, 15, 5, '(Say) y si tienen hijos mejor'),
(251, 1315407939.92947, 15, 5, '(Say) xD'),
(252, 1315407943.12947, 15, 5, '(Say) me salen gratis'),
(253, 1315408306.39193, 15, 6, '(Say) traigo gente al hotel?¿'),
(254, 1315408312.21765, 14, 6, '(Say) Ok'),
(255, 1315408313.1131, 14, 6, '(Say) Se'),
(256, 1315408314.7982, 14, 6, '(Say) mejor se'),
(257, 1315408323.51349, 14, 6, '(Say) Ha si busca algun hotel que nos preste algunos users'),
(258, 1315408330.93091, 14, 6, '(Say) para tastear la estabilidad de este emulador'),
(259, 1315408387.58066, 15, 6, '(Say) estoy trallendome a un holo'),
(260, 1315408388.16569, 15, 6, '(Say) xD'),
(261, 1315408408.20678, 14, 6, '(Say) xD'),
(262, 1315408415.6462, 14, 6, '(Say) Spero que soporte ha miles'),
(263, 1315408420.12846, 15, 6, '(Say) xD'),
(264, 1315408424.56251, 15, 6, '(Say) sere 2 dueño'),
(265, 1315408428.74594, 15, 6, '(Say) contigo no?¿'),
(266, 1315408456.14963, 14, 6, '(Say) Yo que se'),
(267, 1315408456.87507, 14, 6, '(Say) xD'),
(268, 1315408462.9918, 14, 6, '(Say) Joder ni 1 gota de lagg'),
(269, 1315408469.56175, 15, 6, '(Say) :)'),
(270, 1315408473.35835, 14, 6, '(Say) Y el PC de Darki sta saturado'),
(271, 1315408487.83034, 15, 6, '(Say) xD'),
(272, 1315408498.19209, 15, 6, '(Say) tra#'),
(273, 1315408501.07345, 15, 6, '(Say) xD'),
(274, 1315408512.38467, 15, 6, '(Say) tra#'),
(275, 1315408516.18989, 15, 6, '(Say) tra#'),
(276, 1315408522.10699, 14, 6, '(Say) haaa'),
(277, 1315408524.54045, 15, 6, '(Say) xD'),
(278, 1315408528.85568, 15, 6, '(Say) meandooooooo'),
(279, 1315408532.67189, 15, 6, '(Say) pissss'),
(280, 1315408596.60962, 7, 4, '(Say) em'),
(281, 1315408597.66664, 7, 4, '(Say) el ha'),
(282, 1315408600.36071, 7, 4, '(Say) esta jodido'),
(283, 1315408601.79074, 7, 4, '(Say) o no va'),
(284, 1315408604.79779, 7, 4, '(Say) ahhhhhhhh claro'),
(285, 1315408607.81485, 7, 4, '(Say) no esta codeado'),
(286, 1315408612.50195, 7, 4, '(Say) tito lo publico xd'),
(287, 1315408628.40226, 7, 4, '(Say) lol'),
(288, 1315408630.74236, 7, 4, '(Say) que de comandos'),
(289, 1315408632.75442, 7, 4, '(Say) xddddddddddddddddddddd'),
(290, 1315408645.78464, 15, 4, '(Say) dark'),
(291, 1315408649.56576, 15, 4, '(Say) como va todo'),
(292, 1315408654.22791, 14, 4, '(Say) Haaa'),
(293, 1315408654.65892, 7, 4, '(Say) genial'),
(294, 1315408654.89393, 15, 4, '(Say) ya hoigo el traxxxx'),
(295, 1315408656.13798, 15, 4, '(Say) !!!!!'),
(296, 1315408658.44205, 7, 4, '(Say) tengo el mejor emu k existe'),
(297, 1315408661.14713, 7, 4, '(Say) como te sentirias?'),
(298, 1315408664.60122, 7, 4, '(Say) yo d eputa madre xd'),
(299, 1315408666.65224, 15, 4, '(Say) me siento'),
(300, 1315408672.64229, 15, 4, '(Say) con ganas de darte un beso'),
(301, 1315408673.85032, 15, 4, '(Say) !!!'),
(302, 1315408676.62238, 15, 4, '(Say) de alegria'),
(303, 1315408681.09649, 7, 4, '(Say) ei'),
(304, 1315408682.65153, 7, 4, '(Say) controlate'),
(305, 1315408683.66256, 7, 4, '(Say) coño'),
(306, 1315408684.34757, 7, 4, '(Say) xd'),
(307, 1315408687.02861, 15, 4, '(Say) xD'),
(308, 1315408690.9898, 14, 4, '(Say) Es gaii'),
(309, 1315408691.68384, 15, 4, '(Say) ke manejare yo?¿'),
(310, 1315408694.611, 14, 4, '(Say) :S'),
(311, 1315408695.39804, 15, 4, '(Say) ranks o algo?¿'),
(312, 1315408698.82424, 7, 4, '(Say) xddd'),
(313, 1315408699.55928, 7, 4, '(Say) aver'),
(314, 1315408700.49933, 15, 4, '(Say) no no me gustan los tios'),
(315, 1315408700.93636, 7, 4, '(Say) todo esto'),
(316, 1315408701.89541, 15, 4, '(Say) xD'),
(317, 1315408703.72952, 7, 4, '(Say) es mediante'),
(318, 1315408706.61168, 7, 4, '(Say) SQL´s'),
(319, 1315408709.13083, 14, 4, '(Say) xD'),
(320, 1315408713.8441, 14, 4, '(Say) Ya que se de MySql'),
(321, 1315408717.27129, 14, 4, '(Say) Ya lo ago yo ok'),
(322, 1315408722.25358, 15, 4, '(Say) tra#'),
(323, 1315408727.98391, 14, 4, '(Say) Huyeee'),
(324, 1315408736.84334, 15, 4, '(Say) tra#'),
(325, 1315408741.15549, 15, 4, '(Say) xD'),
(326, 1315408741.8015, 14, 4, '(Say) banealo'),
(327, 1315408746.59958, 15, 4, '(Say) noooo'),
(328, 1315408747.4776, 15, 4, '(Say) xD'),
(329, 1315408748.51364, 7, 4, '(Say) xddddddddddddddddd'),
(330, 1315408752.28771, 7, 4, '(Say) mierrrrda'),
(331, 1315408757.91187, 7, 4, '(Say) nno tenemos el comando freeze'),
(332, 1315408759.51991, 15, 4, '(Say) dark no viste el mensage del tuenti'),
(333, 1315408760.84295, 15, 4, '(Say) ke te mande'),
(334, 1315408762.92402, 15, 4, '(Say) eske no te metes ya'),
(335, 1315408764.19607, 15, 4, '(Say) xD'),
(336, 1315408767.26711, 7, 4, '(Say) eso forex si hemos de cojerlo de hang'),
(337, 1315408775.35217, 15, 4, '(Say) :freeze forex'),
(338, 1315408775.68417, 14, 4, '(Shout) xDD'),
(339, 1315408782.89622, 14, 4, '(Say) Tu enseñame por team la sintetica'),
(340, 1315408784.27423, 15, 4, '(Say) tra#'),
(341, 1315408787.90526, 14, 4, '(Say) haaaaaa'),
(342, 1315408791.7213, 7, 4, '(Say) ok xd'),
(343, 1315408792.62932, 14, 4, '(Say) que te dije ayuda'),
(344, 1315408794.08933, 15, 4, '(Say) jooo ojala fuese el freeze'),
(345, 1315408795.2334, 15, 4, '(Say) xD'),
(346, 1315408807.81177, 15, 4, '(Say) dark te ara el tra xD ok no'),
(347, 1315408817.48899, 15, 4, '(Say) tra por delante'),
(348, 1315408823.6831, 15, 4, '(Say) xD'),
(349, 1315408836.22631, 15, 4, '(Say) ark ke musica le as metido'),
(350, 1315408840.1724, 15, 4, '(Say) pon una mas moderna'),
(351, 1315408840.92841, 15, 4, '(Say) xD'),
(352, 1315408862.6972, 15, 4, '(Say) jaja saves ke hice?¿'),
(353, 1315408897.51016, 15, 4, '(Say) :summon forex'),
(354, 1315408900.69135, 15, 4, '(Say) ... no va'),
(355, 1315408905.2006, 15, 4, '(Say) anda si no tengo rank'),
(356, 1315408946.97186, 15, 4, '(Say) dark porke no hay home'),
(357, 1315408948.10293, 15, 4, '(Say) xDDD'),
(358, 1315408971.28625, 15, 4, '(Say) :ha forex ven'),
(359, 1315408974.04641, 15, 4, '(Say) ops'),
(360, 1315409086.53434, 15, 4, '(Say) dark'),
(361, 1315409092.72151, 15, 4, '(Say) me kedan 25$ :S'),
(362, 1315409097.15964, 15, 4, '(Say) dame $'),
(363, 1315409242.36252, 15, 4, '(Say) dark'),
(364, 1315409257.34606, 15, 4, '(Say) no hay lag pero a este holo le falta un home xDD'),
(365, 1315413356.76642, 20, 7, '(Say) :rank forex'),
(366, 1315413371.92445, 15, 7, '(Say) dark'),
(367, 1315413376.66267, 15, 7, '(Say) porke antes no me entraba?¿'),
(368, 1315413400.00713, 15, 7, '(Say) am tienes ke arreglar los $ solo tengo 25 xD'),
(369, 1315413539.45669, 15, 7, '(Say) oye dark'),
(370, 1315413552.07086, 15, 7, '(Say) bien ya no se me cae el hotel'),
(371, 1315413555.0928, 15, 7, '(Say) cuanto te agrego'),
(372, 1315413563.90619, 15, 7, '(Say) estas en invisible ee'),
(373, 1315413570.77315, 15, 7, '(Say) te digo ke ya no se me cae el hotel cuando te agrego'),
(374, 1315413575.52799, 15, 7, '(Say) xDD'),
(375, 1315413585.75144, 15, 7, '(Say) anda kitate el invisible y dame rank'),
(376, 1315414172.82289, 15, 5, '(Say) :invisible on'),
(377, 1315414178.357, 15, 5, '(Say) :invisiblw'),
(378, 1315414181.35317, 15, 5, '(Say) :invisible'),
(379, 1315414185.68739, 15, 5, '(Say) :override'),
(380, 1315414193.93772, 15, 5, '(Say) no va nada :('),
(381, 1315414206.96044, 15, 7, '(Say) darkkk'),
(382, 1315414208.60453, 15, 7, '(Say) tioooo'),
(383, 1315414212.50172, 15, 7, '(Say) me contestas?¿'),
(384, 1315414218.875, 15, 7, '(Say) siempre te vas o te kedas aus'),
(385, 1315414262.48809, 15, 7, '(Say) como va todo?¿'),
(386, 1315414287.66042, 15, 7, '(Say) j'),
(387, 1315414390.36229, 21, 7, '(Say) Solo tiene 100$'),
(388, 1315414391.91138, 21, 7, '(Say) !!'),
(389, 1315414405.34215, 15, 7, '(Say) ya'),
(390, 1315414406.3162, 15, 7, '(Say) xD'),
(391, 1315414410.79346, 15, 7, '(Say) manuuu'),
(392, 1315414417.64384, 21, 7, '(Say) XDD'),
(393, 1315415083.61188, 15, 7, '(Say) dark'),
(394, 1315415090.71128, 15, 7, '(Say) traje a jose'),
(395, 1315415130.48056, 20, 7, '(Say) lol'),
(396, 1315415137.74597, 15, 7, '(Say) dark traje a jose 1'),
(397, 1315415144.62133, 15, 7, '(Say) dark estas?¿'),
(398, 1315415146.64543, 15, 7, '(Say) ke te hable?¿'),
(399, 1315415155.04878, 15, 7, '(Say) y no me dejes habolando'),
(400, 1315415159.70499, 15, 7, '(Say) solo'),
(401, 1315415283.81191, 15, 7, '(Say) darkkkk'),
(402, 1315415286.70502, 15, 7, '(Say) tengo un regalo'),
(403, 1315415288.15508, 15, 7, '(Say) para tiii'),
(404, 1315415313.93533, 15, 7, '(Say) tengo 2 1 ke aki tien3s a jose'),
(405, 1315415317.01045, 15, 7, '(Say) al lado mio'),
(406, 1315415325.42382, 15, 7, '(Say) y el otro'),
(407, 1315415349.08587, 15, 7, '(Say) compre un cuadro para ke pongamos override y nos subamos encima y pongamos a la tia con la boca abie'),
(408, 1315415350.67195, 15, 7, '(Say) !!!'),
(409, 1315415376.7041, 15, 7, '(Say) xDDD'),
(410, 1315415382.68037, 22, 7, '(Say) no te lee'),
(411, 1315415386.99358, 15, 7, '(Say) ya'),
(412, 1315415390.40674, 15, 7, '(Say) esta aus'),
(413, 1315415404.83738, 15, 7, '(Say) antes hablo'),
(414, 1315415412.30471, 15, 7, '(Say) jose ven'),
(415, 1315415415.94583, 15, 7, '(Say) mira'),
(416, 1315415461.61917, 22, 5, '(Say) k'),
(417, 1315415468.02876, 15, 5, '(Say) ya veras llo kr hacen'),
(418, 1315415470.3516, 15, 5, '(Say) los dragones'),
(419, 1315415473.71076, 15, 5, '(Say) espera'),
(420, 1315415484.20222, 15, 5, '(Say) dragones hacer buestro'),
(421, 1315415486.78335, 15, 5, '(Say) truco memos'),
(422, 1315415497.52582, 22, 5, '(Say) avisa cuando conteste xD'),
(423, 1315425373.13956, 31, 1, '(Say) arregla'),
(424, 1315425373.34957, 31, 1, '(Say) esto'),
(425, 1315425373.44558, 31, 1, '(Say) tio'),
(426, 1315425373.47958, 31, 1, '(Say) xd'),
(427, 1315427231.96488, 34, 9, '(Say) xD'),
(428, 1315427233.25395, 34, 9, '(Say) holaaa'),
(429, 1315427237.6562, 34, 9, '(Say) kien eres'),
(430, 1315427246.75972, 32, 9, '(Say) LVPS'),
(431, 1315427253.14709, 34, 9, '(Say) am hola'),
(432, 1315427257.86436, 34, 9, '(Say) tio dicen ke te banearon'),
(433, 1315427264.60374, 34, 9, '(Say) estonces jose le dije ke se metiese'),
(434, 1315427268.73798, 34, 9, '(Say) para desbanearme'),
(435, 1315427275.86539, 34, 9, '(Say) y puso 1 noti y lo hecharon el hk'),
(436, 1315427282.93079, 32, 9, '(Say) tio'),
(437, 1315427285.95297, 32, 9, '(Say) por que'),
(438, 1315427288.79113, 32, 9, '(Say) lo gaces'),
(439, 1315427292.63735, 32, 9, '(Say) eske asta las 6'),
(440, 1315427294.71147, 32, 9, '(Say) k no'),
(441, 1315427296.26155, 32, 9, '(Say) tenia'),
(442, 1315427296.39256, 34, 9, '(Say) porke los muy hijos'),
(443, 1315427298.04666, 34, 9, '(Say) de la gran'),
(444, 1315427299.95077, 34, 9, '(Say) me an baneado'),
(445, 1315427300.80881, 32, 9, '(Say) hk k kisiera k iziera'),
(446, 1315427316.66672, 34, 9, '(Say) del xat an puesto debajo'),
(447, 1315427321.96502, 34, 9, '(Say) juanma se kedara member'),
(448, 1315427327.42434, 34, 9, '(Say) y dijeron ke tu estabas ban'),
(449, 1315427709.6272, 36, 1, '(Shout) :ha Puta Vida'),
(450, 1315428114.26934, 39, 11, '(Say) kien eres?¿'),
(451, 1315428130.86529, 39, 1, '(Say) kien eres'),
(452, 1315428131.79134, 39, 1, '(Say) ?¿'),
(453, 1315428658.18445, 39, 11, '(Say) kienes sois?¿'),
(454, 1315428659.30652, 39, 11, '(Say) dark eres tu'),
(455, 1315428663.04973, 39, 11, '(Say) holaaa'),
(456, 1315428667.54599, 39, 11, '(Say) y tu?¿'),
(457, 1315428678.38961, 36, 11, '(Say) si y se'),
(458, 1315428684.90798, 36, 11, '(Say) soy LVPS'),
(459, 1315428694.40452, 39, 11, '(Say) no me kede con tu nombre'),
(460, 1315428709.20237, 39, 11, '(Say) am oye'),
(461, 1315428717.00482, 39, 11, '(Say) ke todo lo de antes del otro hotel era coña'),
(462, 1315428718.08188, 39, 11, '(Say) xDD'),
(463, 1315428723.7862, 39, 11, '(Say) ecepto lo de jose'),
(464, 1315428733.33075, 39, 11, '(Say) xDD solo era porke'),
(465, 1315428744.33338, 39, 11, '(Say) keria hacer famoso este hotel'),
(466, 1315428753.86392, 39, 11, '(Say) xD'),
(467, 1315428758.06116, 39, 11, '(Say) asike todo era coña'),
(468, 1315428785.24272, 39, 11, '(Say) estais aus?¿ los 2?¿'),
(469, 1315428837.56271, 39, 11, '(Say) lvps'),
(470, 1315428841.18992, 39, 11, '(Say) saves ke todo lo de antes era'),
(471, 1315428843.40405, 39, 11, '(Say) coña no?¿'),
(472, 1315428852.35056, 39, 11, '(Say) xD'),
(473, 1315428933.75021, 39, 11, '(Say) este hotel si hay ke publicarlo lo publico'),
(474, 1315428964.64498, 39, 11, '(Say) soy staff'),
(475, 1315428966.6851, 36, 11, '(Say) JUANMA'),
(476, 1315428970.32631, 36, 11, '(Say) LO PUBLICO YO A JM'),
(477, 1315428972.86345, 36, 11, '(Say) KM'),
(478, 1315428975.34459, 36, 11, '(Say) SE'),
(479, 1315428977.06269, 36, 11, '(Say) LO DIJE+'),
(480, 1315428980.7359, 36, 11, '(Say) ANTESXD'),
(481, 1315428981.83696, 39, 11, '(Say) dark'),
(482, 1315428986.0072, 39, 11, '(Say) ya soy staff'),
(483, 1315428986.28822, 36, 11, '(Say) LO QUE PUEDES'),
(484, 1315428987.87031, 36, 11, '(Say) HACER PUBLI'),
(485, 1315428987.96031, 39, 11, '(Say) xD'),
(486, 1315428992.15155, 36, 11, '(Say) Y YO XD'),
(487, 1315428998.2849, 39, 11, '(Say) graciassss'),
(488, 1315429006.8864, 38, 11, '(Say) lo bueno e este emu: Ni un error :D'),
(489, 1315429015.40488, 39, 11, '(Say) pero tengo solo 100 $'),
(490, 1315429016.02192, 39, 11, '(Say) xDDD'),
(491, 1315429021.08421, 38, 11, '(Say) juanma = arcoiris'),
(492, 1315429024.12538, 39, 11, '(Say) me kedan 75 xDD'),
(493, 1315429029.78771, 38, 11, '(Say) dame 50 pro rank'),
(494, 1315429032.12384, 38, 11, '(Say) JUM!'),
(495, 1315429039.24525, 39, 11, '(Say) ok'),
(496, 1315429048.44977, 38, 11, '(Say) wtf¿?'),
(497, 1315429048.9068, 36, 11, '(Shout) KITEN UN POCO GRX'),
(498, 1315429048.9848, 38, 11, '(Say) xd'),
(499, 1315429054.02909, 39, 11, '(Say) como saco $ xD'),
(500, 1315429059.73142, 39, 11, '(Say) am dark epsera'),
(501, 1315429062.01155, 38, 11, '(Say) se compran'),
(502, 1315429063.96766, 39, 11, '(Say) te tengo k prepara una cosa'),
(503, 1315429064.87071, 36, 11, '(Shout) wAT A FUCK? O ES UN LENGUAJE DE INFORMATICAXdddddddddddddddddd'),
(504, 1315429065.96378, 38, 11, '(Say) con lso pixeles'),
(505, 1315429068.91794, 38, 11, '(Say) e de traducir'),
(506, 1315429069.24496, 38, 11, '(Say) todo'),
(507, 1315429069.51098, 38, 11, '(Say) xd'),
(508, 1315429085.73291, 39, 11, '(Say) dark ahora ven a mi sala'),
(509, 1315429093.26734, 39, 11, '(Say) am si puedo dejar cosas creo'),
(510, 1315429117.34371, 39, 11, '(Say) pon override'),
(511, 1315429125.25817, 39, 11, '(Say) dark ponte override'),
(512, 1315429144.86329, 38, 11, '(Say) no hay casi comandos'),
(513, 1315429145.20731, 39, 11, '(Say) no me va'),
(514, 1315429145.29831, 38, 11, '(Say) xxd'),
(515, 1315429149.18054, 39, 11, '(Say) el override'),
(516, 1315429186.44667, 39, 11, '(Say) puse trades'),
(517, 1315429194.34312, 39, 11, '(Say) no van am si'),
(518, 1315429206.62182, 39, 11, '(Say) acepta xDD'),
(519, 1315429210.27903, 39, 11, '(Say) eso te encanta'),
(520, 1315429239.10568, 39, 11, '(Say) jabba.es tiene mas lag'),
(521, 1315429239.82872, 39, 11, '(Say) xD'),
(522, 1315429253.31349, 39, 11, '(Say) dark cuando kieras me lo pides y te lo doy'),
(523, 1315429272.6646, 39, 11, '(Say) lvps cuantos $ tienes'),
(524, 1315429275.84278, 39, 11, '(Say) ke no paras de poner cosas'),
(525, 1315429277.08685, 39, 11, '(Say) ...'),
(526, 1315429306.08751, 39, 11, '(Say) ya vas a hacer como en jabba.es?¿ una sala ke traiga a todos cuando te metas=?¿'),
(527, 1315429312.48588, 39, 11, '(Say) ....'),
(528, 1315429316.16009, 36, 11, '(Shout) LA ESTOY'),
(529, 1315429317.98619, 36, 11, '(Shout) haciendo'),
(530, 1315429319.04725, 36, 11, '(Shout) yoxd'),
(531, 1315429321.19237, 36, 11, '(Shout) por eso'),
(532, 1315429338.10634, 39, 11, '(Say) pero a mi no me pongas'),
(533, 1315429338.27335, 39, 11, '(Say) xD'),
(534, 1315429341.17852, 39, 11, '(Say) ke si no me tarda mucho en llegar'),
(535, 1315429345.78878, 36, 11, '(Shout) xD'),
(536, 1315429349.46599, 39, 11, '(Say) y no creo ke tengas tantos $'),
(537, 1315429355.14632, 39, 11, '(Say) como para comprar muchas cosas'),
(538, 1315429362.46073, 39, 11, '(Say) xDDDDDDDDDDD'),
(539, 1315429374.95945, 39, 11, '(Say) dark << ^^ podias aumentar los $'),
(540, 1315429379.56471, 39, 11, '(Say) xDD'),
(541, 1315429400.2839, 39, 11, '(Say) no me llegan los $ y el comando va increible'),
(542, 1315429404.08312, 39, 11, '(Say) xD'),
(543, 1315429419.64601, 39, 11, '(Say) dark este holo lo hiciste solo con emu?¿'),
(544, 1315429427.48545, 39, 11, '(Say) o usas xampp cms etc?¿'),
(545, 1315429456.65812, 36, 11, '(Say) VONTESTAD'),
(546, 1315429458.34122, 36, 11, '(Say) SKYPE'),
(547, 1315429483.19964, 39, 11, '(Say) teneis skipe?¿'),
(548, 1315429487.48089, 39, 11, '(Say) los 2?¿'),
(549, 1315429496.38139, 36, 11, '(Say) SI'),
(550, 1315429505.37891, 39, 11, '(Say) y dark tambien?¿'),
(551, 1315429550.11847, 39, 11, '(Say) tio cuando hablo con : al principio'),
(552, 1315429550.6015, 39, 11, '(Say) no sale xDD'),
(553, 1315429558.90097, 39, 11, '(Say) algun dia me descargare el skipe'),
(554, 1315429628.63996, 39, 11, '(Say) me lo descargare algun dia para hablar con dark y con tigo'),
(555, 1315429636.23939, 36, 11, '(Say) OKIS'),
(556, 1315429639.68159, 39, 11, '(Say) tengo micro'),
(557, 1315429645.27891, 39, 11, '(Say) y estoy acostumbrado a hablar'),
(558, 1315429647.12202, 39, 11, '(Say) desde steam'),
(559, 1315429653.8784, 39, 11, '(Say) xD'),
(560, 1315429696.00681, 39, 11, '(Say) donde estais'),
(561, 1315429700.72008, 39, 11, '(Say) ya abeis desaparecido'),
(562, 1315429705.29634, 39, 11, '(Say) y dark'),
(563, 1315429732.5379, 39, 11, '(Say) se fue ...'),
(564, 1315431045.12498, 38, 1, '(Say) dws'),
(565, 1315431165.77588, 38, 1, '(Say) esteve'),
(566, 1315431168.69505, 38, 1, '(Say) abla xd'),
(567, 1315431444.1938, 36, 1, '(Say) AHORA VUELVO'),
(568, 1315431523.95536, 38, 1, '(Say) esteve'),
(569, 1315431533.56191, 38, 1, '(Say) eiii'),
(570, 1315431645.39531, 38, 1, '(Say) lol'),
(571, 1315431646.62738, 38, 1, '(Say) mola'),
(572, 1315431648.7055, 38, 1, '(Say) esta musica'),
(573, 1315431649.59755, 38, 1, '(Say) ^^'),
(574, 1315431728.73408, 38, 1, '(Say) ei xd'),
(575, 1315431730.8282, 39, 1, '(Say) hola'),
(576, 1315431735.24945, 39, 1, '(Say) dark'),
(577, 1315431738.05061, 38, 1, '(Say) puse'),
(578, 1315431740.38374, 38, 1, '(Say) toda la musica'),
(579, 1315431741.70982, 39, 1, '(Say) oye'),
(580, 1315431741.80082, 38, 1, '(Say) que hay'),
(581, 1315431742.29985, 38, 1, '(Say) xd'),
(582, 1315431748.19519, 39, 1, '(Say) dark'),
(583, 1315431750.63533, 38, 1, '(Say) dime'),
(584, 1315431762.19499, 39, 1, '(Say) ya no te metes al tuenti?'),
(585, 1315431790.12059, 38, 1, '(Say) ah si'),
(586, 1315431792.56073, 39, 1, '(Say) ya no me contesta xD'),
(587, 1315431793.72579, 38, 1, '(Say) muy de cuando en cuando'),
(588, 1315431797.67502, 39, 1, '(Say) acostumbrao'),
(589, 1315431799.41612, 39, 1, '(Say) xD'),
(590, 1315431801.13022, 38, 1, '(Say) kn eres?'),
(591, 1315431801.31823, 41, 1, '(Say) dark =D'),
(592, 1315431801.61825, 38, 1, '(Say) xd'),
(593, 1315431805.12645, 41, 1, '(Say) jose'),
(594, 1315431808.51564, 38, 1, '(Say) ostia'),
(595, 1315431809.03467, 38, 1, '(Say) xd'),
(596, 1315431809.04567, 39, 1, '(Say) xD'),
(597, 1315431815.28503, 38, 1, '(Say) pon el altavoz'),
(598, 1315431815.84006, 39, 1, '(Say) lo traje yo'),
(599, 1315431816.12608, 38, 1, '(Say) ^^'),
(600, 1315431822.20742, 41, 1, '(Say) ya escucho xD'),
(601, 1315431828.7208, 38, 1, '(Say) viste'),
(602, 1315431829.70185, 41, 1, '(Say) juanma vine yo solo e.e'),
(603, 1315431830.5399, 38, 1, '(Say) laa cms?'),
(604, 1315431831.63996, 38, 1, '(Say) ^^'),
(605, 1315431837.08427, 41, 1, '(Say) no hay me XD'),
(606, 1315431840.16845, 39, 1, '(Say) ee pero te dije por tuenti'),
(607, 1315431840.50847, 38, 1, '(Say) sep'),
(608, 1315431842.96361, 38, 1, '(Say) muy sencilla'),
(609, 1315431845.24974, 39, 1, '(Say) ke estaa on'),
(610, 1315431845.69977, 38, 1, '(Say) client'),
(611, 1315431850.33803, 38, 1, '(Say) y loing/registro'),
(612, 1315431857.28143, 39, 1, '(Say) pèro dark'),
(613, 1315431860.87764, 39, 1, '(Say) no hay home'),
(614, 1315431863.54479, 38, 1, '(Say) y k'),
(615, 1315431864.58785, 38, 1, '(Say) coño'),
(616, 1315431865.88492, 38, 1, '(Say) importa'),
(617, 1315431867.14599, 38, 1, '(Say) sin'),
(618, 1315431869.64514, 38, 1, '(Say) cms'),
(619, 1315431875.19945, 41, 1, '(Say) ostia'),
(620, 1315431878.35364, 41, 1, '(Say) original xD'),
(621, 1315431883.36792, 39, 1, '(Say) xD'),
(622, 1315431889.26626, 39, 1, '(Say) dark'),
(623, 1315431899.29783, 41, 1, '(Say) pero sigue funcionando hs'),
(624, 1315431905.7562, 38, 1, '(Say) ai amigo mio...'),
(625, 1315431908.61637, 39, 1, '(Say) lo ke podias hacer es subir los creditos'),
(626, 1315431911.11651, 39, 1, '(Say) xDDDD'),
(627, 1315431912.00156, 38, 1, '(Say) ¡QUE EQUIBOCADO ESTAS!'),
(628, 1315431914.21969, 38, 1, '(Say) xd'),
(629, 1315431915.34075, 41, 1, '(Say) ok xD'),
(630, 1315431919.42598, 38, 1, '(Say) esto'),
(631, 1315431925.13031, 38, 1, '(Say) es un emu de meth0d nue vo'),
(632, 1315431930.55762, 38, 1, '(Say) snowlight'),
(633, 1315431933.45779, 41, 1, '(Say) pero siguen funcionando los ddos'),
(634, 1315431938.12105, 38, 1, '(Say) hs aun no encontro fallos'),
(635, 1315431940.55319, 39, 1, '(Say) dark no usas xampp'),
(636, 1315431943.82938, 39, 1, '(Say) ni nada solo el emu?¿'),
(637, 1315431945.78549, 38, 1, '(Say) puse el kiwi potector'),
(638, 1315431947.30158, 38, 1, '(Say) bye ddos'),
(639, 1315431948.14263, 38, 1, '(Say) ^^'),
(640, 1315431948.74966, 41, 1, '(Say) ya los encontraran xD'),
(641, 1315431952.19886, 39, 1, '(Say) dark ke usas'),
(642, 1315431957.20015, 39, 1, '(Say) para este holo'),
(643, 1315431959.13426, 38, 1, '(Say) xampp'),
(644, 1315431963.14449, 38, 1, '(Say) para el phpmyadmin'),
(645, 1315431965.40161, 38, 1, '(Say) y para la index'),
(646, 1315431965.91464, 38, 1, '(Say) xd'),
(647, 1315431971.25895, 39, 1, '(Say) y ke mas'),
(648, 1315431974.78515, 38, 1, '(Say) nada'),
(649, 1315431975.01416, 39, 1, '(Say) el emu y ya?¿'),
(650, 1315431975.48019, 38, 1, '(Say) xd'),
(651, 1315431978.28935, 38, 1, '(Say) ah si'),
(652, 1315431980.07845, 38, 1, '(Say) el emu'),
(653, 1315431980.58748, 38, 1, '(Say) xd'),
(654, 1315431980.72149, 39, 1, '(Say) xDD'),
(655, 1315431985.22475, 41, 1, '(Say) tiene wired?'),
(656, 1315431988.89996, 39, 1, '(Say) si pero no va'),
(657, 1315431989.618, 39, 1, '(Say) xD'),
(658, 1315431992.57317, 41, 1, '(Say) xD'),
(659, 1315432002.66575, 39, 1, '(Say) dark dale caña'),
(660, 1315432005.05088, 41, 1, '(Say) hice un flooder =D'),
(661, 1315432005.83793, 39, 1, '(Say) a la tia'),
(662, 1315432008.30207, 39, 1, '(Say) tiene ganas xD'),
(663, 1315432021.96485, 38, 1, '(Say) no puedo por ue no va el override'),
(664, 1315432027.30916, 38, 1, '(Say) y jose, si quieres, me hago tu tutor'),
(665, 1315432028.25021, 38, 1, '(Say) xd'),
(666, 1315432034.23455, 41, 1, '(Say) de que xD'),
(667, 1315432034.71758, 39, 1, '(Say) xDD'),
(668, 1315432041.24195, 38, 1, '(Say) de programacion coño'),
(669, 1315432044.36513, 39, 1, '(Say) am dark saves ke hice'),
(670, 1315432047.41431, 39, 1, '(Say) en jabba.es'),
(671, 1315432054.96174, 39, 1, '(Say) di ranka cambio de cosas y $ para ti'),
(672, 1315432058.79196, 39, 1, '(Say) para mejorar este holo'),
(673, 1315432060.30804, 39, 1, '(Say) con un vps'),
(674, 1315432061.58612, 39, 1, '(Say) xDDD'),
(675, 1315432074.06283, 39, 1, '(Say) y me banearon y me kitaron rank etc pero me da igual'),
(676, 1315432078.89411, 39, 1, '(Say) keria mejorar myhabbbo'),
(677, 1315432092.07986, 39, 1, '(Say) xDDDDD soy listo?¿'),
(678, 1315432120.7915, 38, 1, '(Say) se C# vb batch silverlight un poco de F#'),
(679, 1315432130.74807, 39, 1, '(Say) ee dark'),
(680, 1315432136.5564, 38, 1, '(Say) htmp php y mucho mysql'),
(681, 1315432136.95243, 39, 1, '(Say) eske hay gente ke da vps a cambio'),
(682, 1315432137.21444, 38, 1, '(Say) xd'),
(683, 1315432138.02649, 41, 1, '(Say) se poco de c#'),
(684, 1315432138.94254, 39, 1, '(Say) de cosas en .es'),
(685, 1315432158.29465, 38, 1, '(Say) tengo'),
(686, 1315432159.39071, 41, 1, '(Say) no puedo escribir xD'),
(687, 1315432160.41377, 39, 1, '(Say) o usas ya vps xD'),
(688, 1315432161.30782, 41, 1, '(Say) ya'),
(689, 1315432161.65384, 39, 1, '(Say) ?¿'),
(690, 1315432163.94797, 38, 1, '(Say) todas las quest'),
(691, 1315432165.77908, 38, 1, '(Say) xdddddddddddddddddddddd'),
(692, 1315432170.48534, 39, 1, '(Say) no usaras ya vps'),
(693, 1315432173.04349, 39, 1, '(Say) verdad?¿'),
(694, 1315432177.42174, 39, 1, '(Say) xDDD'),
(695, 1315432181.78099, 41, 1, '(Say) mas o menos de vb'),
(696, 1315432187.61232, 38, 1, '(Say) xd'),
(697, 1315432191.54055, 41, 1, '(Say) y html'),
(698, 1315432191.95457, 38, 1, '(Say) vb es facilisimo'),
(699, 1315432198.27993, 38, 1, '(Say) no tiene sintaxis de contencion ni nada'),
(700, 1315432209.10855, 39, 1, '(Say) si hablais en castellano mejor xD'),
(701, 1315432213.29479, 38, 1, '(Say) a pesar de ser hermano de C Sharp'),
(702, 1315432233.57895, 39, 1, '(Say) dark aver si me descargo el skype y hablamos'),
(703, 1315432234.25299, 38, 1, '(Say) sintaxis de contencion = corchetes'),
(704, 1315432235.17704, 38, 1, '(Say) xd'),
(705, 1315432237.76019, 38, 1, '(Say) LOL'),
(706, 1315432239.91932, 38, 1, '(Say) si :P'),
(707, 1315432243.55352, 38, 1, '(Say) todos estos dias'),
(708, 1315432251.902, 39, 1, '(Say) tengo ganas de hablar contigo'),
(709, 1315432253.02307, 39, 1, '(Say) pero ya'),
(710, 1315432259.18642, 39, 1, '(Say) y tengo micro'),
(711, 1315432274.34028, 39, 1, '(Say) xD :P'),
(712, 1315432280.16362, 38, 1, '(Say) pues'),
(713, 1315432282.05673, 38, 1, '(Say) enga coño'),
(714, 1315432285.28391, 38, 1, '(Say) bajatelo y ablams'),
(715, 1315432285.91695, 38, 1, '(Say) xd'),
(716, 1315432286.55598, 39, 1, '(Say) xDD'),
(717, 1315432292.1433, 39, 1, '(Say) caro si tengo muchas ganas'),
(718, 1315432295.5785, 41, 1, '(Say) xd'),
(719, 1315432311.56441, 41, 1, '(Say) da creditos xD'),
(720, 1315432315.58164, 39, 1, '(Say) estoy en ello pero'),
(721, 1315432319.75088, 39, 1, '(Say) tio no me dejes colgao'),
(722, 1315432325.3872, 39, 1, '(Say) como siempre'),
(723, 1315432326.46727, 38, 1, '(Say) cojer polla y caparte*'),
(724, 1315432327.1143, 39, 1, '(Say) xDD'),
(725, 1315432339.84603, 38, 1, '(Say) wajajajaja'),
(726, 1315432340.32906, 38, 1, '(Say) xd'),
(727, 1315432354.51087, 38, 1, '(Say) los de km son gilipollas'),
(728, 1315432361.40726, 38, 1, '(Say) tienen un emu k es la ostia'),
(729, 1315432366.21554, 38, 1, '(Say) y ni puto caso'),
(730, 1315432368.19765, 38, 1, '(Say) pro el phx'),
(731, 1315432370.37578, 38, 1, '(Say) cuando este'),
(732, 1315432379.20928, 38, 1, '(Say) tiene muchisimo mas fix k el pto phx'),
(733, 1315432380.55336, 38, 1, '(Say) -.-'),
(734, 1315432388.53582, 41, 1, '(Say) pero el phx cuesta dinero'),
(735, 1315432395.43021, 41, 1, '(Say) y los gilipollas lo ompran xD'),
(736, 1315432395.67322, 39, 1, '(Say) no tengo movio'),
(737, 1315432400.00847, 39, 1, '(Say) movil y me pide movil'),
(738, 1315432408.37795, 39, 1, '(Say) me lo invento?¿'),
(739, 1315432408.74997, 41, 1, '(Say) numero al azar xD'),
(740, 1315432410.22006, 39, 1, '(Say) xD'),
(741, 1315432413.95727, 41, 1, '(Say) 666 999 666'),
(742, 1315432419.08456, 36, 1, '(Shout) BUENASS'),
(743, 1315432425.37492, 41, 1, '(Say) pon musica dark D'),
(744, 1315432430.80123, 39, 1, '(Say) puse uno ke sale en la radio siempre'),
(745, 1315432433.6714, 39, 1, '(Say) y me lo se de memoria'),
(746, 1315432443.08894, 39, 1, '(Say) 868514150 sale en la radio'),
(747, 1315432444.95904, 41, 1, '(Say) coje las paginas amarillas XD'),
(748, 1315432446.19711, 39, 1, '(Say) xD'),
(749, 1315432449.3933, 38, 1, '(Say) puto = jose; E0ST0E0V0E = esteve; juanma = juanma'),
(750, 1315432449.57331, 41, 1, '(Say) y al azar'),
(751, 1315432468.38338, 41, 1, '(Say) hao'),
(752, 1315432503.37238, 38, 1, '(Say) AAAAAAAAAAAAAA'),
(753, 1315432506.92259, 38, 1, '(Say) tengo una espinilla'),
(754, 1315432511.03582, 38, 1, '(Say) VERDE Y AMARILLA!'),
(755, 1315432520.42936, 41, 1, '(Say) jaja'),
(756, 1315432523.96856, 38, 1, '(Say) ...'),
(757, 1315432535.76024, 38, 1, '(Say) controlar a jose*'),
(758, 1315432536.53128, 41, 1, '(Say) yo tengo pelos en la poya'),
(759, 1315432546.03782, 38, 1, '(Say) y yo en los webos tambieen'),
(760, 1315432552.03617, 38, 1, '(Say) xddddd'),
(761, 1315432566.27898, 39, 1, '(Say) me instalo el skype porke por tlf'),
(762, 1315432567.41905, 41, 1, '(Say) tu ves beelzebub?'),
(763, 1315432568.73512, 39, 1, '(Say) no te llamare'),
(764, 1315432569.74718, 39, 1, '(Say) xD'),
(765, 1315432574.78747, 38, 1, '(Say) k es eso?'),
(766, 1315432575.17149, 38, 1, '(Say) xd'),
(767, 1315432579.16272, 41, 1, '(Say) un anime xD'),
(768, 1315432584.25801, 38, 1, '(Say) ai madre'),
(769, 1315432588.55126, 38, 1, '(Say) o sera hentay no?'),
(770, 1315432593.70455, 38, 1, '(Say) te conozco... xDDDDDDD'),
(771, 1315432598.74084, 41, 1, '(Say) no es hentai xD'),
(772, 1315432635.39794, 41, 1, '(Say) xk no te conectabasxD'),
(773, 1315432715.63753, 39, 1, '(Say) tengo ke crearme una cuanta o meterme en una lvps me dejas tu cuenta?¿ de skype pa hablar con dark?'),
(774, 1315432739.18787, 39, 1, '(Say) dark saves como podemos hablar mejor?¿'),
(775, 1315432742.17804, 39, 1, '(Say) metete al msn'),
(776, 1315432743.61813, 39, 1, '(Say) plis'),
(777, 1315432766.77745, 42, 1, '(Say) creo que no esta xD'),
(778, 1315432771.00669, 39, 1, '(Say) ya no me contesta siempre me pasa'),
(779, 1315432778.48412, 39, 1, '(Say) estoy acostumbrado no te preocupes'),
(780, 1315432793.942, 39, 1, '(Say) xD'),
(781, 1315432814.25417, 38, 1, '(Say) ..'),
(782, 1315432815.51624, 38, 1, '(Say) no se'),
(783, 1315432820.41452, 38, 1, '(Say) como tomarme eso k me dijo juanma'),
(784, 1315432826.00784, 39, 1, '(Say) xD'),
(785, 1315432830.44809, 39, 1, '(Say) eske nunca me contestas'),
(786, 1315432832.50721, 42, 1, '(Say) la cruda realidad'),
(787, 1315432834.91935, 38, 1, '(Say) es k'),
(788, 1315432839.96264, 38, 1, '(Say) me ausento sin avisar'),
(789, 1315432844.11887, 38, 1, '(Say) k es otra cosa'),
(790, 1315432844.5339, 38, 1, '(Say) xd'),
(791, 1315432844.84092, 39, 1, '(Say) am ok losiento'),
(792, 1315432850.00621, 39, 1, '(Say) oye kmetete al msn'),
(793, 1315432854.00444, 39, 1, '(Say) y enchufo llamada'),
(794, 1315432856.7876, 39, 1, '(Say) y hablamos'),
(795, 1315432858.6287, 39, 1, '(Say) es gratis'),
(796, 1315432859.77077, 39, 1, '(Say) xD'),
(797, 1315432872.5355, 39, 1, '(Say) dark'),
(798, 1315432880.11593, 39, 1, '(Say) metete ak msn'),
(799, 1315432883.92915, 42, 1, '(Say) pon la trax xd'),
(800, 1315432898.17797, 39, 1, '(Say) darki metete al msn ke hablemos'),
(801, 1315432901.23014, 39, 1, '(Say) plis'),
(802, 1315432913.91687, 42, 1, '(Say) dark mañana abres?'),
(803, 1315432917.19705, 38, 1, '(Say) sep'),
(804, 1315432922.43135, 39, 1, '(Say) darki metete al msn'),
(805, 1315432923.55442, 39, 1, '(Say) xDDD'),
(806, 1315432935.86412, 39, 1, '(Say) oki me tiene muteadi'),
(807, 1315433000.83584, 39, 12, '(Say) tienes micro?¿'),
(808, 1315433010.27838, 42, 12, '(Say) no xd'),
(809, 1315433012.00048, 39, 12, '(Say) vamos a hablar por msn metete'),
(810, 1315433015.81369, 39, 12, '(Say) am ok tonces na'),
(811, 1315433035.53282, 39, 1, '(Say) dark'),
(812, 1315433039.39304, 38, 1, '(Say) dime'),
(813, 1315433045.39439, 39, 1, '(Say) hablamos por msn?¿'),
(814, 1315433047.62451, 38, 1, '(Say) vas de arcoiris'),
(815, 1315433048.16254, 39, 1, '(Say) por micro'),
(816, 1315433048.21655, 38, 1, '(Say) xd'),
(817, 1315433054.19689, 39, 1, '(Say) sip voy de eso'),
(818, 1315433055.21195, 38, 1, '(Say) joe'),
(819, 1315433056.50302, 38, 1, '(Say) baja'),
(820, 1315433058.30713, 38, 1, '(Say) skype'),
(821, 1315433059.72121, 38, 1, '(Say) es mejor'),
(822, 1315433061.71732, 38, 1, '(Say) y mas rapido'),
(823, 1315433062.06934, 38, 1, '(Say) xd'),
(824, 1315433063.95445, 39, 1, '(Say) eske no tengo movil'),
(825, 1315433065.09351, 39, 1, '(Say) xD'),
(826, 1315433070.1508, 39, 1, '(Say) y no me deja ...'),
(827, 1315433070.38982, 38, 1, '(Say) wtf?'),
(828, 1315433074.23104, 38, 1, '(Say) movil?'),
(829, 1315433077.22721, 38, 1, '(Say) aaah xd'),
(830, 1315433079.92536, 39, 1, '(Say) xD'),
(831, 1315433081.53345, 38, 1, '(Say) no hace falta rellenar'),
(832, 1315433085.05465, 38, 1, '(Say) el campo del movil coñe'),
(833, 1315433085.7887, 38, 1, '(Say) xd'),
(834, 1315433091.38402, 39, 1, '(Say) da igual msn es mejor'),
(835, 1315433093.12512, 39, 1, '(Say) xD'),
(836, 1315433096.10029, 38, 1, '(Say) wtf!'),
(837, 1315433109.41205, 39, 1, '(Say) eske tio skype  ...'),
(838, 1315433113.42328, 38, 1, '(Say) okok'),
(839, 1315433114.01231, 38, 1, '(Say) xd'),
(840, 1315433114.71935, 39, 1, '(Say) metete al msn porfis'),
(841, 1315433121.51574, 38, 1, '(Say) te tengo en msn?'),
(842, 1315433123.53786, 38, 1, '(Say) lol'),
(843, 1315433124.86993, 39, 1, '(Say) sip'),
(844, 1315433125.85199, 39, 1, '(Say) xD'),
(845, 1315433134.29147, 39, 1, '(Say) david mudu xD'),
(846, 1315433161.19701, 39, 1, '(Say) si la vida te hace dar bueltas oalgo asi no me acuerdo como era'),
(847, 1315433172.62566, 39, 1, '(Say) yo ya estoy metido kedas tu'),
(848, 1315433176.41788, 39, 1, '(Say) por meterte al msn'),
(849, 1315433186.78147, 38, 1, '(Say) si la vida te da vueltas... ¡DEJA DE GIRAR!'),
(850, 1315433194.38791, 39, 1, '(Say) eso'),
(851, 1315433195.24596, 39, 1, '(Say) xD'),
(852, 1315433208.69773, 39, 1, '(Say) okike yap'),
(853, 1315433218.6443, 39, 1, '(Say) estas como desconectado verdad?¿'),
(854, 1315433233.07912, 38, 1, '(Say) ya no'),
(855, 1315433241.4626, 39, 1, '(Say) no me sales'),
(856, 1315433251.39317, 39, 1, '(Say) como no sea ke te llames yesirenita'),
(857, 1315433253.05126, 39, 1, '(Say) xD'),
(858, 1315433253.11727, 38, 1, '(Say) espera'),
(859, 1315433254.35134, 38, 1, '(Say) xd'),
(860, 1315433260.6347, 38, 1, '(Say) !'),
(861, 1315433304.72022, 39, 1, '(Say) dice buenas kien kiera ver elecotronemulador....'),
(862, 1315433307.8324, 39, 1, '(Say) xD'),
(863, 1315433375.77128, 39, 1, '(Say) me olles?¿'),
(864, 1315433394.27334, 42, 1, '(Say) xd'),
(865, 1315433413.88346, 43, 1, '(Say) Darki has El comando venga'),
(866, 1315433414.94252, 43, 1, '(Say) xD'),
(867, 1315433420.03281, 42, 1, '(Say) xd'),
(868, 1315433428.78832, 43, 1, '(Say) TU ser JmmC?'),
(869, 1315433435.92272, 42, 1, '(Say) No'),
(870, 1315433437.15279, 38, 1, '(Say) forexiiiiiiiiiiiiiin'),
(871, 1315433440.841, 42, 1, '(Say) quien coño es ese xD'),
(872, 1315433447.63439, 43, 1, '(Say) Ajjj'),
(873, 1315433452.59468, 43, 1, '(Say) Apaga la Puta Musica ...'),
(874, 1315433457.44695, 43, 1, '(Say) Pleas'),
(875, 1315433458.189, 43, 1, '(Say) :D'),
(876, 1315433458.90304, 42, 1, '(Say) cambiala xD'),
(877, 1315433468.34158, 43, 1, '(Say) Es que stoy con El movil y la Radio y ahora esta'),
(878, 1315433474.88795, 42, 1, '(Say) quita el volumen del keko'),
(879, 1315433479.85424, 42, 1, '(Say) en ajustes xD'),
(880, 1315433481.65434, 43, 1, '(Say) Tengoperesa'),
(881, 1315433485.55456, 43, 1, '(Say) de mover la mano'),
(882, 1315433488.83075, 43, 1, '(Say) xDDDD'),
(883, 1315433497.55325, 42, 1, '(Say) la estas moviendo para escribir'),
(884, 1315433498.69131, 42, 1, '(Say) e.e'),
(885, 1315433499.07234, 43, 1, '(Say) Darki MR Darki'),
(886, 1315433516.43333, 43, 1, '(Say) Haber Has the Command Y Taseo'),
(887, 1315433525.92987, 43, 1, '(Say) :rank forex'),
(888, 1315433529.9371, 43, 1, '(Say) xDDDDDDDD'),
(889, 1315433533.89633, 42, 1, '(Say) a nosotros tambien xD'),
(890, 1315433534.30135, 43, 1, '(Shout) LOLLLLLL'),
(891, 1315433546.30704, 43, 1, '(Say) Jose lo Programe yo solo quiero comprobar errores'),
(892, 1315433549.1562, 42, 1, '(Say) aaa esta cancion me gusta xD'),
(893, 1315433555.20755, 42, 1, '(Say) ok xd'),
(894, 1315433580.13397, 43, 1, '(Say) Darko Voy Ha descargar el pack de Snow para Hacer mis Tonterias en mi PC'),
(895, 1315433582.3911, 43, 1, '(Say) xDDDDD'),
(896, 1315433600.82716, 42, 1, '(Say) todos ausentes xD'),
(897, 1315433618.60517, 43, 1, '(Say) xDD'),
(898, 1315433623.89047, 43, 1, '(Say) Haber si por el MSn contesta'),
(899, 1315433631.2839, 42, 1, '(Say) zumbale xD'),
(900, 1315433686.05503, 43, 1, '(Say) Comprobado Sta Vivo'),
(901, 1315433692.5124, 42, 1, '(Say) Dragon SLEEP'),
(902, 1315433692.75941, 39, 1, '(Say) hable con dark'),
(903, 1315433695.01854, 39, 1, '(Say) bien'),
(904, 1315433704.59909, 39, 1, '(Say) por micro'),
(905, 1315433705.26113, 39, 1, '(Say) xD'),
(906, 1315433710.36442, 42, 1, '(Say) xd'),
(907, 1315433724.0712, 39, 1, '(Say) estara aus'),
(908, 1315433727.24639, 39, 1, '(Say) dark'),
(909, 1315433732.39468, 39, 1, '(Say) por si os estraña'),
(910, 1315433749.11564, 42, 1, '(Say) vamos a abrir una conversacion los 3 como antes xD'),
(911, 1315433753.96991, 39, 1, '(Say) no se puede'),
(912, 1315433760.18027, 39, 1, '(Say) dark etsa aus encima'),
(913, 1315433780.11241, 42, 1, '(Say) no tengo micro xD'),
(914, 1315434189.60483, 43, 1, '(Say) Hola'),
(915, 1315434237.18655, 43, 1, '(Say) Stoy Aus como Darki que sta Cenando'),
(916, 1315434243.51691, 43, 1, '(Say) Yo voy a Programar un Ratillo'),
(917, 1315434245.044, 43, 1, '(Say) :DDDD'),
(918, 1315434251.49937, 39, 1, '(Say) xD'),
(919, 1315434305.61747, 42, 1, '(Say) xD'),
(920, 1315434419.94001, 43, 1, '(Say) xD'),
(921, 1315434425.46032, 43, 1, '(Say) Ajjj Comando Casi listo ...'),
(922, 1315434429.66056, 43, 1, '(Say) lalalallalalalallalalalaaa'),
(923, 1315434430.14359, 39, 1, '(Say) forex'),
(924, 1315434434.88186, 39, 1, '(Say) aus'),
(925, 1315434610.28689, 43, 1, '(Say) lolasoo d'),
(926, 1315434617.19129, 43, 1, '(Say) sdsdsdddsssddssdsddssddsss'),
(927, 1315434621.39253, 43, 1, '(Say) xDXDDD'),
(928, 1315435280.06826, 39, 12, '(Say) forex'),
(929, 1315435303.78261, 43, 12, '(Say) Hola'),
(930, 1315435305.07969, 43, 12, '(Say) xD');
INSERT INTO `moderation_chatlogs` (`id`, `timestamp`, `user_id`, `room_id`, `message`) VALUES
(931, 1315435318.03843, 43, 12, '(Say) Ya programe lo Devido me falta el Jodido SQL'),
(932, 1315435319.13949, 43, 12, '(Shout) :D'),
(933, 1315435336.27147, 43, 12, '(Say) Pero primero el xampp'),
(934, 1315435342.95785, 43, 12, '(Say) Xamppppp te ordeno que te descarges'),
(935, 1315435343.93791, 43, 12, '(Say) :@'),
(936, 1315435417.50512, 42, 12, '(Say) xd'),
(937, 1315435464.81782, 43, 12, '(Say) lolasosododoods'),
(938, 1315435465.72688, 43, 12, '(Say) dsodosod'),
(939, 1315435466.46792, 43, 12, '(Say) dodofo'),
(940, 1315435466.90094, 43, 12, '(Say) ff'),
(941, 1315435467.14296, 43, 12, '(Say) ff'),
(942, 1315435504.25108, 42, 12, '(Say) xd'),
(943, 1315435520.387, 43, 12, '(Say) Que dije moviendome?'),
(944, 1315435528.15745, 39, 12, '(Say) ni p idea'),
(945, 1315435538.59404, 42, 12, '(Say) nada'),
(946, 1315435541.50721, 43, 12, '(Say) ok Haber si endivinan la letra que escribo'),
(947, 1315435562.41741, 43, 12, '(Say) sal jose'),
(948, 1315435568.23274, 39, 12, '(Say) empieza de new'),
(949, 1315435569.10679, 39, 12, '(Say) xDDD'),
(950, 1315435571.82994, 43, 12, '(Say) Josee'),
(951, 1315435579.56239, 42, 12, '(Say) solo hay esta sala xd'),
(952, 1315435580.15042, 39, 12, '(Say) lo de antes una lv'),
(953, 1315435581.84452, 39, 12, '(Say) l'),
(954, 1315435594.59025, 43, 12, '(Say) Ok'),
(955, 1315435594.64725, 39, 12, '(Say) z'),
(956, 1315435596.10433, 39, 12, '(Say) xD'),
(957, 1315435599.36852, 43, 12, '(Say) Ahora que letra era'),
(958, 1315435603.22974, 39, 12, '(Say) z'),
(959, 1315435603.47875, 43, 12, '(Say) La z no es'),
(960, 1315435604.44781, 43, 12, '(Say) :DDD'),
(961, 1315435608.48904, 42, 12, '(Say) d'),
(962, 1315435610.10513, 39, 12, '(Say) la h'),
(963, 1315435610.15614, 39, 12, '(Say) h'),
(964, 1315435612.67728, 39, 12, '(Say) xD'),
(965, 1315435613.31132, 43, 12, '(Say) Se'),
(966, 1315435616.23848, 43, 12, '(Say) era la H'),
(967, 1315435617.64656, 42, 12, '(Say) Haha'),
(968, 1315435620.0637, 42, 12, '(Say) mierda'),
(969, 1315435623.70391, 43, 12, '(Say) Me toca otra averr'),
(970, 1315435629.87126, 42, 12, '(Say) le toca a el xD'),
(971, 1315435641.55593, 39, 12, '(Say) o'),
(972, 1315435642.59999, 39, 12, '(Say) xD'),
(973, 1315435643.79606, 39, 12, '(Say) o'),
(974, 1315435644.4451, 39, 12, '(Say) o'),
(975, 1315435647.42927, 39, 12, '(Say) me toca'),
(976, 1315435648.35632, 43, 12, '(Say) Joder ahora se te toca'),
(977, 1315435676.68894, 43, 12, '(Say) Yo yooo'),
(978, 1315435678.97507, 43, 12, '(Say) Es la E'),
(979, 1315435682.81629, 42, 12, '(Say) falta un furni xD'),
(980, 1315435683.25532, 39, 12, '(Say) es la m'),
(981, 1315435684.12237, 43, 12, '(Say) E'),
(982, 1315435684.82241, 39, 12, '(Say) xD'),
(983, 1315435685.07542, 43, 12, '(Say) e'),
(984, 1315435685.77846, 43, 12, '(Say) e'),
(985, 1315435686.10548, 43, 12, '(Say) e'),
(986, 1315435686.28249, 43, 12, '(Say) e'),
(987, 1315435686.65351, 43, 12, '(Say) e'),
(988, 1315435688.42561, 39, 12, '(Say) m'),
(989, 1315435688.82364, 39, 12, '(Say) m'),
(990, 1315435696.14705, 39, 12, '(Say) me voy adios'),
(991, 1315435697.72414, 42, 12, '(Say) el del cuadro negro en el suelo xD'),
(992, 1315435698.7342, 42, 12, '(Say) dw'),
(993, 1315435699.82927, 39, 12, '(Say) hasta mañana por la tarde'),
(994, 1315435726.54179, 43, 12, '(Say) Iva ha escrivir Mierda'),
(995, 1315435749.88013, 43, 12, '(Say) la L'),
(996, 1315435777.87773, 43, 12, '(Say) o'),
(997, 1315435790.19443, 43, 12, '(Say) l'),
(998, 1315435793.45062, 42, 12, '(Say) xd'),
(999, 1315435799.05494, 43, 12, '(Say) jajajajjajajajaajjaja'),
(1000, 1315435843.8645, 42, 12, '(Say) xd'),
(1001, 1315435870.80104, 42, 12, '(Say) dw voy a cenar'),
(1002, 1315435874.23324, 42, 12, '(Say) vuelvo mañana xD'),
(1003, 1315476890.75044, 39, 13, '(Say) xD'),
(1004, 1315476890.87744, 39, 13, '(Say) hi'),
(1005, 1315476898.8409, 38, 13, '(Say) hi'),
(1006, 1315476899.92496, 38, 13, '(Say) xd'),
(1007, 1315476900.83901, 39, 13, '(Say) eske los wired no van'),
(1008, 1315476903.79418, 39, 13, '(Say) xDD'),
(1009, 1315476907.04637, 38, 13, '(Say) lo se'),
(1010, 1315476908.15143, 38, 13, '(Say) por?'),
(1011, 1315476911.67963, 39, 13, '(Say) nose'),
(1012, 1315476914.03977, 39, 13, '(Say) xD'),
(1013, 1315476917.21095, 39, 13, '(Say) pa hacer un lave'),
(1014, 1315476920.86416, 39, 13, '(Say) wired'),
(1015, 1315476930.16269, 38, 13, '(Say) voy a canjearlos todosç'),
(1016, 1315476931.82179, 39, 13, '(Say) cogelos si kieres'),
(1017, 1315476932.20781, 38, 13, '(Say) xd'),
(1018, 1315476936.53206, 39, 13, '(Say) xD'),
(1019, 1315476936.99908, 38, 13, '(Say) nah'),
(1020, 1315476937.67012, 38, 13, '(Say) xd'),
(1021, 1315476940.44528, 39, 13, '(Say) si cogelos'),
(1022, 1315476943.53046, 38, 13, '(Say) tengo'),
(1023, 1315476945.95759, 38, 13, '(Say) un millon'),
(1024, 1315476947.39668, 39, 13, '(Say) tengo 5000'),
(1025, 1315476947.94471, 38, 13, '(Say) de credits'),
(1026, 1315476948.61775, 38, 13, '(Say) xd'),
(1027, 1315476949.03477, 39, 13, '(Say) xD'),
(1028, 1315476957.22724, 39, 13, '(Say) tu te los das'),
(1029, 1315476961.24547, 39, 13, '(Say) desde los programas'),
(1030, 1315476962.50654, 39, 13, '(Say) xD'),
(1031, 1315476965.04769, 38, 13, '(Say) claro'),
(1032, 1315476965.57772, 38, 13, '(Say) xd'),
(1033, 1315476966.49377, 39, 13, '(Say) desde el emu'),
(1034, 1315476968.00286, 39, 13, '(Say) xD'),
(1035, 1315476972.3481, 38, 13, '(Say) nah'),
(1036, 1315476975.90631, 38, 13, '(Say) desde el emu no'),
(1037, 1315476979.1945, 38, 13, '(Say) aun no programe eso'),
(1038, 1315476979.65852, 39, 13, '(Say) xD'),
(1039, 1315476983.24373, 38, 13, '(Say) tengo k reprogramar'),
(1040, 1315476985.66587, 38, 13, '(Say) todos los forms'),
(1041, 1315476987.81799, 38, 13, '(Say) D:'),
(1042, 1315476991.67621, 39, 13, '(Say) oye cada'),
(1043, 1315477001.29076, 39, 13, '(Say) vez ke escibo : al principio para poner :) o algo'),
(1044, 1315477002.99386, 39, 13, '(Say) no me sale'),
(1045, 1315477003.88991, 39, 13, '(Say) xD'),
(1046, 1315477009.75724, 39, 13, '(Say) me sale como  comando'),
(1047, 1315477011.48934, 38, 13, '(Say) (:'),
(1048, 1315477020.33685, 39, 13, '(Say) sai si pero del reber no'),
(1049, 1315477025.14612, 38, 13, '(Say) ya lo se'),
(1050, 1315477026.36219, 38, 13, '(Say) xdddddd'),
(1051, 1315477031.7955, 39, 13, '(Say) xDD'),
(1052, 1315477047.12438, 39, 13, '(Say) este holo es muy estraño'),
(1053, 1315477052.97572, 39, 13, '(Say) nunca vi uno igual'),
(1054, 1315477057.37097, 38, 13, '(Say) eso es de siempre'),
(1055, 1315477060.15913, 38, 13, '(Say) k este es raro'),
(1056, 1315477067.03852, 39, 13, '(Say) y tanto'),
(1057, 1315477071.35977, 38, 13, '(Say) xd'),
(1058, 1315477080.41128, 39, 13, '(Say) no tiene ni home'),
(1059, 1315477105.2207, 39, 13, '(Say) xD'),
(1060, 1315477118.12744, 39, 13, '(Say) eske con los wired no se puede hacer castillo'),
(1061, 1315477120.04655, 39, 13, '(Say) porke no van'),
(1062, 1315477130.62216, 38, 13, '(Say) OSTIA'),
(1063, 1315477132.33125, 38, 13, '(Say) no sabia'),
(1064, 1315477134.44838, 38, 13, '(Say) k cobraban'),
(1065, 1315477139.82868, 39, 13, '(Say) sip'),
(1066, 1315477141.60878, 39, 13, '(Say) pixeles'),
(1067, 1315477142.70085, 39, 13, '(Say) xD'),
(1068, 1315477149.59924, 39, 13, '(Say) ya los recargue'),
(1069, 1315477149.64524, 39, 13, '(Say) xD'),
(1070, 1315477163.48104, 38, 13, '(Say) k guai'),
(1071, 1315477163.90206, 38, 13, '(Say) xd'),
(1072, 1315477184.12822, 39, 13, '(Say) xD'),
(1073, 1315477187.75942, 38, 13, '(Say) tengo'),
(1074, 1315477189.67753, 38, 13, '(Say) 230'),
(1075, 1315477190.97861, 38, 13, '(Say) cargas'),
(1076, 1315477194.23179, 38, 13, '(Say) (a)'),
(1077, 1315477196.55393, 39, 13, '(Say) xD'),
(1078, 1315477217.0381, 39, 13, '(Say) y yo 35 lingos en la mano'),
(1079, 1315477229.01678, 39, 13, '(Say) 40 y no saco mas'),
(1080, 1315477268.67205, 39, 13, '(Say) seguro ke jose me los coge xD'),
(1081, 1315477270.65617, 39, 13, '(Say) no tiene $$'),
(1082, 1315477271.80823, 39, 13, '(Say) xDDD'),
(1083, 1315477285.07199, 38, 13, '(Say) para'),
(1084, 1315477287.17711, 38, 13, '(Say) cada cohete'),
(1085, 1315477290.10228, 38, 13, '(Say) es una cargaaaa?'),
(1086, 1315477294.81555, 39, 13, '(Say) nose'),
(1087, 1315477314.52668, 39, 13, '(Say) van'),
(1088, 1315477315.44773, 39, 13, '(Say) xD'),
(1089, 1315477324.29223, 38, 13, '(Say) estoy'),
(1090, 1315477325.30829, 38, 13, '(Say) recargando'),
(1091, 1315477326.42136, 38, 13, '(Say) coñe'),
(1092, 1315477328.04945, 39, 13, '(Say) xDD'),
(1093, 1315477331.40464, 39, 13, '(Say) am'),
(1094, 1315477365.6556, 38, 13, '(Say) phx'),
(1095, 1315477366.87467, 38, 13, '(Say) no tiene'),
(1096, 1315477369.42182, 38, 13, '(Say) ni la mitad'),
(1097, 1315477374.87513, 38, 13, '(Say) de estas'),
(1098, 1315477384.66069, 39, 13, '(Say) xD'),
(1099, 1315477387.71186, 38, 13, '(Say) caracteristicas'),
(1100, 1315477388.76392, 38, 13, '(Say) xd'),
(1101, 1315477400.74661, 39, 13, '(Say) oye y el emu ke usavas antes?¿'),
(1102, 1315477407.74101, 38, 13, '(Say) phx'),
(1103, 1315477408.32104, 38, 13, '(Say) xd'),
(1104, 1315477412.17326, 39, 13, '(Say) am'),
(1105, 1315477413.43433, 39, 13, '(Say) xD'),
(1106, 1315477438.83279, 39, 13, '(Say) tio yo no se como tus padres te dejaban estar coenctado hasta las 3 de la madruga'),
(1107, 1315477440.8749, 39, 13, '(Say) xDDD'),
(1108, 1315477447.41628, 38, 13, '(Say) y no me dejan'),
(1109, 1315477448.01131, 38, 13, '(Say) xd'),
(1110, 1315477454.14166, 39, 13, '(Say) y como lo tenias on?¿'),
(1111, 1315477456.87082, 38, 13, '(Say) xd'),
(1112, 1315477459.40496, 38, 13, '(Say) adivvina'),
(1113, 1315477466.16035, 39, 13, '(Say) te escondias en la cama'),
(1114, 1315477470.20658, 39, 13, '(Say) con el porttatil'),
(1115, 1315477474.38982, 38, 13, '(Say) sep'),
(1116, 1315477474.47982, 38, 13, '(Say) xd'),
(1117, 1315477477.71101, 39, 13, '(Say) xD'),
(1118, 1315477489.53369, 39, 13, '(Say) ke cabron xDD'),
(1119, 1315477493.2489, 38, 13, '(Say) cc'),
(1120, 1315477493.3489, 39, 13, '(Say) eso lo ago me pillan'),
(1121, 1315477493.91494, 38, 13, '(Say) ^^'),
(1122, 1315477497.48214, 39, 13, '(Say) y lo tiran a la basura'),
(1123, 1315477499.49725, 39, 13, '(Say) el portatil'),
(1124, 1315477500.2293, 39, 13, '(Say) xD'),
(1125, 1315477506.24964, 38, 13, '(Say) el mio'),
(1126, 1315477507.76273, 38, 13, '(Say) saldria'),
(1127, 1315477509.83685, 38, 13, '(Say) por la ventana'),
(1128, 1315477510.7549, 38, 13, '(Say) ^^'),
(1129, 1315477511.59295, 38, 13, '(Say) xd'),
(1130, 1315477512.78702, 39, 13, '(Say) xD'),
(1131, 1315477523.73364, 39, 13, '(Say) el mio por los 2 laos'),
(1132, 1315477524.46368, 39, 13, '(Say) xD'),
(1133, 1315477531.66409, 39, 13, '(Say) onke son mu caros xD'),
(1134, 1315477548.94708, 39, 13, '(Say) porke te pones barba?¿'),
(1135, 1315477554.74442, 38, 13, '(Say) xdddddddddddddd'),
(1136, 1315477556.34151, 38, 13, '(Say) es k'),
(1137, 1315477559.57569, 38, 13, '(Say) la cara k me gusta'),
(1138, 1315477564.82199, 39, 13, '(Say) xD'),
(1139, 1315477567.62315, 38, 13, '(Say) la tiene incluida'),
(1140, 1315477568.32219, 38, 13, '(Say) xd'),
(1141, 1315477575.3796, 38, 13, '(Say) ops!'),
(1142, 1315477580.36388, 38, 13, '(Say) el comando ha!!!!!'),
(1143, 1315477580.98092, 39, 13, '(Say) ?¿'),
(1144, 1315477583.16604, 38, 13, '(Say) pongo off'),
(1145, 1315477587.7733, 39, 13, '(Say) keee'),
(1146, 1315477589.70441, 39, 13, '(Say) xD'),
(1147, 1315477590.69547, 38, 13, '(Say) e de poner el comandito ha'),
(1148, 1315477590.91048, 38, 13, '(Say) xd'),
(1149, 1315477597.18284, 39, 13, '(Say) xD'),
(1150, 1315477606.04635, 39, 13, '(Say) y override'),
(1151, 1315477607.79945, 39, 13, '(Say) ^^'),
(1152, 1315477635.95906, 39, 13, '(Say) yo juego solo por las tardes mi hermana por la mañana'),
(1153, 1315477640.67133, 39, 13, '(Say) pero como esta cascando por tlf'),
(1154, 1315477642.85045, 39, 13, '(Say) me dejo xD'),
(1155, 1315477648.23376, 39, 13, '(Say) enseguida me tendre ke kitar'),
(1156, 1315478353.03007, 39, 13, '(Say) aus 5 min'),
(1157, 1315478383.68483, 39, 13, '(Say) tio me tengo ke ir'),
(1158, 1315478387.37004, 39, 13, '(Say) por la tarde me conecto'),
(1159, 1315478389.82818, 39, 13, '(Say) dew'),
(1160, 1315478393.40338, 39, 13, '(Say) y suerte'),
(1161, 1315479964.07822, 39, 14, '(Say) ya se como coger'),
(1162, 1315479964.86427, 39, 14, '(Say) $'),
(1163, 1315479966.27835, 39, 14, '(Say) manu'),
(1164, 1315479969.0075, 40, 14, '(Say) yo igual'),
(1165, 1315479969.76655, 40, 14, '(Say) xD'),
(1166, 1315479974.2168, 39, 14, '(Say) con los pixeles'),
(1167, 1315479975.80889, 39, 14, '(Say) xD'),
(1168, 1315479979.69611, 40, 14, '(Say) XD'),
(1169, 1315479983.93636, 40, 14, '(Say) yo hacia de otra forma'),
(1170, 1315479984.99542, 40, 14, '(Say) xD'),
(1171, 1315479988.91364, 39, 14, '(Say) ayer hable con dark'),
(1172, 1315479996.82409, 39, 14, '(Say) xD'),
(1173, 1315480002.45042, 40, 14, '(Say) mira'),
(1174, 1315480006.84267, 40, 14, '(Say) ve a satff furniture'),
(1175, 1315480008.04674, 40, 14, '(Say) xD'),
(1176, 1315480011.30892, 39, 14, '(Say) am soy adm'),
(1177, 1315480012.19097, 39, 14, '(Say) xD'),
(1178, 1315480016.55122, 40, 14, '(Say) lol'),
(1179, 1315480017.68229, 40, 14, '(Say) xD'),
(1180, 1315480032.42213, 39, 14, '(Say) xD'),
(1181, 1315480051.70823, 39, 14, '(Say) mejor coger de estos epsera'),
(1182, 1315480067.86116, 39, 14, '(Say) xD'),
(1183, 1315480072.47142, 40, 14, '(Say) hala'),
(1184, 1315480073.42648, 40, 14, '(Say) XD'),
(1185, 1315480073.48348, 39, 14, '(Say) ven anda'),
(1186, 1315480075.5426, 39, 14, '(Say) ven'),
(1187, 1315480080.21186, 40, 14, '(Say) ok'),
(1188, 1315480080.9179, 39, 14, '(Say) mira esto'),
(1189, 1315480121.0592, 39, 13, '(Say) xDDDDDDDDDDDDDDDDDDDDDDDDDDDDDDDDDDDDDDDDDDDDDDDDDDDDDDDDDDDDDDDDDDDDDDDDDDDDDDDDDDDDDDDDDDDDDDDDDDD'),
(1190, 1315480123.23032, 40, 13, '(Say) xD'),
(1191, 1315480127.07954, 39, 13, '(Say) te gusta?¿'),
(1192, 1315480131.07277, 40, 13, '(Say) mola'),
(1193, 1315480131.4708, 40, 13, '(Say) XD'),
(1194, 1315480135.115, 39, 13, '(Say) tongo 12 lingos chinos en cada fila'),
(1195, 1315480140.48631, 40, 13, '(Say) xD'),
(1196, 1315480141.36636, 39, 13, '(Say) xD'),
(1197, 1315480154.18609, 39, 13, '(Say) lo multiplico'),
(1198, 1315480183.67678, 39, 13, '(Say) en total 42 mil'),
(1199, 1315480188.49106, 39, 13, '(Say) tengo en todas las filas'),
(1200, 1315480200.79776, 39, 13, '(Say) dark esta poniendo los comandos'),
(1201, 1315480209.07523, 40, 13, '(Say) ok'),
(1202, 1315480219.31682, 39, 13, '(Say) sacare mas lingos'),
(1203, 1315480225.9402, 39, 13, '(Say) eske los lingos estos cuestan pixeles'),
(1204, 1315480226.62224, 39, 13, '(Say) xD'),
(1205, 1315480230.37645, 39, 13, '(Say) le das a pixeles'),
(1206, 1315480233.81465, 39, 13, '(Say) a la ultima seccion'),
(1207, 1315480234.47869, 40, 13, '(Say) xD'),
(1208, 1315480236.30279, 39, 13, '(Say) y ya'),
(1209, 1315480244.40025, 39, 13, '(Say) viste mi freeze'),
(1210, 1315480245.93734, 39, 13, '(Say) de .es?¿'),
(1211, 1315480248.87351, 40, 13, '(Say) seh'),
(1212, 1315480254.91386, 39, 13, '(Say) mira mi placa'),
(1213, 1315480255.96392, 39, 13, '(Say) staff'),
(1214, 1315480267.69059, 40, 13, '(Say) xD'),
(1215, 1315480278.67121, 39, 13, '(Say) xD'),
(1216, 1315480307.16684, 39, 13, '(Say) e sacado lingos'),
(1217, 1315480309.36397, 39, 13, '(Say) para 2 filas mas'),
(1218, 1315480356.01664, 39, 13, '(Say) aver si van los wired'),
(1219, 1315480358.60879, 39, 13, '(Say) ke vallan!!!'),
(1220, 1315480365.13116, 40, 13, '(Say) xDS'),
(1221, 1315480394.21282, 39, 13, '(Say) si no van la cagare'),
(1222, 1315480401.65925, 39, 13, '(Say) la cage'),
(1223, 1315480407.8316, 39, 13, '(Say) xD'),
(1224, 1315480416.63911, 40, 13, '(Say) xD'),
(1225, 1315480430.5549, 39, 13, '(Say) ke listo soy'),
(1226, 1315480432.15199, 39, 13, '(Say) la cague'),
(1227, 1315480438.14734, 39, 13, '(Say) intenta pasar'),
(1228, 1315480439.43641, 39, 13, '(Say) por hay'),
(1229, 1315480448.99196, 39, 13, '(Say) puedes?¿'),
(1230, 1315480461.88669, 39, 13, '(Say) se'),
(1231, 1315480462.92275, 39, 13, '(Say) puede'),
(1232, 1315480464.54985, 39, 13, '(Say) pasar'),
(1233, 1315480496.57168, 39, 13, '(Say) oye manu'),
(1234, 1315480507.31829, 40, 13, '(Say) dime'),
(1235, 1315480508.97739, 39, 13, '(Say) habra ke publicar'),
(1236, 1315480510.9575, 39, 13, '(Say) el holo'),
(1237, 1315480511.98156, 39, 13, '(Say) ee'),
(1238, 1315480514.86972, 40, 13, '(Say) ya ves'),
(1239, 1315480516.41781, 39, 13, '(Say) cuando este todo hecho'),
(1240, 1315480517.47287, 40, 13, '(Say) u.u'),
(1241, 1315480541.20823, 39, 13, '(Say) y ke kite los rares para todos'),
(1242, 1315480546.18052, 39, 13, '(Say) ke ponga rares para solo staff'),
(1243, 1315480566.19866, 40, 13, '(Say) seh'),
(1244, 1315480566.9007, 40, 13, '(Say) xD'),
(1245, 1315480573.29707, 40, 13, '(Say) joder estoy viciado con la guitarra'),
(1246, 1315480574.73315, 40, 13, '(Say) xD'),
(1247, 1315480620.51977, 40, 13, '(Say) o.o'),
(1248, 1315480623.38493, 39, 13, '(Say) xD'),
(1249, 1315480679.84816, 39, 13, '(Say) me cuardo de la primera vez ke vine a myhabbbo'),
(1250, 1315480694.95102, 40, 13, '(Say) yo igual'),
(1251, 1315480697.62718, 40, 13, '(Say) xD'),
(1252, 1315480709.00183, 40, 13, '(Say) entre y vino mechferatu y me dio rares'),
(1253, 1315480710.62292, 40, 13, '(Say) XD'),
(1254, 1315480723.51966, 39, 13, '(Say) xD'),
(1255, 1315480746.63898, 40, 13, '(Say) joder'),
(1256, 1315480749.87617, 40, 13, '(Say) el miercoles comienzo'),
(1257, 1315480751.76327, 40, 13, '(Say) clases'),
(1258, 1315480753.23636, 40, 13, '(Say) D:'),
(1259, 1315480756.10552, 40, 13, '(Say) 3ero de la eso'),
(1260, 1315480757.97863, 39, 13, '(Say) y yo mañana'),
(1261, 1315480759.68273, 40, 13, '(Say) xD'),
(1262, 1315480767.24116, 39, 13, '(Say) asike no te kejes'),
(1263, 1315480796.66584, 40, 13, '(Say) jajajaj'),
(1264, 1315480892.47732, 39, 13, '(Say) te gusta?¿'),
(1265, 1315480962.1013, 39, 13, '(Say) jaja'),
(1266, 1315480967.2476, 39, 13, '(Say) viste lo ke estaba haciendo'),
(1267, 1315480972.85392, 39, 13, '(Say) yo soy ese dragon ke hizo eso'),
(1268, 1315480976.21311, 39, 13, '(Say) le puse cuanma'),
(1269, 1315480980.64537, 39, 13, '(Say) los otros son gandules'),
(1270, 1315480987.03273, 39, 13, '(Say) ke sois jose tu y darki'),
(1271, 1315480997.0303, 39, 13, '(Say) jaja manu y jose estan engandulaos'),
(1272, 1315481003.9097, 39, 13, '(Say) y yo y dark moviendonos xD'),
(1273, 1315481016.89844, 39, 13, '(Say) xD'),
(1274, 1315481018.81655, 40, 13, '(Say) lol'),
(1275, 1315481025.92596, 39, 13, '(Say) solo dark y yo nosa movemis'),
(1276, 1315481031.10125, 39, 13, '(Say) manu se oarece a ti el dragon'),
(1277, 1315481040.6288, 39, 13, '(Say) dark'),
(1278, 1315481044.38001, 39, 13, '(Say) haciendo su espectaculo'),
(1279, 1315481046.48913, 39, 13, '(Say) de fuego'),
(1280, 1315481052.56048, 39, 13, '(Say) y yo tambien'),
(1281, 1315481053.24652, 39, 13, '(Say) xD'),
(1282, 1315481059.78089, 40, 13, '(Say) xd'),
(1283, 1315481068.96742, 39, 13, '(Say) y al mio le salio 1 eructo'),
(1284, 1315481071.01053, 39, 13, '(Say) de fuego'),
(1285, 1315481071.69257, 39, 13, '(Say) xD'),
(1286, 1315481085.72238, 39, 13, '(Say) dark haciendo 1 cohete'),
(1287, 1315481089.40859, 39, 13, '(Say) para mandarlo a myhabbbo'),
(1288, 1315481093.0948, 39, 13, '(Say) xDD'),
(1289, 1315481096.17097, 40, 13, '(Say) lol7'),
(1290, 1315481099.73618, 39, 13, '(Say) me refiero al dragon'),
(1291, 1315481100.78924, 39, 13, '(Say) eeeee'),
(1292, 1315481107.0956, 39, 13, '(Say) le esta dando fuego'),
(1293, 1315481112.56091, 39, 13, '(Say) xD'),
(1294, 1315481121.54542, 39, 13, '(Say) jose asi de gandul'),
(1295, 1315481123.91756, 39, 13, '(Say) xD'),
(1296, 1315481129.35187, 40, 13, '(Say) xDD'),
(1297, 1315481136.7873, 39, 13, '(Say) jose yo soy mas gandul ke mi seta'),
(1298, 1315481139.39045, 39, 13, '(Say) xD'),
(1299, 1315481141.85359, 40, 13, '(Say) Xddd'),
(1300, 1315481142.84064, 40, 13, '(Say) xDD'),
(1301, 1315481143.97471, 40, 13, '(Say) ajajajaj'),
(1302, 1315481148.72498, 39, 13, '(Say) darki y yo kiero mucho a juanma!!'),
(1303, 1315481150.42008, 39, 13, '(Say) xD'),
(1304, 1315481153.77227, 40, 13, '(Say) Lol.'),
(1305, 1315481158.37353, 39, 13, '(Say) juanma :)'),
(1306, 1315481161.49771, 39, 13, '(Say) xD'),
(1307, 1315481166.01097, 40, 13, '(Say) xd'),
(1308, 1315481171.17326, 39, 13, '(Say) darki juanma te dare 2 dueño'),
(1309, 1315481174.58046, 39, 13, '(Say) juanma graciasss'),
(1310, 1315481181.57186, 40, 13, '(Say) jaajajaj'),
(1311, 1315481188.27424, 39, 13, '(Say) xD'),
(1312, 1315481205.42322, 39, 13, '(Say) manu yo sigo aki haciendo el gandul y tocandole a jose los huevos'),
(1313, 1315481209.93348, 39, 13, '(Say) xDD'),
(1314, 1315481212.90465, 40, 13, '(Say) Fijo'),
(1315, 1315481232.12775, 39, 13, '(Say) juanma xD juanma es el mejor de todos'),
(1316, 1315481233.99286, 39, 13, '(Say) manu si'),
(1317, 1315481235.66395, 39, 13, '(Say) jose si'),
(1318, 1315481237.74807, 39, 13, '(Say) darki si'),
(1319, 1315481244.13544, 39, 13, '(Say) xDDDD'),
(1320, 1315481259.1583, 39, 13, '(Say) jose estoy tan gandul ke no me puedo mover'),
(1321, 1315481263.28653, 39, 13, '(Say) xD'),
(1322, 1315481272.64807, 39, 13, '(Say) dark'),
(1323, 1315481274.44617, 39, 13, '(Say) ven'),
(1324, 1315481279.02743, 39, 13, '(Say) esta aus'),
(1325, 1315481283.04866, 39, 13, '(Say) le avisare por msmn'),
(1326, 1315481288.56198, 40, 13, '(Say) ok'),
(1327, 1315481358.878, 39, 13, '(Say) darki manu te presento a la que se avecina tu'),
(1328, 1315481372.51878, 39, 13, '(Say) xD'),
(1329, 1315481394.05201, 39, 13, '(Say) juanma pescadero caron'),
(1330, 1315481400.66839, 39, 13, '(Say) manu mayorista no linpio pescado'),
(1331, 1315481414.74619, 39, 13, '(Say) jose hay mi kuki'),
(1332, 1315481416.78231, 40, 13, '(Say) Maybe we''ll turn it around ''Cause it''s not too late It''s never too late'),
(1333, 1315481421.35257, 39, 13, '(Say) jose hay mi kuki'),
(1334, 1315481421.8326, 40, 13, '(Say) —'),
(1335, 1315481425.2978, 39, 13, '(Say) jose jujuju'),
(1336, 1315481426.59887, 39, 13, '(Say) xDD'),
(1337, 1315481438.30154, 39, 13, '(Say) manu ke somos leones o guebones'),
(1338, 1315481440.28266, 39, 13, '(Say) juanma leones'),
(1339, 1315481443.06681, 39, 13, '(Say) juanma leones'),
(1340, 1315481447.32406, 39, 13, '(Say) manu leones leon es'),
(1341, 1315481452.10133, 39, 13, '(Say) darki leonea leones'),
(1342, 1315481461.06384, 39, 13, '(Say) jose leones leones leos olee'),
(1343, 1315481520.30923, 39, 13, '(Say) mira'),
(1344, 1315481521.04727, 39, 13, '(Say) dark'),
(1345, 1315481529.45376, 39, 13, '(Say) darki guama QUE GUAPO ERES'),
(1346, 1315481534.85006, 40, 13, '(Say) xD'),
(1347, 1315481539.35632, 39, 13, '(Say) xDD'),
(1348, 1315481550.79698, 39, 13, '(Say) juanma a ke si eee pero no soy guai'),
(1349, 1315481563.22169, 39, 13, '(Say) jose guala no me puedo mover tengo ke hacer ejercicio'),
(1350, 1315481578.04953, 39, 13, '(Say) xDDD'),
(1351, 1315481614.62363, 39, 13, '(Say) manu cantando sin markesa no hay edesa'),
(1352, 1315481621.28701, 38, 13, '(Say) LOL'),
(1353, 1315481621.30201, 39, 13, '(Say) xD'),
(1354, 1315481628.69643, 39, 13, '(Say) darki juanma tk'),
(1355, 1315481632.36564, 38, 13, '(Say) juanmaa46 eres maricon'),
(1356, 1315481635.2218, 39, 13, '(Say) darki como supiste hacer eso'),
(1357, 1315481635.96285, 38, 13, '(Say) jjo'),
(1358, 1315481636.7979, 38, 13, '(Say) D:'),
(1359, 1315481643.48228, 38, 13, '(Say) juanma46 maricon'),
(1360, 1315481644.95236, 38, 13, '(Say) D:'),
(1361, 1315481645.26338, 39, 13, '(Say) juanma facil'),
(1362, 1315481647.86253, 39, 13, '(Say) xDDD'),
(1363, 1315481653.54085, 38, 13, '(Say) juanma mi duejo es gay'),
(1364, 1315481654.94993, 39, 13, '(Say) nah tienes ke poenr el nombre de la mascota'),
(1365, 1315481657.65509, 39, 13, '(Say) y la frase'),
(1366, 1315481663.55843, 38, 13, '(Say) xd'),
(1367, 1315481665.24852, 38, 13, '(Say) solo va'),
(1368, 1315481667.41565, 38, 13, '(Say) con el dueño'),
(1369, 1315481668.50671, 39, 13, '(Say) sip'),
(1370, 1315481669.90479, 39, 13, '(Say) xD'),
(1371, 1315481670.74184, 38, 13, '(Say) menuda shit'),
(1372, 1315481671.40587, 38, 13, '(Say) xd'),
(1373, 1315481689.87193, 39, 13, '(Say) jose no me puedo levantar como no me ponga a hacer ejercicio estoy ganduleado'),
(1374, 1315481694.6472, 39, 13, '(Say) juanma xDDDD'),
(1375, 1315481712.82324, 38, 13, '(Say) dentro de poco'),
(1376, 1315481715.30139, 38, 13, '(Say) fixelare el battle'),
(1377, 1315481716.27144, 39, 13, '(Say) ?¿'),
(1378, 1315481726.57403, 39, 13, '(Say) y publicaremos el holo dentro de poco'),
(1379, 1315481727.33107, 39, 13, '(Say) xD'),
(1380, 1315481731.3793, 38, 13, '(Say) cuando'),
(1381, 1315481733.21741, 38, 13, '(Say) tengamos'),
(1382, 1315481734.92551, 38, 13, '(Say) el battle'),
(1383, 1315481739.87979, 39, 13, '(Say) am kita los rares a los no staff'),
(1384, 1315481743.14998, 39, 13, '(Say) ke si no la cagamos'),
(1385, 1315481750.61341, 38, 13, '(Say) y la bola de futbol / rollers'),
(1386, 1315481756.46774, 39, 13, '(Say) rolelr van'),
(1387, 1315481762.91811, 38, 13, '(Say) wtf?'),
(1388, 1315481763.95117, 39, 13, '(Say) y los wired'),
(1389, 1315481765.65227, 39, 13, '(Say) tambien xD'),
(1390, 1315481775.0888, 39, 13, '(Say) si los rolelr van'),
(1391, 1315481793.79587, 38, 13, '(Say) ostiaaaaa'),
(1392, 1315481799.22919, 39, 13, '(Say) 1 cosa ke te kitas'),
(1393, 1315481813.73802, 38, 13, '(Say) meth0d'),
(1394, 1315481816.05715, 38, 13, '(Say) es un genio'),
(1395, 1315481822.09049, 39, 13, '(Say) kedan los pixeles tambien'),
(1396, 1315481824.85865, 39, 13, '(Say) digo'),
(1397, 1315481826.10872, 39, 13, '(Say) los wired'),
(1398, 1315481834.63821, 38, 13, '(Say) los wired'),
(1399, 1315481835.49526, 38, 13, '(Say) y los juegos'),
(1400, 1315481835.96929, 38, 13, '(Say) xd'),
(1401, 1315481837.9794, 39, 13, '(Say) xD'),
(1402, 1315481841.29459, 39, 13, '(Say) me tengo ke ir'),
(1403, 1315481843.1437, 39, 13, '(Say) xDDD'),
(1404, 1315481844.06575, 40, 13, '(Say) me gusta* XD'),
(1405, 1315481845.96286, 39, 13, '(Say) am no'),
(1406, 1315481847.03392, 39, 13, '(Say) xD'),
(1407, 1315481862.64781, 39, 13, '(Say) en 5 min me voy o menos'),
(1408, 1315481864.07389, 39, 13, '(Say) aaaaa'),
(1409, 1315481866.87105, 39, 13, '(Say) la pelota'),
(1410, 1315481868.54215, 39, 13, '(Say) no va'),
(1411, 1315481891.79348, 39, 13, '(Say) y dark kita rares de staff tio'),
(1412, 1315481896.23873, 38, 13, '(Say) Ok'),
(1413, 1315481896.73476, 39, 13, '(Say) para los no staff'),
(1414, 1315481896.83277, 38, 13, '(Say) xd'),
(1415, 1315481905.24025, 39, 13, '(Say) porke si no no baldran los concursos'),
(1416, 1315481911.3486, 38, 13, '(Say) ojala pueda'),
(1417, 1315481911.79062, 38, 13, '(Say) xd'),
(1418, 1315481916.40589, 39, 13, '(Say) ...'),
(1419, 1315481917.86497, 39, 13, '(Say) xDD'),
(1420, 1315481923.81531, 38, 13, '(Say) not its'),
(1421, 1315481926.42746, 38, 13, '(Say) seguro xd'),
(1422, 1315481928.11956, 39, 13, '(Say) osea ke no puedes'),
(1423, 1315481933.18785, 39, 13, '(Say) xDD'),
(1424, 1315481933.60087, 38, 13, '(Say) ke si'),
(1425, 1315481935.75299, 38, 13, '(Say) creo k si'),
(1426, 1315481938.37314, 38, 13, '(Say) pero no ew seguro'),
(1427, 1315481942.25937, 39, 13, '(Say) xD'),
(1428, 1315481966.92078, 39, 13, '(Say) dark9 lo arreglare todo y este holo no me lo dejare'),
(1429, 1315481969.81694, 39, 13, '(Say) ops'),
(1430, 1315481984.69479, 38, 13, '(Say) ups'),
(1431, 1315481985.05381, 39, 13, '(Say) a dark le encantan'),
(1432, 1315481985.82686, 39, 13, '(Say) xD'),
(1433, 1315481988.59702, 40, 13, '(Say) xD'),
(1434, 1315481989.57207, 38, 13, '(Say) seeeep'),
(1435, 1315481999.15962, 39, 13, '(Say) me tengo ke ir'),
(1436, 1315481999.30263, 38, 13, '(Say) son los mejores furnis dle mundo'),
(1437, 1315481999.70565, 38, 13, '(Say) xd'),
(1438, 1315482000.99573, 39, 13, '(Say) losiento'),
(1439, 1315482001.25074, 40, 13, '(Say) cuantos años teneis me dijeron?'),
(1440, 1315482002.62082, 40, 13, '(Say) XD'),
(1441, 1315482003.17085, 39, 13, '(Say) luego a la tarde'),
(1442, 1315482004.51593, 38, 13, '(Say) bye juanki'),
(1443, 1315482004.74294, 39, 13, '(Say) me conecto'),
(1444, 1315482005.76, 38, 13, '(Say) ^^'),
(1445, 1315482008.13013, 38, 13, '(Say) juanmi*'),
(1446, 1315482008.73417, 38, 13, '(Say) xd'),
(1447, 1315482009.99624, 39, 13, '(Say) juanma luego a la tarde me conecto adios'),
(1448, 1315482017.18065, 40, 13, '(Say) dw'),
(1449, 1315482018.65874, 39, 13, '(Say) os deseo suerte'),
(1450, 1315482021.77992, 39, 13, '(Say) dew'),
(1451, 1315482022.00393, 38, 13, '(Say) thanks'),
(1452, 1315482022.62796, 38, 13, '(Say) xd'),
(1453, 1315482027.74026, 38, 13, '(Say) manu xd'),
(1454, 1315482030.06139, 40, 13, '(Say) xD'),
(1455, 1315482030.2574, 38, 13, '(Say) cuanto tiempo'),
(1456, 1315482033.06856, 40, 13, '(Say) ya ves'),
(1457, 1315482034.41564, 40, 13, '(Say) jaja'),
(1458, 1315482040.24597, 38, 13, '(Say) xd'),
(1459, 1315482049.4205, 38, 13, '(Say) me pille'),
(1460, 1315482053.0747, 38, 13, '(Say) el emu de meth0d'),
(1461, 1315482056.57891, 38, 13, '(Say) y aun no se'),
(1462, 1315482061.7312, 38, 13, '(Say) todas las caracteristicas'),
(1463, 1315482062.21023, 38, 13, '(Say) xd'),
(1464, 1315482063.74732, 40, 13, '(Say) xD'),
(1465, 1315482076.91907, 38, 13, '(Say) por lo tanto'),
(1466, 1315482081.20831, 38, 13, '(Say) los rolloers van'),
(1467, 1315482083.16143, 38, 13, '(Say) y sale que no'),
(1468, 1315482085.86558, 38, 13, '(Say) y las mascotas'),
(1469, 1315482086.96664, 38, 13, '(Say) lo mismo'),
(1470, 1315482092.92098, 40, 13, '(Say) ajam'),
(1471, 1315482190.15855, 40, 13, '(Say) joder'),
(1472, 1315482198.131, 40, 13, '(Say) se puede comprar $ en gamestop'),
(1473, 1315482199.12506, 40, 13, '(Say) :O'),
(1474, 1315482200.35113, 40, 13, '(Say) XD'),
(1475, 1315493005.08712, 46, 17, '(Say) darkiiiiiiiiiiiiiiiii'),
(1476, 1315493005.15613, 38, 17, '(Say) !hey mech'),
(1477, 1315493011.26148, 38, 17, '(Say) k te cuentas?'),
(1478, 1315493012.32654, 46, 17, '(Say) xd'),
(1479, 1315493032.6227, 39, 17, '(Say) hola'),
(1480, 1315493036.1019, 39, 17, '(Say) digo hi'),
(1481, 1315493081.6255, 46, 17, '(Say) joo'),
(1482, 1315493084.79468, 39, 17, '(Say) se acaba'),
(1483, 1315493086.30077, 39, 17, '(Say) de desconectar'),
(1484, 1315493087.24382, 39, 17, '(Say) dark'),
(1485, 1315493117.09653, 39, 17, '(Say) has visto'),
(1486, 1315493118.52161, 39, 17, '(Say) hay vip y hc'),
(1487, 1315493121.37478, 46, 17, '(Say) xd'),
(1488, 1315493121.8648, 46, 17, '(Say) se'),
(1489, 1315493162.86315, 46, 17, '(Say) hey'),
(1490, 1315493163.04316, 46, 17, '(Say) bro'),
(1491, 1315493165.70231, 46, 17, '(Shout) tienes $$?'),
(1492, 1315493167.92244, 46, 17, '(Shout) me das?'),
(1493, 1315493171.18062, 39, 17, '(Say) sio'),
(1494, 1315493175.77189, 46, 17, '(Shout) graax'),
(1495, 1315493190.18171, 39, 17, '(Say) ya tengo hc 5'),
(1496, 1315493191.06376, 39, 17, '(Say) xD'),
(1497, 1315493195.92304, 39, 17, '(Say) y vip 5'),
(1498, 1315493215.93318, 46, 17, '(Say) hey'),
(1499, 1315493217.22126, 46, 17, '(Say) man'),
(1500, 1315493223.01959, 46, 17, '(Say) quiero mas puntos de recompensas'),
(1501, 1315493224.09665, 46, 17, '(Say) xd'),
(1502, 1315493229.99899, 46, 17, '(Say) dime como tener lso tuyos'),
(1503, 1315493244.2568, 39, 17, '(Say) me das en .es?¿'),
(1504, 1315493245.21486, 46, 17, '(Shout) graax'),
(1505, 1315493248.89607, 39, 17, '(Say) xD'),
(1506, 1315493255.01642, 46, 17, '(Say) no tngo casi nada'),
(1507, 1315493260.82075, 39, 17, '(Say) da igual'),
(1508, 1315493273.65949, 39, 17, '(Say) te doy mas lingos etc si me doans en .es'),
(1509, 1315493276.95167, 39, 17, '(Say) xD'),
(1510, 1315493278.76178, 39, 17, '(Say) nah es coña'),
(1511, 1315493286.2322, 46, 17, '(Shout) xD'),
(1512, 1315493292.61857, 39, 17, '(Say) pero doname si tampoco'),
(1513, 1315493294.57868, 39, 17, '(Say) kiero tanto'),
(1514, 1315493296.99282, 46, 17, '(Say) quiero mas putnos d recompensas'),
(1515, 1315493297.69686, 46, 17, '(Say) xd'),
(1516, 1315493299.36996, 46, 17, '(Say) como hago'),
(1517, 1315493303.30218, 39, 17, '(Say) yokese'),
(1518, 1315493311.04062, 46, 17, '(Shout) 3680'),
(1519, 1315493312.81973, 46, 17, '(Say) tenes'),
(1520, 1315493326.59351, 39, 17, '(Say) acpetame la peti'),
(1521, 1315493326.92253, 39, 17, '(Say) de .es'),
(1522, 1315493351.48894, 46, 17, '(Shout) noooooo se me vencio el vip'),
(1523, 1315493353.05903, 46, 17, '(Shout) D:'),
(1524, 1315493354.85513, 46, 17, '(Say) xd'),
(1525, 1315493356.66323, 46, 17, '(Say) en el .es'),
(1526, 1315493363.95665, 39, 17, '(Say) da igual'),
(1527, 1315493365.87876, 39, 17, '(Say) aceptame'),
(1528, 1315493372.93616, 39, 17, '(Say) te dejo mas lingos'),
(1529, 1315493437.87988, 46, 17, '(Say) como t llamas'),
(1530, 1315493448.38048, 39, 17, '(Say) simba46'),
(1531, 1315493650.99907, 46, 17, '(Say) hey'),
(1532, 1315493652.11713, 46, 17, '(Say) tas'),
(1533, 1315493653.01618, 46, 17, '(Say) xd'),
(1534, 1315493656.43638, 46, 17, '(Shout) me sali d habbo'),
(1535, 1315493664.71985, 39, 17, '(Say) anda'),
(1536, 1315493669.64113, 39, 17, '(Say) te iva a enseñar mi freeze'),
(1537, 1315493670.60119, 46, 17, '(Shout) otra ves D:'),
(1538, 1315493673.32034, 39, 17, '(Say) eske tengo cosas pixels'),
(1539, 1315493675.9765, 39, 17, '(Say) y las keria cambiar'),
(1540, 1315493676.58153, 46, 17, '(Say) me da fiaca entrar'),
(1541, 1315493682.31986, 39, 17, '(Say) xD'),
(1542, 1315493686.15608, 39, 17, '(Say) keres ams lingos?¿'),
(1543, 1315493697.65774, 46, 17, '(Say) wii ahora it tengo mas puntos'),
(1544, 1315493700.17288, 46, 17, '(Say) de recompensa'),
(1545, 1315493700.95693, 46, 17, '(Say) xd'),
(1546, 1315493706.98127, 46, 17, '(Shout) si porfa'),
(1547, 1315493708.30235, 39, 17, '(Say) mira los mios'),
(1548, 1315493708.88238, 39, 17, '(Say) xD'),
(1549, 1315493724.44227, 46, 17, '(Say) que piola'),
(1550, 1315493727.98147, 46, 17, '(Say) las placas cambian'),
(1551, 1315493730.70263, 46, 17, '(Say) de I a II'),
(1552, 1315493733.34278, 39, 17, '(Say) sip'),
(1553, 1315493733.39678, 46, 17, '(Say) que buenoo xd'),
(1554, 1315493738.23506, 39, 17, '(Say) yo tengo v'),
(1555, 1315493763.90953, 39, 17, '(Say) lagg'),
(1556, 1315493763.97753, 46, 17, '(Shout) 1130'),
(1557, 1315493764.01753, 46, 17, '(Say) tengo'),
(1558, 1315493764.04253, 46, 17, '(Say) xd'),
(1559, 1315493803.6208, 39, 17, '(Say) eske se me lageo'),
(1560, 1315493804.49185, 39, 17, '(Say) y reinicie'),
(1561, 1315493820.63077, 46, 17, '(Say) oka'),
(1562, 1315493820.85678, 39, 17, '(Say) e'),
(1563, 1315493833.66152, 39, 17, '(Say) ke hacemos'),
(1564, 1315493839.14083, 46, 17, '(Say) nose'),
(1565, 1315493847.79732, 46, 17, '(Say) mira mis pntos'),
(1566, 1315493848.26435, 46, 17, '(Shout) xd'),
(1567, 1315493862.74118, 39, 17, '(Say) van las alertas'),
(1568, 1315493863.0812, 39, 17, '(Say) van'),
(1569, 1315493864.21526, 39, 17, '(Say) las alertas'),
(1570, 1315493867.32544, 39, 17, '(Say) ke bien'),
(1571, 1315493878.06006, 39, 17, '(Say) el override no'),
(1572, 1315493878.94211, 46, 17, '(Say) HC 4'),
(1573, 1315493879.42113, 39, 17, '(Say) xD'),
(1574, 1315493879.73915, 46, 17, '(Say) tengo'),
(1575, 1315493880.6212, 46, 17, '(Say) xd'),
(1576, 1315493885.44448, 39, 17, '(Say) yo 5'),
(1577, 1315493886.28253, 39, 17, '(Say) xD'),
(1578, 1315493896.4001, 39, 17, '(Say) yo tengo vip y hc 5'),
(1579, 1315493906.94171, 39, 17, '(Say) en .es tengo hc 2'),
(1580, 1315493929.36199, 46, 17, '(Say) 28 meses de vio'),
(1581, 1315493931.84813, 46, 17, '(Say) tengoo aca'),
(1582, 1315493932.33716, 46, 17, '(Say) xd'),
(1583, 1315493936.95742, 39, 17, '(Say) xD'),
(1584, 1315493949.37613, 46, 17, '(Shout) HC 5!!!!!!!!!'),
(1585, 1315493949.85616, 39, 17, '(Say) ya tienes el max'),
(1586, 1315493958.65967, 46, 17, '(Say) tamos iguales'),
(1587, 1315493967.54917, 39, 17, '(Say) xD'),
(1588, 1315493968.90125, 39, 17, '(Say) no hay mas'),
(1589, 1315493972.91948, 46, 17, '(Shout) D:'),
(1590, 1315493975.60963, 46, 17, '(Say) que lastima'),
(1591, 1315493976.7617, 46, 17, '(Say) xd'),
(1592, 1315493987.12229, 39, 17, '(Say) se coencto jose'),
(1593, 1315493994.2207, 46, 17, '(Shout) dame placa staff xD'),
(1594, 1315493998.66095, 39, 17, '(Say) no puedo'),
(1595, 1315494016.04295, 46, 17, '(Shout) no va  el co,amdp?'),
(1596, 1315494017.59904, 46, 17, '(Shout) xd'),
(1597, 1315494024.57444, 39, 17, '(Say) eske no eres staff'),
(1598, 1315494025.50249, 39, 17, '(Say) mech'),
(1599, 1315494032.07586, 46, 17, '(Say) Dark ya sabe'),
(1600, 1315494032.6419, 39, 17, '(Say) aki etsa mech'),
(1601, 1315494034.354, 39, 17, '(Say) ee jose'),
(1602, 1315494034.364, 46, 17, '(Say) pero igual man'),
(1603, 1315494036.68013, 46, 17, '(Shout) tu sabes'),
(1604, 1315494041.13538, 42, 17, '(Say) piñaveoladora xD'),
(1605, 1315494045.36262, 46, 17, '(Shout) quien sos?'),
(1606, 1315494047.39974, 39, 17, '(Say) sip xD'),
(1607, 1315494050.30291, 42, 17, '(Say) jose'),
(1608, 1315494051.11295, 39, 17, '(Say) jose'),
(1609, 1315494054.16213, 39, 17, '(Say) y yo juanma'),
(1610, 1315494054.20013, 46, 17, '(Say) y como sabes que me llamaba asi'),
(1611, 1315494054.62215, 39, 17, '(Say) xD'),
(1612, 1315494054.68516, 46, 17, '(Shout) ?'),
(1613, 1315494061.40054, 39, 17, '(Say) el estubo'),
(1614, 1315494062.06858, 46, 17, '(Shout) policia?'),
(1615, 1315494064.06569, 46, 17, '(Shout) ok,no xd'),
(1616, 1315494064.52072, 39, 17, '(Say) en todos los myhabbo'),
(1617, 1315494066.68184, 39, 17, '(Say) ke an avido xD'),
(1618, 1315494069.82102, 42, 17, '(Say) xD'),
(1619, 1315494073.22222, 46, 17, '(Say) no lo recuerdo'),
(1620, 1315494076.10138, 46, 17, '(Shout) fue hace tiempo'),
(1621, 1315494076.63641, 39, 17, '(Say) el manejaba conmigo el php'),
(1622, 1315494077.74248, 39, 17, '(Say) xD'),
(1623, 1315494077.92149, 42, 17, '(Say) sasuke340?'),
(1624, 1315494085.0669, 46, 17, '(Say) ese si'),
(1625, 1315494085.58192, 46, 17, '(Shout) xD'),
(1626, 1315494086.66799, 39, 17, '(Say) sip xD'),
(1627, 1315494088.48009, 46, 17, '(Say) sasukle'),
(1628, 1315494089.16013, 46, 17, '(Shout) ....'),
(1629, 1315494090.20219, 39, 17, '(Say) pos es el'),
(1630, 1315494091.01724, 39, 17, '(Say) xD'),
(1631, 1315494094.50244, 46, 17, '(Say) aaaaaaaaaaaa'),
(1632, 1315494096.40854, 46, 17, '(Say) sorryy xd'),
(1633, 1315494104.86103, 46, 17, '(Say) esque paso tanto tiempo'),
(1634, 1315494105.69608, 46, 17, '(Say) xd'),
(1635, 1315494106.29911, 39, 17, '(Say) el es el ke decia ke era hack'),
(1636, 1315494107.73319, 39, 17, '(Say) xDDDD'),
(1637, 1315494110.23934, 42, 17, '(Say) xd'),
(1638, 1315494116.75471, 39, 17, '(Say) desde el verano pasado'),
(1639, 1315494117.71176, 46, 17, '(Say) banealo'),
(1640, 1315494118.81183, 46, 17, '(Shout) xD'),
(1641, 1315494120.97595, 46, 17, '(Shout) ok,no xd'),
(1642, 1315494122.55704, 39, 17, '(Say) 1 año ke no a abierto myhabbo'),
(1643, 1315494860.49225, 46, 18, '(Shout) darko'),
(1644, 1315494870.74883, 46, 18, '(Shout) lee msn'),
(1645, 1315495147.33165, 39, 18, '(Say) holaaa'),
(1646, 1315495149.8158, 39, 18, '(Say) mech y dark'),
(1647, 1315495250.49155, 46, 18, '(Shout) xd'),
(1648, 1315495258.89103, 46, 18, '(Shout) que querias decirme'),
(1649, 1315502182.61811, 38, 18, '(Say) *capar*'),
(1650, 1315502188.19643, 38, 18, '(Say) xd'),
(1651, 1315502188.77846, 46, 18, '(Say) :O'),
(1652, 1315502190.95959, 46, 18, '(Say) soplanuca'),
(1653, 1315502191.76163, 46, 18, '(Shout) xD'),
(1654, 1315502196.11688, 38, 18, '(Say) WTF?'),
(1655, 1315502200.04411, 46, 18, '(Say) soplanuca'),
(1656, 1315502202.63025, 46, 18, '(Shout) no sabes q es?'),
(1657, 1315502207.53253, 38, 18, '(Say) una leche'),
(1658, 1315502207.95956, 38, 18, '(Say) xd'),
(1659, 1315502211.35975, 46, 18, '(Say) no xD'),
(1660, 1315502213.20886, 46, 18, '(Shout) es GAY'),
(1661, 1315502217.78712, 38, 18, '(Say) wtf'),
(1662, 1315502218.53416, 38, 18, '(Say) xd'),
(1663, 1315502221.23232, 46, 18, '(Say) es como gay pero con otra palabra'),
(1664, 1315502227.47268, 46, 18, '(Shout) xd asi lo decimos los argentinos'),
(1665, 1315502247.56782, 46, 18, '(Shout) quieres 2.000.000 de koins en KM?'),
(1666, 1315502259.03148, 38, 18, '(Say) tengo'),
(1667, 1315502259.13049, 46, 18, '(Shout) tengo tantos que no se que hacer con ellos'),
(1668, 1315502279.18663, 38, 18, '(Say) ok'),
(1669, 1315502280.66872, 38, 18, '(Say) damelos'),
(1670, 1315502281.53477, 38, 18, '(Say) D:'),
(1671, 1315502287.97514, 46, 18, '(Say) me voy yendo'),
(1672, 1315502293.40945, 46, 18, '(Say) t elos dare cuando vuelva de clases'),
(1673, 1315502294.67852, 46, 18, '(Shout) xD'),
(1674, 1315502299.74281, 38, 18, '(Say) ok'),
(1675, 1315502300.47585, 38, 18, '(Say) xd'),
(1676, 1315502314.89168, 46, 18, '(Say) cuando termines de codear el rank damelo xD'),
(1677, 1315502319.12492, 46, 18, '(Say) aunque este off no importa'),
(1678, 1315502336.01188, 46, 18, '(Say) byee nos vimos en jamaica'),
(1679, 1315502555.49644, 44, 18, '(Shout) DARKI|'),
(1680, 1315502572.19139, 44, 18, '(Shout) :hA HOLA'),
(1681, 1315502574.21751, 44, 18, '(Shout) ................'),
(1682, 1315502585.74017, 44, 18, '(Shout) *_-.-_*'),
(1683, 1315502992.37243, 42, 18, '(Say) ola'),
(1684, 1315503029.70856, 38, 18, '(Say) el primer holo snowlight'),
(1685, 1315503037.16399, 38, 18, '(Say) con'),
(1686, 1315503042.6403, 38, 18, '(Say) el ha al 100%!00'),
(1687, 1315503045.61547, 39, 18, '(Say) dark aumentan las placas'),
(1688, 1315503049.6437, 39, 18, '(Say) del voip hc'),
(1689, 1315503050.29374, 39, 18, '(Say) ymas'),
(1690, 1315503051.00778, 42, 18, '(Say) en un packetlogger en hostname pongo direccion o ip o que xD'),
(1691, 1315503052.99489, 39, 18, '(Say) saves?¿'),
(1692, 1315503068.8988, 39, 18, '(Say) te esta dando clases?¿'),
(1693, 1315503074.48212, 42, 18, '(Say) no xd'),
(1694, 1315503086.10379, 39, 18, '(Say) ya esta aus'),
(1695, 1315503086.87383, 39, 18, '(Say) xD'),
(1696, 1315503120.12473, 38, 18, '(Say) eins'),
(1697, 1315503120.81377, 38, 18, '(Say) no'),
(1698, 1315503121.90983, 38, 18, '(Say) xd'),
(1699, 1315503132.70145, 39, 18, '(Say) dark hola'),
(1700, 1315503135.07759, 42, 18, '(Say) mierda'),
(1701, 1315503136.79369, 39, 18, '(Say) saves ke las placas aumentan?¿'),
(1702, 1315503162.49516, 39, 18, '(Say) me vcoy luego'),
(1703, 1315503162.60716, 39, 18, '(Say) me meto'),
(1704, 1315503169.26354, 39, 18, '(Say) dew'),
(1705, 1315503183.46335, 42, 18, '(Say) ok'),
(1706, 1315503728.87055, 39, 18, '(Say) hola'),
(1707, 1315503827.79621, 42, 18, '(Say) ola'),
(1708, 1315503866.37141, 44, 18, '(Say) DARKIII'),
(1709, 1315503872.47576, 44, 18, '(Say) BUENASS'),
(1710, 1315503877.57806, 42, 18, '(Say) ola'),
(1711, 1315503877.82307, 44, 18, '(Say) soy LVPS'),
(1712, 1315503885.14549, 44, 18, '(Say) stif456'),
(1713, 1315503899.77933, 42, 18, '(Say) jaja'),
(1714, 1315503911.627, 42, 18, '(Say) mejor os dejo solos'),
(1715, 1315504996.84907, 47, 18, '(Say) daaaaark ƒ'),
(1716, 1315505012.31796, 39, 18, '(Say) etsa aus'),
(1717, 1315505013.077, 39, 18, '(Say) xD'),
(1718, 1315505024.60166, 39, 18, '(Say) esta termiannado de poner banzai etc'),
(1719, 1315505031.14704, 39, 18, '(Say) sigueme con jose'),
(1720, 1315505048.68604, 39, 19, '(Say) y aki sasuke'),
(1721, 1315505051.26119, 42, 19, '(Say) ola xd'),
(1722, 1315505064.70996, 39, 19, '(Say) es unulca'),
(1723, 1315505064.72096, 39, 19, '(Say) xD'),
(1724, 1315505065.81002, 42, 19, '(Say) ola unulca xD'),
(1725, 1315505071.80836, 47, 19, '(Say) ƒ'),
(1726, 1315505091.59049, 39, 19, '(Say) ahora ke lo pienso no hay agujero negro'),
(1727, 1315505097.85285, 42, 19, '(Say) ya'),
(1728, 1315505172.0611, 39, 19, '(Say) xD'),
(1729, 1315505174.81625, 39, 19, '(Say) esa la cocina?¿'),
(1730, 1315505178.55047, 39, 19, '(Say) <<<<<'),
(1731, 1315505179.70153, 39, 19, '(Say) <<<<'),
(1732, 1315505180.67659, 42, 19, '(Say) she xD'),
(1733, 1315505196.06647, 39, 19, '(Say) yap'),
(1734, 1315505213.35746, 39, 19, '(Say) xD'),
(1735, 1315505220.59887, 42, 19, '(Say) que lo mueves tu?'),
(1736, 1315505228.87735, 39, 19, '(Say) si'),
(1737, 1315505228.89835, 39, 19, '(Say) xD'),
(1738, 1315505236.36877, 42, 19, '(Say) ps para e.e'),
(1739, 1315505240.275, 39, 19, '(Say) lee mi placa'),
(1740, 1315505241.25405, 39, 19, '(Say) xD'),
(1741, 1315505244.54424, 39, 19, '(Say) am oki'),
(1742, 1315505252.43669, 42, 19, '(Say) yo no tengo e.e'),
(1743, 1315505261.00018, 39, 19, '(Say) dark sigue aus'),
(1744, 1315505275.06299, 47, 19, '(Shout) tengo 20 $'),
(1745, 1315505276.42007, 47, 19, '(Say) :l'),
(1746, 1315505277.21511, 42, 19, '(Say) xd'),
(1747, 1315505291.32692, 42, 19, '(Say) compra lingotes en seccion staff'),
(1748, 1315505310.33501, 42, 19, '(Say) sino que te de juanma xD'),
(1749, 1315505320.34758, 39, 19, '(Say) oki'),
(1750, 1315505321.78766, 39, 19, '(Say) pero'),
(1751, 1315505323.35375, 39, 19, '(Say) espera'),
(1752, 1315505333.57333, 39, 19, '(Say) los creditos'),
(1753, 1315505335.27343, 39, 19, '(Say) valen pixeles'),
(1754, 1315505340.51573, 39, 19, '(Say) de la seccion pixeles'),
(1755, 1315505342.04482, 39, 19, '(Say) se sacan'),
(1756, 1315505342.83986, 39, 19, '(Say) xD'),
(1757, 1315505385.80532, 47, 19, '(Say) juanma'),
(1758, 1315505387.78443, 47, 19, '(Say) dame $'),
(1759, 1315505388.60748, 47, 19, '(Say) xdddd'),
(1760, 1315505394.42681, 47, 19, '(Say) Que no me llega ni para vip'),
(1761, 1315505596.34736, 47, 18, '(Say) :pull Darkenental'),
(1762, 1315506258.02521, 38, 18, '(Say) :l'),
(1763, 1315506264.00355, 38, 18, '(Say) :ha hola'),
(1764, 1315506697.90237, 42, 19, '(Say) {'),
(1765, 1315507705.67501, 38, 18, '(Say) ebewrb'),
(1766, 1315507735.88674, 38, 18, '(Say) ttp://www.mediafire.com/?w4u0ru0x35fe558'),
(1767, 1315510661.40207, 44, 21, '(Shout) :COMMANDS'),
(1768, 1315513034.4814, 42, 19, '(Say) xD'),
(1769, 1315513036.38748, 38, 19, '(Say) LOL'),
(1770, 1315513040.15867, 38, 19, '(Say) tio'),
(1771, 1315513052.67135, 38, 19, '(Say) ahora los comandos son con el simbolo del dolar ($) en vez de con los :'),
(1772, 1315513057.5136, 38, 19, '(Say) asi se puede poner :D'),
(1773, 1315513061.61482, 42, 19, '(Say) xD'),
(1774, 1315513068.47718, 42, 19, '(Say) hay un bug'),
(1775, 1315513089.53029, 42, 19, '(Say) intenta caminar hasta el cuadro de la derecha mio xD'),
(1776, 1315513106.71819, 38, 19, '(Say) ah'),
(1777, 1315513108.29627, 38, 19, '(Say) eso ya'),
(1778, 1315513109.41733, 38, 19, '(Say) lo se'),
(1779, 1315513110.6494, 38, 19, '(Say) xd'),
(1780, 1315513111.76846, 38, 19, '(Say) es asi'),
(1781, 1315513117.27174, 42, 19, '(Say) xD'),
(1782, 1315513132.15455, 42, 19, '(Say) xD'),
(1783, 1315513137.63984, 42, 19, '(Say) no me funciona la trax'),
(1784, 1315513152.72065, 38, 19, '(Say) xd'),
(1785, 1315513170.61032, 38, 19, '(Say) ami si'),
(1786, 1315513175.72648, 38, 19, '(Say) coño'),
(1787, 1315513178.10561, 38, 19, '(Say) has de tener el cd'),
(1788, 1315513181.07377, 38, 19, '(Say) en el inventario'),
(1789, 1315513182.24884, 38, 19, '(Say) -.-'),
(1790, 1315513183.4129, 38, 19, '(Say) xd'),
(1791, 1315513189.1192, 42, 19, '(Say) ha'),
(1792, 1315513193.2954, 42, 19, '(Say) yo los tenia en la sala xD'),
(1793, 1315513199.88374, 38, 19, '(Say) seria $ha joder xd'),
(1794, 1315513209.27622, 38, 19, '(Say) ves?'),
(1795, 1315513209.91425, 38, 19, '(Say) xd'),
(1796, 1315513219.52275, 42, 19, '(Say) si xd'),
(1797, 1315513241.01794, 38, 19, '(Say) ah si'),
(1798, 1315513242.68103, 38, 19, '(Say) e de robar'),
(1799, 1315513247.99032, 38, 19, '(Say) las swf a meh0d xd'),
(1800, 1315513252.29056, 42, 19, '(Say) xD'),
(1801, 1315513257.24282, 38, 19, '(Say) estube muy liado con el $commands'),
(1802, 1315513262.6651, 38, 19, '(Say) ponlo, ya veras'),
(1803, 1315513269.71248, 42, 19, '(Say) dame rango ya que estas xD'),
(1804, 1315513275.30678, 38, 19, '(Say) mirale coñe'),
(1805, 1315513275.80881, 38, 19, '(Say) xd'),
(1806, 1315513298.78898, 38, 19, '(Say) tio...'),
(1807, 1315513304.7703, 38, 19, '(Say) mira el comando $commands'),
(1808, 1315513307.64446, 38, 19, '(Say) azme caso xd'),
(1809, 1315513317.71801, 42, 19, '(Say) a'),
(1810, 1315513326.90351, 42, 19, '(Say) $ha hahaha'),
(1811, 1315513330.90374, 42, 19, '(Say) xd'),
(1812, 1315513333.17887, 38, 19, '(Say) jajaja'),
(1813, 1315513335.82402, 38, 19, '(Say) rango coñe'),
(1814, 1315513336.34905, 38, 19, '(Say) xd'),
(1815, 1315513381.65939, 38, 19, '(Say) ah si coño'),
(1816, 1315513383.52249, 38, 19, '(Say) el override'),
(1817, 1315513384.31653, 38, 19, '(Say) D:'),
(1818, 1315513441.90923, 42, 19, '(Say) xd'),
(1819, 1315513713.25703, 42, 19, '(Say) los juegos no estan fix?'),
(1820, 1315514060.8703, 38, 19, '(Say) voy'),
(1821, 1315514064.6205, 38, 19, '(Say) a reiniciar'),
(1822, 1315514065.72356, 38, 19, '(Say) el holo'),
(1823, 1315514069.84777, 38, 19, '(Say) ok?'),
(1824, 1315514070.61181, 42, 19, '(Say) ok'),
(1825, 1315514848.87068, 42, 18, '(Say) xd'),
(1826, 1315519743.40889, 38, 18, '(Say) :commands'),
(1827, 1315528666.53391, 38, 18, '(Say) :halink www.kekomundo.com provando'),
(1828, 1315528683.98901, 38, 18, '(Say) www.kekomundo.com o www.google.es'),
(1829, 1315581480.08071, 43, 18, '(Say) Muerto'),
(1830, 1315581481.86071, 43, 18, '(Say) Dame rangito enga'),
(1831, 1315581531.42639, 43, 18, '(Say) Muerto viviente'),
(1832, 1315581563.44984, 43, 18, '(Say) Feo'),
(1833, 1315581565.01592, 43, 18, '(Say) sTas'),
(1834, 1315581567.56606, 43, 18, '(Say) Xdd'),
(1835, 1315581569.19115, 43, 18, '(Say) xDD'),
(1836, 1315581578.00959, 43, 18, '(Say) Feoo'),
(1837, 1315581580.18269, 43, 18, '(Shout) OOOO'),
(1838, 1315581582.96944, 43, 18, '(Shout) OOOSDDSDS'),
(1839, 1315581583.79949, 43, 18, '(Say) OOO'),
(1840, 1315581741.58559, 43, 18, '(Say) ese muerto'),
(1841, 1315581742.66559, 43, 18, '(Say) ;('),
(1842, 1315582083.00844, 38, 18, '(Say) :rank ElCoyote'),
(1843, 1315598681.3701, 38, 18, '(Say) $fgbr'),
(1844, 1315599296.66914, 38, 18, '(Say) $ha ha perfecto y funcionando'),
(1845, 1315599630.0032, 38, 18, '(Say) :ha Ha fixelado, ya no da errores de solo mandar una palabra (ese error estaba en el ha de tito)'),
(1846, 1315603753.64701, 50, 22, '(Say) :commands'),
(1847, 1315603770.97068, 38, 22, '(Say) hello'),
(1848, 1315603774.50587, 50, 22, '(Say) hi'),
(1849, 1315603781.90795, 38, 22, '(Say) peticion de amistad'),
(1850, 1315603783.45297, 38, 22, '(Say) perfecta'),
(1851, 1315603790.32706, 50, 22, '(Say) yeah'),
(1852, 1315603793.9501, 38, 22, '(Whisper to CristiaN) susurros?'),
(1853, 1315603796.27112, 50, 22, '(Say) give me credits plis'),
(1854, 1315603799.67819, 38, 22, '(Say) okay'),
(1855, 1315603808.86052, 50, 22, '(Whisper to Darkenental) perfect'),
(1856, 1315603809.75457, 38, 22, '(Say) I use $credits'),
(1857, 1315603823.93594, 38, 22, '(Say) recarga'),
(1858, 1315603827.47791, 38, 22, '(Say) y los tendras'),
(1859, 1315603828.36296, 38, 22, '(Say) ;)'),
(1860, 1315603896.2462, 38, 22, '(Say) lo de'),
(1861, 1315603899.12036, 38, 22, '(Say) transpasar'),
(1862, 1315603901.19036, 38, 22, '(Say) es aposta xd'),
(1863, 1315603907.98037, 38, 22, '(Say) asi a un que te rodeen'),
(1864, 1315603915.75249, 38, 22, '(Say) ste puedes ir'),
(1865, 1315603917.63255, 38, 22, '(Say) peeeero'),
(1866, 1315603920.22759, 38, 22, '(Say) no te puedes quedar'),
(1867, 1315603922.2876, 38, 22, '(Say) en el cuadro'),
(1868, 1315603925.93366, 38, 22, '(Say) ocupado pro un usuario'),
(1869, 1315603931.21366, 50, 22, '(Say) ams ok'),
(1870, 1315603936.12083, 38, 22, '(Say) intenta'),
(1871, 1315603937.50791, 38, 22, '(Say) ya veras'),
(1872, 1315603938.37495, 38, 22, '(Say) :P'),
(1873, 1315603942.32002, 50, 22, '(Say) ya intente'),
(1874, 1315603942.33002, 50, 22, '(Say) xD');
INSERT INTO `moderation_chatlogs` (`id`, `timestamp`, `user_id`, `room_id`, `message`) VALUES
(1875, 1315603991.85585, 50, 22, '(Say) los'),
(1876, 1315603994.29991, 50, 22, '(Say) trofeos'),
(1877, 1315603996.60991, 50, 22, '(Say) no se pueden comprar'),
(1878, 1315603997.16894, 50, 22, '(Say) xD'),
(1879, 1315604001.8192, 38, 22, '(Say) no?'),
(1880, 1315604004.46534, 38, 22, '(Say) voy a mirar...'),
(1881, 1315604023.00176, 38, 22, '(Say) ah'),
(1882, 1315604024.73781, 38, 22, '(Say) cierto'),
(1883, 1315604026.87087, 38, 22, '(Say) maldito habbo'),
(1884, 1315604029.47088, 50, 22, '(Say) luego arregla los text xD'),
(1885, 1315604030.66088, 38, 22, '(Say) cambio los packets'),
(1886, 1315604039.504, 50, 22, '(Say) xD'),
(1887, 1315604047.72219, 50, 22, '(Say) deberian hacer algo que trabaje independiente a habbo'),
(1888, 1315604052.81845, 38, 22, '(Say) nono'),
(1889, 1315604056.40464, 38, 22, '(Say) si es independiente'),
(1890, 1315604058.78273, 38, 22, '(Say) solo k coji'),
(1891, 1315604061.84675, 38, 22, '(Say) sus swf'),
(1892, 1315604062.51679, 38, 22, '(Say) xd'),
(1893, 1315604064.89791, 50, 22, '(Say) aa'),
(1894, 1315604065.29594, 50, 22, '(Say) xD'),
(1895, 1315604074.33221, 38, 22, '(Say) roles'),
(1896, 1315604076.81221, 38, 22, '(Say) perfect'),
(1897, 1315604111.62858, 38, 22, '(Say) usa el $commands'),
(1898, 1315604125.46399, 50, 22, '(Say) :('),
(1899, 1315604128.32715, 50, 22, '(Say) no te dan cajitas'),
(1900, 1315604131.57729, 38, 22, '(Say) da'),
(1901, 1315604131.80729, 50, 22, '(Say) $commando'),
(1902, 1315604136.8973, 38, 22, '(Say) directamente'),
(1903, 1315604138.5273, 38, 22, '(Say) el furni'),
(1904, 1315604142.4973, 38, 22, '(Say) asi menos lios'),
(1905, 1315604149.02532, 50, 22, '(Say) pero'),
(1906, 1315604151.22037, 50, 22, '(Say) no pueden'),
(1907, 1315604152.50037, 50, 22, '(Say) vender cajas'),
(1908, 1315604153.11139, 50, 22, '(Say) xd'),
(1909, 1315604157.00743, 38, 22, '(Say) em si'),
(1910, 1315604158.77552, 50, 22, '(Say) :online'),
(1911, 1315604159.21053, 38, 22, '(Say) si se pueden'),
(1912, 1315604163.15865, 38, 22, '(Say) error'),
(1913, 1315604166.40865, 38, 22, '(Say) es $online'),
(1914, 1315604168.04371, 38, 22, '(Say) ;;)'),
(1915, 1315604169.73372, 50, 22, '(Say) edita'),
(1916, 1315604172.56372, 50, 22, '(Say) el comando xD'),
(1917, 1315604175.04083, 38, 22, '(Say) nono'),
(1918, 1315604177.31795, 38, 22, '(Say) es aposta'),
(1919, 1315604179.56397, 38, 22, '(Say) sowlight'),
(1920, 1315604182.6941, 38, 22, '(Say) lo tiene en los :'),
(1921, 1315604185.00411, 38, 22, '(Say) pero eso hace'),
(1922, 1315604191.54538, 38, 22, '(Say) que no se pueda poner :) :( :D :l'),
(1923, 1315604192.61843, 38, 22, '(Say) etc'),
(1924, 1315604196.58079, 50, 22, '(Say) :)'),
(1925, 1315604199.40495, 50, 22, '(Say) no sabia xD'),
(1926, 1315604204.40011, 38, 22, '(Say) lo resetee a $'),
(1927, 1315604205.03515, 50, 22, '(Shout) $S'),
(1928, 1315604206.84818, 38, 22, '(Say) para que se pueda'),
(1929, 1315604212.27928, 50, 22, '(Say) :$'),
(1930, 1315604218.01237, 50, 22, '(Say) $:'),
(1931, 1315604218.23238, 38, 22, '(Say) nono xd'),
(1932, 1315604221.81256, 38, 22, '(Say) es $commands'),
(1933, 1315604224.16364, 38, 22, '(Say) por ejemplo'),
(1934, 1315604228.04579, 50, 22, '(Say) si se'),
(1935, 1315604228.81882, 50, 22, '(Say) xD'),
(1936, 1315604230.42889, 50, 22, '(Say) estaba'),
(1937, 1315604232.27994, 50, 22, '(Say) provando'),
(1938, 1315604234.73901, 38, 22, '(Say) ah ok'),
(1939, 1315604240.52029, 50, 22, '(Say) si podia poner $:'),
(1940, 1315604245.14549, 38, 22, '(Say) claro'),
(1941, 1315604254.85992, 50, 22, '(Say) $:'),
(1942, 1315604257.19001, 50, 22, '(Say) pero aparece'),
(1943, 1315604261.08001, 50, 22, '(Say) la alerta'),
(1944, 1315604261.98002, 50, 22, '(Say) tambien xD'),
(1945, 1315604267.15002, 38, 22, '(Say) claro xd'),
(1946, 1315604270.01111, 38, 22, '(Say) has de poner'),
(1947, 1315604273.20919, 38, 22, '(Say) dos frases'),
(1948, 1315604276.64932, 38, 22, '(Say) u una palabra'),
(1949, 1315604279.75637, 38, 22, '(Say) de extension'),
(1950, 1315604280.27939, 50, 22, '(Say) $directpixels CristiaN 100'),
(1951, 1315604286.81549, 38, 22, '(Say) em'),
(1952, 1315604287.81549, 38, 22, '(Say) espera'),
(1953, 1315604290.35549, 38, 22, '(Say) k te doy rank'),
(1954, 1315604294.65955, 50, 22, '(Say) xD'),
(1955, 1315604295.02956, 38, 22, '(Say) con el $rank xd'),
(1956, 1315604301.40956, 50, 22, '(Say) tonces haz que no aparescan'),
(1957, 1315604302.13957, 50, 22, '(Say) :D'),
(1958, 1315604307.51171, 38, 22, '(Say) listo'),
(1959, 1315604317.24556, 50, 22, '(Say) que'),
(1960, 1315604320.9057, 50, 22, '(Say) rara la advertencia'),
(1961, 1315604321.68775, 50, 22, '(Say) xD'),
(1962, 1315604321.74875, 38, 22, '(Say) ya tienss rango'),
(1963, 1315604329.97009, 50, 22, '(Say) y no es Felicidades??'),
(1964, 1315604365.82671, 50, 22, '(Say) $directpixels CristiaN 100'),
(1965, 1315604368.74776, 50, 22, '(Say) :D'),
(1966, 1315604369.6468, 38, 22, '(Say) reinicia'),
(1967, 1315604371.23785, 38, 22, '(Say) para el rank'),
(1968, 1315604371.66785, 38, 22, '(Say) xd'),
(1969, 1315604381.65787, 50, 22, '(Say) como van a vender'),
(1970, 1315604384.05787, 50, 22, '(Say) cajas ecotron'),
(1971, 1315604385.90193, 50, 22, '(Say) si no salen xD'),
(1972, 1315604390.63299, 38, 22, '(Say) en la categoria'),
(1973, 1315604392.02506, 38, 22, '(Say) system'),
(1974, 1315604393.29613, 38, 22, '(Say) ;P'),
(1975, 1315604396.80817, 38, 22, '(Say) por si'),
(1976, 1315604400.22817, 38, 22, '(Say) las echaban'),
(1977, 1315604402.40724, 38, 22, '(Say) de menos'),
(1978, 1315604402.94724, 38, 22, '(Say) xd'),
(1979, 1315604410.98862, 38, 22, '(Say) wired aun no'),
(1980, 1315604415.91183, 50, 22, '(Say) :(ok'),
(1981, 1315604417.94183, 50, 22, '(Say) queria aprender'),
(1982, 1315604419.29183, 38, 22, '(Say) no leiste el (pronto codeados) xddd'),
(1983, 1315604419.47183, 50, 22, '(Say) a usarlos xXD'),
(1984, 1315604427.6819, 38, 22, '(Say) para eso, phx'),
(1985, 1315604428.2419, 38, 22, '(Say) xd'),
(1986, 1315604471.31748, 38, 22, '(Say) codeado'),
(1987, 1315604473.54659, 38, 22, '(Say) ^^'),
(1988, 1315604479.27187, 50, 22, '(Say) puto'),
(1989, 1315604479.88088, 50, 22, '(Say) msn'),
(1990, 1315604481.74295, 50, 22, '(Say) se me pega'),
(1991, 1315604484.4491, 38, 22, '(Say) xd'),
(1992, 1315604494.94421, 38, 22, '(Say) recarga'),
(1993, 1315604503.34846, 38, 22, '(Say) te puse 100000 creditos y pixeles'),
(1994, 1315604505.57452, 38, 22, '(Say) y tambien rango'),
(1995, 1315604509.94953, 50, 22, '(Say) tengo que formatear este pc'),
(1996, 1315604516.46888, 38, 22, '(Say) lol'),
(1997, 1315604516.8289, 38, 22, '(Say) xd'),
(1998, 1315604616.23482, 38, 22, '(Say) que te parece el emu por ahora?'),
(1999, 1315604623.29327, 50, 22, '(Say) bien'),
(2000, 1315604625.15638, 50, 22, '(Say) una pregunta'),
(2001, 1315604627.62551, 38, 22, '(Say) dime'),
(2002, 1315604628.12754, 50, 22, '(Say) que rango tenia'),
(2003, 1315604629.03759, 50, 22, '(Say) anteS?'),
(2004, 1315604634.91176, 38, 22, '(Say) el 0'),
(2005, 1315604637.08686, 38, 22, '(Say) a un que'),
(2006, 1315604638.61686, 38, 22, '(Say) este emu'),
(2007, 1315604642.25203, 38, 22, '(Say) no va pro rangos'),
(2008, 1315604644.27614, 38, 22, '(Say) mas bien'),
(2009, 1315604644.89614, 50, 22, '(Say) me apareceian las mod tools'),
(2010, 1315604645.35614, 50, 22, '(Say) xD'),
(2011, 1315604647.32614, 38, 22, '(Say) va pro placas'),
(2012, 1315604652.33026, 38, 22, '(Say) si ve que tienes la placa adm'),
(2013, 1315604654.70939, 38, 22, '(Say) te hace adm'),
(2014, 1315604655.92946, 38, 22, '(Say) y asi'),
(2015, 1315604656.41448, 38, 22, '(Say) xd'),
(2016, 1315604659.54355, 50, 22, '(Say) jaja'),
(2017, 1315604662.37061, 50, 22, '(Say) que peligroso xD'),
(2018, 1315604687.91433, 50, 22, '(Say) prueba con los hack de habbo que eran clientside'),
(2019, 1315604689.66443, 50, 22, '(Say) para dar placas'),
(2020, 1315604691.29352, 38, 22, '(Say) mira el $inforank'),
(2021, 1315604694.33259, 38, 22, '(Say) para mas informacion'),
(2022, 1315604695.36259, 50, 22, '(Say) en una de esas se confunde y te da admin'),
(2023, 1315604702.03892, 38, 22, '(Say) nah'),
(2024, 1315604704.17704, 38, 22, '(Say) las placas'),
(2025, 1315604709.0632, 38, 22, '(Say) son asignadas'),
(2026, 1315604714.2532, 38, 22, '(Say) independientemente dle usuario'),
(2027, 1315604717.53321, 38, 22, '(Say) tienes k introducir'),
(2028, 1315604719.86525, 38, 22, '(Say) el usuario'),
(2029, 1315604722.6443, 38, 22, '(Say) y la placa'),
(2030, 1315604728.34134, 50, 22, '(Say) amo esa'),
(2031, 1315604728.61134, 38, 22, '(Say) no solo una cosa o la otra'),
(2032, 1315604730.11134, 50, 22, '(Say) cosa que mueve'),
(2033, 1315604730.83135, 50, 22, '(Say) la sala'),
(2034, 1315604734.50135, 50, 22, '(Say) para mostrarte los furnis'),
(2035, 1315604741.58954, 38, 22, '(Say) xd'),
(2036, 1315604761.2762, 50, 22, '(Say) no esta'),
(2037, 1315604765.70745, 50, 22, '(Say) un poco descentrado?'),
(2038, 1315604768.28159, 38, 22, '(Say) que estes un poco movido'),
(2039, 1315604769.71367, 38, 22, '(Say) es por'),
(2040, 1315604771.9598, 38, 22, '(Say) que el saco'),
(2041, 1315604776.65198, 38, 22, '(Say) tendria k estar elevado'),
(2042, 1315604781.1461, 38, 22, '(Say) un o.2'),
(2043, 1315604782.70117, 38, 22, '(Say) mas alto'),
(2044, 1315604797.87879, 38, 22, '(Say) eso se hace'),
(2045, 1315604799.79684, 38, 22, '(Say) de database'),
(2046, 1315604800.26287, 38, 22, '(Say) xd'),
(2047, 1315604802.73896, 50, 22, '(Say) a'),
(2048, 1315604803.17499, 50, 22, '(Say) xD'),
(2049, 1315604805.164, 50, 22, '(Say) yo dije'),
(2050, 1315604807.174, 50, 22, '(Say) y como se supone'),
(2051, 1315604809.95401, 50, 22, '(Say) que haga eso'),
(2052, 1315604819.61544, 38, 22, '(Say) no entendi'),
(2053, 1315604848.57427, 38, 22, '(Say) !!!!!'),
(2054, 1315604850.34427, 50, 22, '(Say) ahora si'),
(2055, 1315604850.40427, 50, 22, '(Say) xD'),
(2056, 1315604853.64433, 38, 22, '(Say) nah'),
(2057, 1315604855.75534, 38, 22, '(Say) al ser adm'),
(2058, 1315604859.41534, 38, 22, '(Say) no puedes'),
(2059, 1315604859.87534, 38, 22, '(Say) xd'),
(2060, 1315604861.34534, 50, 22, '(Say) me muteo xD'),
(2061, 1315604868.40535, 50, 22, '(Say) a eso me referia'),
(2062, 1315604899.53206, 38, 22, '(Say) te importa'),
(2063, 1315604906.79026, 38, 22, '(Say) que ponga musica?'),
(2064, 1315604910.54247, 50, 22, '(Say) no'),
(2065, 1315604924.30512, 38, 22, '(Say) ok'),
(2066, 1315604927.30917, 38, 22, '(Say) genial'),
(2067, 1315604928.15917, 38, 22, '(Say) ^^'),
(2068, 1315604941.82128, 50, 22, '(Say) oyer'),
(2069, 1315604948.21349, 50, 22, '(Say) con las cajas de ecotron'),
(2070, 1315604949.26554, 50, 22, '(Say) me referia'),
(2071, 1315604950.82863, 50, 22, '(Say) a las que hacian'),
(2072, 1315604952.45172, 50, 22, '(Say) para vender'),
(2073, 1315604978.22656, 38, 22, '(Say) e n un momento'),
(2074, 1315604981.23863, 38, 22, '(Say) empezaras a oirla'),
(2075, 1315604981.33563, 38, 22, '(Say) :P'),
(2076, 1315604990.13186, 50, 22, '(Say) ya la esucho'),
(2077, 1315604996.13402, 50, 22, '(Say) me acuerdo cuando poner 2 cajas'),
(2078, 1315604998.10506, 50, 22, '(Say) era imposible'),
(2079, 1315604998.61307, 50, 22, '(Say) xD'),
(2080, 1315605003.19816, 38, 22, '(Say) xd'),
(2081, 1315605035.99577, 50, 22, '(Say) em'),
(2082, 1315605041.72994, 50, 22, '(Say) para que vendes paredes'),
(2083, 1315605042.24795, 50, 22, '(Say) xD'),
(2084, 1315605046.91003, 50, 22, '(Say) que no sirven'),
(2085, 1315605069.75689, 50, 22, '(Say) ese pato no funciona'),
(2086, 1315605085.89356, 38, 22, '(Say) y que se supone'),
(2087, 1315605089.45376, 38, 22, '(Say) que tiene que hacer?'),
(2088, 1315605089.86878, 38, 22, '(Say) xd'),
(2089, 1315605093.60798, 50, 22, '(Say) 7 dias'),
(2090, 1315605095.83798, 50, 22, '(Say) de hc'),
(2091, 1315605098.44105, 50, 22, '(Say) o al menos eso dice'),
(2092, 1315605106.0601, 38, 22, '(Say) ah si xd'),
(2093, 1315605114.50012, 38, 22, '(Say) ups'),
(2094, 1315605116.62012, 38, 22, '(Say) perdon'),
(2095, 1315605117.12012, 38, 22, '(Say) xd'),
(2096, 1315605163.43652, 50, 22, '(Say) camarita'),
(2097, 1315605164.20653, 50, 22, '(Say) amada'),
(2098, 1315605171.4856, 38, 22, '(Say) un recuerdo'),
(2099, 1315605173.79561, 38, 22, '(Say) muy bueno'),
(2100, 1315605175.84561, 50, 22, '(Say) si :('),
(2101, 1315605176.32561, 38, 22, '(Say) a decir verdad'),
(2102, 1315605182.19267, 38, 22, '(Say) sobre todo'),
(2103, 1315605183.67271, 38, 22, '(Say) de cuando'),
(2104, 1315605187.07778, 38, 22, '(Say) se scripteaban'),
(2105, 1315605190.29785, 38, 22, '(Say) y se ponian'),
(2106, 1315605197.57195, 38, 22, '(Say) fotos que se querian'),
(2107, 1315605198.22796, 38, 22, '(Say) xd'),
(2108, 1315605199.86796, 50, 22, '(Say) que raro que en ves de fixearlo hayan eliminado la camara xD'),
(2109, 1315605208.11214, 38, 22, '(Say) es k'),
(2110, 1315605210.67719, 38, 22, '(Say) se scripteaban'),
(2111, 1315605211.67323, 38, 22, '(Say) xd'),
(2112, 1315605222.76185, 50, 22, '(Say) pèro con todo el dinero que tiene'),
(2113, 1315605226.60006, 50, 22, '(Say) como no lo arreglan xD'),
(2114, 1315605233.98782, 38, 22, '(Say) por que'),
(2115, 1315605236.37683, 38, 22, '(Say) son idiotas'),
(2116, 1315605236.90386, 38, 22, '(Say) xd'),
(2117, 1315605258.74449, 38, 22, '(Say) m...'),
(2118, 1315605261.3745, 38, 22, '(Say) pasa algo'),
(2119, 1315605264.36555, 38, 22, '(Say) pro bañarme'),
(2120, 1315605265.09656, 50, 22, '(Say) estoy sorprendido de que copien a habbo sin gastar los millones que ellos se gasan'),
(2121, 1315605265.69656, 50, 22, '(Say) xD'),
(2122, 1315605267.58165, 38, 22, '(Say) entre limonada?'),
(2123, 1315605278.34502, 50, 22, '(Say) te pones acido'),
(2124, 1315605282.40525, 38, 22, '(Say) m..'),
(2125, 1315605290.71068, 38, 22, '(Say) chupame a ver si es cierto...'),
(2126, 1315605291.20971, 38, 22, '(Say) xd'),
(2127, 1315605300.86401, 50, 22, '(Say) xD'),
(2128, 1315605323.64055, 50, 22, '(Say) me dio'),
(2129, 1315605324.82858, 50, 22, '(Say) la placa'),
(2130, 1315605328.12263, 50, 22, '(Say) de vip 2 veces'),
(2131, 1315605328.56566, 50, 22, '(Say) xD'),
(2132, 1315605330.45768, 50, 22, '(Say) osea 2 premios'),
(2133, 1315605342.31081, 38, 22, '(Say) la hc'),
(2134, 1315605343.8829, 38, 22, '(Say) y la vip'),
(2135, 1315605345.39598, 38, 22, '(Say) mas bien'),
(2136, 1315605357.23918, 38, 22, '(Say) a la hc y la vip'),
(2137, 1315605357.6572, 38, 22, '(Say) xd'),
(2138, 1315605391.89942, 38, 22, '(Say) mira'),
(2139, 1315605396.11066, 38, 22, '(Say) el ticket browser'),
(2140, 1315605414.4974, 38, 22, '(Say) funciona bien?'),
(2141, 1315605438.41032, 38, 22, '(Say) xddddddddddd'),
(2142, 1315605444.04447, 50, 22, '(Say) habbo info no xD'),
(2143, 1315605449.41463, 38, 22, '(Say) pero'),
(2144, 1315605451.91666, 38, 22, '(Say) por k lleva'),
(2145, 1315605455.76477, 38, 22, '(Say) a uberhotel.orgia'),
(2146, 1315605456.63178, 38, 22, '(Say) xd'),
(2147, 1315605470.50793, 38, 22, '(Say) odio los .org'),
(2148, 1315605472.37994, 50, 22, '(Say) https://theallseeingeye.sulake.com/ase/habbo/us/housekeeping/extra/hobba/scam_userinfo_new.action?se'),
(2149, 1315605479.58634, 38, 22, '(Say) suenan a... orgia'),
(2150, 1315605481.12943, 38, 22, '(Say) xddd'),
(2151, 1315605488.39863, 50, 22, '(Say) casi te baneo'),
(2152, 1315605494.49281, 38, 22, '(Say) wtf'),
(2153, 1315605494.96184, 38, 22, '(Say) xd'),
(2154, 1315605525.58639, 38, 22, '(Say) asdasd'),
(2155, 1315605528.4264, 38, 22, '(Say) asd*'),
(2156, 1315605529.0464, 50, 22, '(Say) ta bueno qe no kick a los admin xD'),
(2157, 1315605529.6164, 38, 22, '(Say) xd'),
(2158, 1315605535.43641, 38, 22, '(Say) claro'),
(2159, 1315605536.38641, 38, 22, '(Say) :P'),
(2160, 1315605542.7357, 38, 22, '(Say) lo bueno'),
(2161, 1315605544.68781, 38, 22, '(Say) es que'),
(2162, 1315605546.93389, 38, 22, '(Say) añadi'),
(2163, 1315605551.48715, 38, 22, '(Say) bastantes comandos'),
(2164, 1315605555.58427, 38, 22, '(Say) al no aver'),
(2165, 1315605559.58831, 38, 22, '(Say) housekeepong'),
(2166, 1315605567.67504, 38, 22, '(Say) housekeeping'),
(2167, 1315605569.53815, 38, 22, '(Say) ^*'),
(2168, 1315605577.16537, 50, 22, '(Say) xD'),
(2169, 1315605579.61537, 50, 22, '(Say) y no tendra?'),
(2170, 1315605586.89945, 38, 22, '(Say) voy a acer'),
(2171, 1315605591.40056, 38, 22, '(Say) k en vez de ser una web'),
(2172, 1315605594.52265, 38, 22, '(Say) sea un programa'),
(2173, 1315605596.67572, 38, 22, '(Say) lo programare'),
(2174, 1315605599.2568, 38, 22, '(Say) cuando me aburrq'),
(2175, 1315605601.50681, 38, 22, '(Say) aburra*'),
(2176, 1315605602.12681, 38, 22, '(Say) xd'),
(2177, 1315605605.31995, 50, 22, '(Say) aa'),
(2178, 1315605606.08399, 50, 22, '(Say) xD'),
(2179, 1315605606.74602, 50, 22, '(Say) ok'),
(2180, 1315605615.42644, 50, 22, '(Say) haber si creas una app'),
(2181, 1315605618.40355, 50, 22, '(Say) para la appstore'),
(2182, 1315605618.87355, 50, 22, '(Say) xD'),
(2183, 1315605626.73269, 38, 22, '(Say) lo dudo xd'),
(2184, 1315605637.80983, 50, 22, '(Say) otra para android y otra java xD'),
(2185, 1315605652.32099, 38, 22, '(Say) no'),
(2186, 1315605653.29099, 38, 22, '(Say) te me'),
(2187, 1315605656.53099, 38, 22, '(Say) emociones'),
(2188, 1315605657.891, 38, 22, '(Say) a un k'),
(2189, 1315605660.98803, 38, 22, '(Say) a decir verdad'),
(2190, 1315605661.50706, 50, 22, '(Say) tiene'),
(2191, 1315605665.94717, 50, 22, '(Say) hasta quest xD'),
(2192, 1315605666.21118, 38, 22, '(Say) estoy creando un virus'),
(2193, 1315605669.32831, 38, 22, '(Say) k funciona'),
(2194, 1315605672.82451, 38, 22, '(Say) que se puede manejar*'),
(2195, 1315605675.40466, 38, 22, '(Say) desde la wii'),
(2196, 1315605677.50477, 38, 22, '(Say) desde el movil'),
(2197, 1315605683.14905, 38, 22, '(Say) desde la ds...'),
(2198, 1315605692.5274, 50, 22, '(Say) que raro'),
(2199, 1315605692.5414, 50, 22, '(Say) xD'),
(2200, 1315605712.20206, 50, 22, '(Say) no me cuenta un movimiento'),
(2201, 1315605721.69714, 50, 22, '(Say) a no se rotaba xD'),
(2202, 1315605734.41354, 50, 22, '(Say) SABES'),
(2203, 1315605736.73667, 50, 22, '(Say) lo que seria genial'),
(2204, 1315605739.98185, 50, 22, '(Say) que se pudiera'),
(2205, 1315605742.47496, 50, 22, '(Say) comprar mas de 1 cosa'),
(2206, 1315605749.18517, 50, 22, '(Say) mas de 1 de cada cosa a la ves'),
(2207, 1315605756.81054, 38, 22, '(Say) aaaah'),
(2208, 1315605757.81054, 38, 22, '(Say) eso'),
(2209, 1315605760.01059, 38, 22, '(Say) es facil'),
(2210, 1315605763.33168, 38, 22, '(Say) crear packs'),
(2211, 1315605764.76971, 38, 22, '(Say) de furnis'),
(2212, 1315605790.34367, 50, 22, '(Say) na pero que sea algo como'),
(2213, 1315605794.7617, 50, 22, '(Say) buy'),
(2214, 1315605797.2017, 50, 22, '(Say) cantidad 10'),
(2215, 1315605799.58975, 50, 22, '(Say) y te cobra'),
(2216, 1315605799.73876, 50, 22, '(Say) xD'),
(2217, 1315605827.75979, 38, 22, '(Say) em...'),
(2218, 1315605830.5739, 38, 22, '(Say) buena idea'),
(2219, 1315605837.51928, 38, 22, '(Say) lo intentaare'),
(2220, 1315605842.47939, 50, 22, '(Say) ok xD'),
(2221, 1315605845.14745, 50, 22, '(Say) siempre lo he querido'),
(2222, 1315605880.25562, 50, 22, '(Say) ya me salgo'),
(2223, 1315605882.15271, 50, 22, '(Say) mañana seguimos'),
(2224, 1315605884.31271, 50, 22, '(Say) o mas tarde'),
(2225, 1315625506.09655, 38, 18, '(Say) :online'),
(2226, 1315625578.35125, 38, 18, '(Say) :online'),
(2227, 1315625666.77525, 49, 18, '(Say) hola x)'),
(2228, 1315625667.37726, 38, 18, '(Say) curiosidad'),
(2229, 1315625672.8833, 49, 18, '(Say) :hackear'),
(2230, 1315625676.70934, 49, 18, '(Say) :hacker hotel'),
(2231, 1315625676.75934, 38, 18, '(Say) sabias que snowlight tiene el override oculto'),
(2232, 1315625678.35137, 49, 18, '(Say) xD'),
(2233, 1315625716.84804, 38, 18, '(Say) xd'),
(2234, 1315625722.38608, 38, 18, '(Say) te doy rank con el $rank'),
(2235, 1315625731.08623, 38, 18, '(Say) listo'),
(2236, 1315625745.48842, 49, 18, '(Say) No te olvides de decirle que recete!? Lol xD'),
(2237, 1315625755.17857, 49, 18, '(Say) Ya encontre un bug $;'),
(2238, 1315625762.12883, 38, 18, '(Say) se manda alerta'),
(2239, 1315625764.32692, 38, 18, '(Say) a todo el hotel'),
(2240, 1315625771.21316, 49, 18, '(Say) El mensaje que muestra es que el que solo deberias leer tu'),
(2241, 1315625775.10122, 38, 18, '(Say) ya'),
(2242, 1315625779.00325, 38, 18, '(Say) fue fallo de forex'),
(2243, 1315625782.55131, 38, 18, '(Say) el unico comando k hizo'),
(2244, 1315625785.65834, 38, 18, '(Say) los mios son perfectos'),
(2245, 1315625786.96641, 38, 18, '(Say) :$'),
(2246, 1315625793.34249, 38, 18, '(Say) xd'),
(2247, 1315625795.18953, 49, 18, '(Say) Por ejemplo yo debería de recibir "Has recibido el rango TAL de el adm TAL"'),
(2248, 1315625799.31159, 38, 18, '(Say) sisi'),
(2249, 1315625800.75162, 38, 18, '(Say) si lo se'),
(2250, 1315625801.45063, 38, 18, '(Say) xd'),
(2251, 1315625804.02965, 49, 18, '(Say) ah'),
(2252, 1315625805.27167, 49, 18, '(Say) :('),
(2253, 1315625809.30474, 38, 18, '(Say) xddddd'),
(2254, 1315625830.15639, 49, 18, '(Say) :commands'),
(2255, 1315625833.20856, 49, 18, '(Say) :comandos'),
(2256, 1315625835.97865, 49, 18, '(Say) lol xD'),
(2257, 1315625838.03073, 38, 18, '(Say) tu votaste que si a que fuera RSXpert? :$'),
(2258, 1315625842.09691, 38, 18, '(Say) es $commands'),
(2259, 1315625845.18806, 49, 18, '(Say) ah'),
(2260, 1315625847.6702, 49, 18, '(Say) fuck'),
(2261, 1315625881.25856, 38, 18, '(Say) dijiste si o no?'),
(2262, 1315625882.21657, 38, 18, '(Say) D:'),
(2263, 1315625894.43469, 38, 18, '(Say) xd'),
(2264, 1315625899.15682, 38, 18, '(Say) :overload'),
(2265, 1315625901.87684, 38, 18, '(Say) ups'),
(2266, 1315625905.53887, 49, 18, '(Say) Por que baila? xD'),
(2267, 1315625909.9829, 38, 18, '(Say) ah'),
(2268, 1315625914.44493, 38, 18, '(Say) por el michael jackson'),
(2269, 1315625915.50093, 38, 18, '(Say) xd'),
(2270, 1315625918.37896, 49, 18, '(Say) haha'),
(2271, 1315625942.04435, 49, 18, '(Say) oye otro error'),
(2272, 1315625943.05735, 49, 18, '(Say) xD'),
(2273, 1315625945.68137, 38, 18, '(Say) dime'),
(2274, 1315625955.2745, 49, 18, '(Say) comando $t muestra corazones en ves de las separaciones xD'),
(2275, 1315625957.93455, 49, 18, '(Say) es por el volter :$'),
(2276, 1315625965.29664, 38, 18, '(Say) OPS'),
(2277, 1315625972.45875, 38, 18, '(Say) xdddddddddddddddddddd'),
(2278, 1315625976.4628, 38, 18, '(Say) xDDDDDDDDDDDDDDDDDDDDDD'),
(2279, 1315625987.20889, 38, 18, '(Say) que bueno'),
(2280, 1315625987.87489, 38, 18, '(Say) xd'),
(2281, 1315626020.54637, 38, 18, '(Say) xd'),
(2282, 1315626021.0804, 49, 18, '(Say) otro error xD'),
(2283, 1315626023.33346, 38, 18, '(Say) si'),
(2284, 1315626023.93148, 38, 18, '(Say) ese'),
(2285, 1315626025.88551, 38, 18, '(Say) me le se'),
(2286, 1315626026.40952, 38, 18, '(Say) xd'),
(2287, 1315626041.88379, 49, 18, '(Say) s'),
(2288, 1315626063.90217, 49, 18, '(Say) Nu funciona ningun pixels, credits mass'),
(2289, 1315626073.08446, 38, 18, '(Say) si'),
(2290, 1315626073.85748, 38, 18, '(Say) pero'),
(2291, 1315626074.10249, 49, 18, '(Say) los $globalpixels & $globalcredits'),
(2292, 1315626076.22853, 38, 18, '(Say) has de recargar'),
(2293, 1315626077.10554, 38, 18, '(Say) coñe'),
(2294, 1315626085.84881, 38, 18, '(Say) xd'),
(2295, 1315626087.66283, 49, 18, '(Say) Y porque no colocas el reload auto? xD'),
(2296, 1315626100.688, 38, 18, '(Say) no se puede (creo)'),
(2297, 1315626108.00915, 38, 18, '(Say) ya que edita la dabatase'),
(2298, 1315626109.41219, 38, 18, '(Say) pero'),
(2299, 1315626113.09729, 38, 18, '(Say) no manda ningun'),
(2300, 1315626114.33731, 38, 18, '(Say) packet'),
(2301, 1315626131.91255, 49, 18, '(Say) Bueno al menos crea un hotelalert para que sepan que les llego eso'),
(2302, 1315626136.38969, 49, 18, '(Say) y reinicien de una vez'),
(2303, 1315626137.48771, 38, 18, '(Say) ok'),
(2304, 1315626139.29575, 38, 18, '(Say) eeso si'),
(2305, 1315626227.51398, 38, 18, '(Say) :online'),
(2306, 1315626422.46484, 38, 18, '(Say) te dire'),
(2307, 1315626430.88304, 38, 18, '(Say) el override:$'),
(2308, 1315626431.14704, 49, 18, '(Say) hola'),
(2309, 1315626433.91109, 49, 18, '(Say) :D'),
(2310, 1315626441.49315, 38, 18, '(Say) es $cliipping'),
(2311, 1315626451.21125, 38, 18, '(Say) perdon, $clipping'),
(2312, 1315626460.8494, 49, 18, '(Say) genial xD'),
(2313, 1315626475.34768, 38, 18, '(Say) el capullin de meth0d'),
(2314, 1315626481.41374, 38, 18, '(Say) le oculto'),
(2315, 1315626482.01376, 38, 18, '(Say) xd'),
(2316, 1315626493.29299, 38, 18, '(Say) clika'),
(2317, 1315626495.86101, 38, 18, '(Say) donde esta'),
(2318, 1315626498.13205, 38, 18, '(Say) la tx'),
(2319, 1315626499.32607, 38, 18, '(Say) xd'),
(2320, 1315626524.93682, 38, 18, '(Say) que'),
(2321, 1315626528.17489, 38, 18, '(Say) me confunfias'),
(2322, 1315626532.45909, 38, 18, '(Say) con el gato cosmico'),
(2323, 1315626534.66318, 38, 18, '(Say) ese?!!!!!!!'),
(2324, 1315626538.27623, 49, 18, '(Say) Si'),
(2325, 1315626539.79926, 49, 18, '(Say) hahaha'),
(2326, 1315626540.18527, 49, 18, '(Say) xD'),
(2327, 1315626544.45434, 38, 18, '(Say) *castrar*'),
(2328, 1315626549.78146, 38, 18, '(Say) listo'),
(2329, 1315626552.63151, 49, 18, '(Say) ;$'),
(2330, 1315626554.04953, 38, 18, '(Say) adios a lo que te sobraba'),
(2331, 1315626554.43354, 38, 18, '(Say) xd'),
(2332, 1315626558.34559, 49, 18, '(Say) xD'),
(2333, 1315626559.30361, 49, 18, '(Say) .i.'),
(2334, 1315626563.01565, 38, 18, '(Say) sep'),
(2335, 1315626564.56069, 38, 18, '(Say) eso'),
(2336, 1315626567.30874, 38, 18, '(Say) es lo k te corte'),
(2337, 1315626568.02677, 38, 18, '(Say) xd'),
(2338, 1315626575.00285, 49, 18, '(Say) WinEmu -> 1.500 créditos en habbo.es'),
(2339, 1315626579.51692, 49, 18, '(Say) HAHA! noob xDD'),
(2340, 1315626580.60195, 38, 18, '(Shout) !!!!!!!!!!!!!!!'),
(2341, 1315626582.97199, 38, 18, '(Say) ese tio'),
(2342, 1315626586.3051, 38, 18, '(Say) es lo mas gilipollas'),
(2343, 1315626590.99724, 38, 18, '(Say) que conozco xd'),
(2344, 1315626598.6324, 49, 18, '(Say) 30 euros, joda no gasto 30 euros en esa mierda $:'),
(2345, 1315626600.04944, 38, 18, '(Say) y luego me biene'),
(2346, 1315626604.0935, 38, 18, '(Say) pidiendo ayuda'),
(2347, 1315626605.67153, 38, 18, '(Say) por msn'),
(2348, 1315626606.69954, 38, 18, '(Say) xd'),
(2349, 1315626630.34005, 38, 18, '(Say) y como es'),
(2350, 1315626633.19408, 38, 18, '(Say) k me confundias'),
(2351, 1315626635.13111, 38, 18, '(Say) con eso?'),
(2352, 1315626635.99712, 38, 18, '(Say) D:'),
(2353, 1315626641.05317, 38, 18, '(Say) clika'),
(2354, 1315626643.80419, 38, 18, '(Say) donde estoi'),
(2355, 1315626644.55321, 38, 18, '(Say) yo'),
(2356, 1315626647.56728, 38, 18, '(Say) me traspasas'),
(2357, 1315626648.0223, 38, 18, '(Say) xd'),
(2358, 1315626650.18436, 49, 18, '(Say) No se! pensé que te habías cambiado el nombre a Doraemon'),
(2359, 1315626680.96303, 38, 18, '(Say) ya'),
(2360, 1315626681.65904, 38, 18, '(Say) xd'),
(2361, 1315626697.14553, 38, 18, '(Say) *violar*'),
(2362, 1315626709.7629, 49, 18, '(Say) :hustle'),
(2363, 1315626711.16698, 49, 18, '(Say) xd'),
(2364, 1315626713.15808, 38, 18, '(Say) ?'),
(2365, 1315626713.52609, 38, 18, '(Say) xd'),
(2366, 1315626714.33011, 38, 18, '(Say) xd'),
(2367, 1315626737.6847, 49, 18, '(Say) nunca has jugado mu online?'),
(2368, 1315626749.98119, 38, 18, '(Say) mu?'),
(2369, 1315626756.78754, 49, 18, '(Say) se'),
(2370, 1315626757.54559, 49, 18, '(Say) Mu'),
(2371, 1315626759.22568, 38, 18, '(Say) muuuuuuuuuuuuu (vaca)?'),
(2372, 1315626764.0568, 49, 18, '(Say) .__.'),
(2373, 1315626765.78081, 38, 18, '(Say) xdddddddddd'),
(2374, 1315626773.076, 49, 18, '(Say) Mu Continented'),
(2375, 1315626773.82501, 49, 18, '(Say) xD'),
(2376, 1315626780.17817, 38, 18, '(Say) ah'),
(2377, 1315626782.69319, 38, 18, '(Say) xddddddddddd'),
(2378, 1315626803.55649, 49, 18, '(Say) &t'),
(2379, 1315626846.87331, 49, 18, '(Say) necesito rial'),
(2380, 1315626850.31243, 49, 18, '(Say) venderé indexs XD'),
(2381, 1315626863.59676, 38, 18, '(Say) wtf'),
(2382, 1315626867.08481, 38, 18, '(Say) xdddddddddd'),
(2383, 1315626875.43991, 38, 18, '(Say) tu maneja'),
(2384, 1315626878.18094, 38, 18, '(Say) php y html'),
(2385, 1315626884.20903, 38, 18, '(Say) yo C#'),
(2386, 1315626903.00838, 49, 18, '(Say) Sipidipi xD'),
(2387, 1315626905.56041, 49, 18, '(Say) y css :D'),
(2388, 1315626910.47654, 38, 18, '(Say) lol'),
(2389, 1315626917.38388, 38, 18, '(Say) podriamos hacer'),
(2390, 1315626936.57398, 38, 18, '(Say) una red'),
(2391, 1315626936.62498, 38, 18, '(Say) social'),
(2392, 1315626936.69098, 38, 18, '(Say) 1313'),
(2393, 1315626936.939, 38, 18, '(Say) yo podria haer'),
(2394, 1315626937.29201, 38, 18, '(Say) un programa de escritorio'),
(2395, 1315626949.56422, 49, 18, '(Say) :D'),
(2396, 1315626952.17528, 49, 18, '(Say) Es fácil xdd'),
(2397, 1315626961.19942, 49, 18, '(Say) la red social obvio xD'),
(2398, 1315626973.18362, 38, 18, '(Say) violarte es mas facil aun'),
(2399, 1315626974.07463, 38, 18, '(Say) mira'),
(2400, 1315626993.74207, 49, 18, '(Say) Ayy!'),
(2401, 1315626997.10014, 38, 18, '(Say) xddddddddddddddddddddddddd'),
(2402, 1315626997.80715, 38, 18, '(Say) xd'),
(2403, 1315627022.55862, 38, 18, '(Say) pum*'),
(2404, 1315627025.12466, 49, 18, '(Say) solo se necesitaria un dominio y ya xD'),
(2405, 1315627026.62668, 38, 18, '(Say) pum*'),
(2406, 1315627030.67978, 49, 18, '(Say) ah y un hosting :·3'),
(2407, 1315627030.88379, 38, 18, '(Say) ah'),
(2408, 1315627033.67883, 38, 18, '(Say) yo los consigo'),
(2409, 1315627035.37485, 38, 18, '(Say) gratis'),
(2410, 1315627036.89089, 38, 18, '(Say) (A)'),
(2411, 1315627039.34799, 49, 18, '(Say) :O'),
(2412, 1315627053.19162, 38, 18, '(Say) www.electronemulator.es'),
(2413, 1315627053.85164, 38, 18, '(Say) el perfecto ejemplo'),
(2414, 1315627053.92165, 38, 18, '(Say) xd'),
(2415, 1315627072.51995, 38, 18, '(Say) tengo muchos contactos en msn'),
(2416, 1315627077.16001, 38, 18, '(Say) consigo dominios y vps'),
(2417, 1315627079.34604, 38, 18, '(Say) gratis'),
(2418, 1315627081.10806, 38, 18, '(Say) xd'),
(2419, 1315627093.62618, 49, 18, '(Say) .i.'),
(2420, 1315627102.29929, 38, 18, '(Say) xd'),
(2421, 1315627123.57895, 38, 18, '(Say) yo soy muy... yo'),
(2422, 1315627126.87913, 38, 18, '(Say) xd'),
(2423, 1315627140.84141, 49, 18, '(Say) como se llamará? xD'),
(2424, 1315627148.95585, 38, 18, '(Say) yo que se'),
(2425, 1315627158.95213, 49, 18, '(Say) mystuff.com'),
(2426, 1315627163.76414, 49, 18, '(Say) :O jajaja'),
(2427, 1315627175.31421, 38, 18, '(Say) existe?'),
(2428, 1315627193.92061, 49, 18, '(Say) No'),
(2429, 1315627198.48378, 49, 18, '(Say) omg! xD'),
(2430, 1315627200.68587, 38, 18, '(Say) si'),
(2431, 1315627201.50192, 38, 18, '(Say) D:'),
(2432, 1315627213.0482, 49, 18, '(Say) pero es para ventas'),
(2433, 1315627214.49222, 49, 18, '(Say) entonces'),
(2434, 1315627218.94834, 49, 18, '(Say) mystuff.net'),
(2435, 1315627220.96836, 49, 18, '(Say) xd'),
(2436, 1315627240.38797, 49, 18, '(Say) FUCK'),
(2437, 1315627606.37966, 38, 18, '(Say) estas castigado de cara a la pared?'),
(2438, 1315627607.56769, 38, 18, '(Say) xd'),
(2439, 1315691079.7941, 38, 18, '(Say) :ha hey estoy en mi sala, en el navegador ve a rooms y saldra la mia'),
(2440, 1315691083.04919, 38, 18, '(Say) ups'),
(2441, 1315691089.33332, 51, 18, '(Shout) spera'),
(2442, 1315691095.16346, 38, 18, '(Say) soy david'),
(2443, 1315691096.03348, 38, 18, '(Say) :P'),
(2444, 1315691096.83151, 51, 18, '(Shout) me voe a comprar EL HC Y VIP'),
(2445, 1315691099.04955, 38, 18, '(Say) ok'),
(2446, 1315691101.30159, 38, 18, '(Say) yo mientras'),
(2447, 1315691101.4736, 51, 18, '(Shout) :O'),
(2448, 1315691103.63966, 38, 18, '(Say) de toy rango'),
(2449, 1315691106.78471, 51, 18, '(Shout) ME HACES STAFF?'),
(2450, 1315691108.74774, 38, 18, '(Say) claro'),
(2451, 1315691110.33276, 51, 18, '(Shout) OK'),
(2452, 1315691113.71783, 51, 18, '(Shout) GRAXIAS'),
(2453, 1315691134.97642, 38, 18, '(Say) listo'),
(2454, 1315691136.41545, 38, 18, '(Say) recarga'),
(2455, 1315691140.20454, 38, 18, '(Say) la majina'),
(2456, 1315691142.32059, 51, 18, '(Shout) TE DAN CREDITOS AL INICIO?'),
(2457, 1315691142.4546, 38, 18, '(Say) y ya te saldra'),
(2458, 1315691144.62766, 38, 18, '(Say) la mood tools'),
(2459, 1315691152.37781, 51, 18, '(Shout) REINICIO LA SALA_?='),
(2460, 1315691163.80312, 38, 18, '(Say) mira'),
(2461, 1315691165.43615, 38, 18, '(Say) el dragon'),
(2462, 1315691166.46217, 38, 18, '(Say) :P'),
(2463, 1315691176.32025, 38, 18, '(Say) viste?'),
(2464, 1315691188.96657, 51, 18, '(Shout) NO VEO :('),
(2465, 1315691193.37463, 38, 18, '(Say) ok'),
(2466, 1315691196.5987, 38, 18, '(Say) no pasa nada'),
(2467, 1315691197.97473, 51, 18, '(Shout) ME RECONECTO?¿'),
(2468, 1315691199.17176, 38, 18, '(Say) recarga'),
(2469, 1315691200.55879, 38, 18, '(Say) y tendras'),
(2470, 1315691203.71384, 51, 18, '(Shout) ME RECONECTO?'),
(2471, 1315691203.77084, 38, 18, '(Say) creditos y rango'),
(2472, 1315691209.17694, 51, 18, '(Shout) ME RECONECTO?'),
(2473, 1315691216.25013, 38, 18, '(Say) si exacto'),
(2474, 1315691218.07715, 38, 18, '(Say) reconecta'),
(2475, 1315691220.96321, 51, 18, '(Shout) OK'),
(2476, 1315691289.08967, 38, 18, '(Say) que tal mi holo?'),
(2477, 1315691289.78168, 51, 18, '(Shout) WOOOOW'),
(2478, 1315691294.37075, 51, 18, '(Shout) ESTA BUENASOOOOO'),
(2479, 1315691297.33081, 38, 18, '(Say) te di'),
(2480, 1315691302.30187, 38, 18, '(Say) un millon de creditos & pixeles'),
(2481, 1315691304.00694, 38, 18, '(Say) xd'),
(2482, 1315691307.40205, 51, 18, '(Shout) CREDITOS NO'),
(2483, 1315691311.51413, 38, 18, '(Say) no?'),
(2484, 1315691314.66822, 51, 18, '(Shout) NEL'),
(2485, 1315691315.05223, 38, 18, '(Say) bueno, que mas da'),
(2486, 1315691318.16031, 51, 18, '(Shout) OIE UINA PREGUNTA'),
(2487, 1315691322.76842, 38, 18, '(Say) aki los creditos se compran con pixeles xd'),
(2488, 1315691326.27549, 51, 18, '(Shout) KE PASA SI PONGO CATALOG FOR THIS ROOM'),
(2489, 1315691336.08364, 51, 18, '(Shout) TENGO POWER EN TODAS LAS SALASA?'),
(2490, 1315691342.13871, 38, 18, '(Say) claro'),
(2491, 1315691344.13275, 38, 18, '(Say) eres adm'),
(2492, 1315691345.15876, 38, 18, '(Say) ;)'),
(2493, 1315691347.94886, 51, 18, '(Shout) :O :O'),
(2494, 1315691353.24095, 38, 18, '(Say) di esto: $ha hola a todos'),
(2495, 1315691376.82333, 38, 18, '(Say) estas?'),
(2496, 1315691395.99281, 51, 18, '(Shout) SPE4RA'),
(2497, 1315691398.09184, 38, 18, '(Say) ok'),
(2498, 1315691401.58089, 51, 18, '(Shout) STOY CAMBIANDOME ROPA'),
(2499, 1315691406.39199, 38, 18, '(Say) ok jajaja'),
(2500, 1315691409.14205, 51, 18, '(Shout) OIE UNA PEGUNTA?'),
(2501, 1315691417.8143, 38, 18, '(Say) dime'),
(2502, 1315691429.5676, 51, 18, '(Shout) ¿KE SIGNIFICAN ESOS BOTONES?'),
(2503, 1315691435.13069, 51, 18, '(Shout) CREO KE NO HAY NAIE CONECTADO'),
(2504, 1315691441.5308, 38, 18, '(Say) de la mood tools?'),
(2505, 1315691453.56103, 51, 18, '(Shout) OIE NO TENGO TANTOS CREDITOS'),
(2506, 1315691457.15211, 51, 18, '(Shout) SOLO 5 CREDITOS'),
(2507, 1315691460.57717, 38, 18, '(Say) xdddddddddd'),
(2508, 1315691461.62223, 38, 18, '(Say) mira'),
(2509, 1315691464.21633, 38, 18, '(Say) ve al catalogo'),
(2510, 1315691470.13454, 51, 18, '(Shout) LISTO'),
(2511, 1315691472.4966, 51, 18, '(Shout) HEEEY'),
(2512, 1315691474.84067, 38, 18, '(Say) ahora a tienda pixel'),
(2513, 1315691478.84081, 51, 18, '(Shout) IO PUEDO COMPRAR RARES Y LOS OTROS NO?'),
(2514, 1315691483.21299, 38, 18, '(Say) ahora a habbo cambio'),
(2515, 1315691492.2313, 38, 18, '(Say) y listo'),
(2516, 1315691493.83034, 38, 18, '(Say) los creditows'),
(2517, 1315691495.79442, 38, 18, '(Say) se compran'),
(2518, 1315691499.17649, 38, 18, '(Say) con pixeles'),
(2519, 1315691499.2975, 51, 18, '(Shout) ONDE STA CAMBIOS'),
(2520, 1315691500.60154, 38, 18, '(Say) :P'),
(2521, 1315691506.51465, 51, 18, '(Shout) KE ESO ES PARA TODOS?'),
(2522, 1315691506.65665, 38, 18, '(Say) habbo cambio'),
(2523, 1315691510.84473, 51, 18, '(Shout) O SOLO PARA MI'),
(2524, 1315691511.73576, 38, 18, '(Say) esta en Tienda Pixel'),
(2525, 1315691511.84477, 51, 18, '(Shout) ?'),
(2526, 1315691516.33488, 38, 18, '(Say) solo para los staffs'),
(2527, 1315691517.73593, 51, 18, '(Shout) YES'),
(2528, 1315691539.33238, 51, 18, '(Shout) WENO'),
(2529, 1315691548.82267, 38, 18, '(Say) tio di $ha holaaaaaaa'),
(2530, 1315691554.40078, 51, 18, '(Shout) HOLSAA'),
(2531, 1315691558.97887, 51, 18, '(Shout) ERES ELMEJOOOR'),
(2532, 1315691560.10389, 38, 18, '(Say) nono'),
(2533, 1315691563.14299, 51, 18, '(Shout) NO MENTIRA ESE SOY YO'),
(2534, 1315691564.75203, 38, 18, '(Say) es $ha holaaaaa'),
(2535, 1315691565.79105, 51, 18, '(Shout) XDDDDD'),
(2536, 1315691572.6132, 51, 18, '(Shout) NO ENTIENDO'),
(2537, 1315691575.44527, 38, 18, '(Say) di'),
(2538, 1315691592.67969, 38, 18, '(Say) ves? eso lo mando diciendo $ha holaaaaaaa'),
(2539, 1315691605.56208, 51, 18, '(Shout) aaa sioiiiii'),
(2540, 1315691608.73514, 51, 18, '(Shout) soy yooo'),
(2541, 1315691615.81037, 51, 18, '(Shout) spera'),
(2542, 1315691620.76451, 51, 18, '(Shout) io puedo poner anuncios?'),
(2543, 1315691625.34863, 38, 18, '(Say) em'),
(2544, 1315691625.99863, 38, 18, '(Say) no'),
(2545, 1315691627.3967, 38, 18, '(Say) sorry'),
(2546, 1315691633.82287, 51, 18, '(Shout) y como tu pones anuncios?'),
(2547, 1315691643.41806, 38, 18, '(Say) alertas con link'),
(2548, 1315691644.00707, 38, 18, '(Say) xd'),
(2549, 1315691648.96317, 51, 18, '(Shout) aa ok'),
(2550, 1315691650.38321, 51, 18, '(Shout) oie'),
(2551, 1315691656.28835, 38, 18, '(Say) dime'),
(2552, 1315691661.34745, 51, 18, '(Shout) osea io puedo B4N a los demas cuando timen?'),
(2553, 1315691665.69759, 38, 18, '(Say) xdddd'),
(2554, 1315691668.00566, 38, 18, '(Say) aun no cree'),
(2555, 1315691670.50373, 38, 18, '(Say) el comando ban'),
(2556, 1315691674.63185, 38, 18, '(Say) pero en unos dias'),
(2557, 1315691681.78605, 51, 18, '(Shout) en unos dias _???'),
(2558, 1315691689.08415, 38, 18, '(Say) lo tendre listo'),
(2559, 1315691689.16115, 38, 18, '(Say) :P'),
(2560, 1315691694.06123, 38, 18, '(Say) claro'),
(2561, 1315691697.0243, 38, 18, '(Say) este holo'),
(2562, 1315691697.97832, 38, 18, '(Say) coño'),
(2563, 1315691700.34134, 38, 18, '(Say) deja eso'),
(2564, 1315691701.16236, 38, 18, '(Say) xd'),
(2565, 1315691703.9664, 51, 18, '(Shout) hey_'),
(2566, 1315691707.85042, 51, 18, '(Shout) ke hice¿?'),
(2567, 1315691712.2165, 38, 18, '(Say) recogerla'),
(2568, 1315691712.76251, 38, 18, '(Say) xd'),
(2569, 1315691715.49254, 51, 18, '(Shout) keria solo rotarlo'),
(2570, 1315691717.07559, 51, 18, '(Shout) :o'),
(2571, 1315691721.12267, 51, 18, '(Shout) puedo hacerlo?¿'),
(2572, 1315691724.7488, 38, 18, '(Say) em tio'),
(2573, 1315691727.37486, 38, 18, '(Say) eres staff'),
(2574, 1315691729.96092, 51, 18, '(Shout) pareciera que solo yo y tu estuvieramos'),
(2575, 1315691734.58301, 38, 18, '(Say) puedes hacer lo que te salga de los cojones'),
(2576, 1315691734.96202, 51, 18, '(Shout) en habbo'),
(2577, 1315691741.10112, 51, 18, '(Shout) :OOOOOOOO'),
(2578, 1315691747.17325, 38, 18, '(Say) xd'),
(2579, 1315691748.67828, 38, 18, '(Say) eres'),
(2580, 1315691748.76528, 51, 18, '(Shout) ?¿'),
(2581, 1315691751.57036, 38, 18, '(Say) como armitxe'),
(2582, 1315691753.12338, 38, 18, '(Say) mas o menos'),
(2583, 1315691753.6654, 38, 18, '(Say) xd'),
(2584, 1315691754.42741, 51, 18, '(Shout) soy staaaaaafff'),
(2585, 1315691755.73543, 51, 18, '(Shout) seeeee'),
(2586, 1315691765.2496, 51, 18, '(Shout) y cuantos staffs hay?'),
(2587, 1315691771.41774, 51, 18, '(Shout) solo yo?¿'),
(2588, 1315691786.54807, 38, 18, '(Say) xd'),
(2589, 1315691790.08012, 51, 18, '(Shout) xddd'),
(2590, 1315691792.24815, 38, 18, '(Say) en serio'),
(2591, 1315691792.39816, 51, 18, '(Shout) ke fue eso?'),
(2592, 1315691798.7363, 38, 18, '(Say) eso es una alerta'),
(2593, 1315691799.96232, 38, 18, '(Say) las mando'),
(2594, 1315691804.55337, 38, 18, '(Say) con el comando $ha'),
(2595, 1315691804.67538, 51, 18, '(Shout) :OOOOOOO'),
(2596, 1315691810.85249, 38, 18, '(Say) si dices $ha holaaaaa'),
(2597, 1315691812.09452, 38, 18, '(Say) se mandan'),
(2598, 1315691812.82155, 51, 18, '(Shout) puedo ver las conversasiones ?'),
(2599, 1315691818.7687, 38, 18, '(Say) seeeeeeeep'),
(2600, 1315691822.01074, 38, 18, '(Say) es?'),
(2601, 1315691824.42979, 38, 18, '(Say) ves?*'),
(2602, 1315691833.64093, 38, 18, '(Say) ahora di $override'),
(2603, 1315691845.60717, 51, 18, '(Shout) xDDDDDDDDDDDD'),
(2604, 1315691845.91717, 38, 18, '(Say) podras atravesar furnis y de todo'),
(2605, 1315691854.1333, 51, 18, '(Shout) xDDDDDDDDDD'),
(2606, 1315691860.00342, 51, 18, '(Shout) GRACIAAAAAAAAS'),
(2607, 1315691863.85948, 51, 18, '(Shout) ERES ELMEJOR'),
(2608, 1315691867.96353, 38, 18, '(Say) ups'),
(2609, 1315691869.86555, 51, 18, '(Shout) CUANTOS STAFFS HAY=*'),
(2610, 1315691878.20969, 51, 18, '(Shout) CUANTOS USUARIOS HAY?'),
(2611, 1315691881.75578, 38, 18, '(Say) me ekiboke xd es $clipping'),
(2612, 1315691885.56584, 38, 18, '(Say) pues tu y yo'),
(2613, 1315691887.53587, 38, 18, '(Say) por ahora'),
(2614, 1315691888.06789, 38, 18, '(Say) xd'),
(2615, 1315691894.05409, 51, 18, '(Shout) :O'),
(2616, 1315691901.70532, 38, 18, '(Say) ves?'),
(2617, 1315691905.08244, 38, 18, '(Say) atraviesas'),
(2618, 1315691905.88847, 38, 18, '(Say) de to'),
(2619, 1315691906.6035, 38, 18, '(Say) xd'),
(2620, 1315691921.26714, 51, 18, '(Shout) :O'),
(2621, 1315691942.35385, 38, 18, '(Say) xd'),
(2622, 1315691957.35351, 51, 18, '(Shout) tengo al dueñooo'),
(2623, 1315691962.02874, 51, 18, '(Shout) ajajajajaah tengo al dueñooo'),
(2624, 1315691987.50872, 51, 18, '(Shout) oie'),
(2625, 1315691993.31399, 51, 18, '(Shout) puse Furnis con Pixeles'),
(2626, 1315691999.04619, 38, 18, '(Say) no pasa nada'),
(2627, 1315691999.4702, 38, 18, '(Say) xd'),
(2628, 1315692001.86431, 51, 18, '(Shout) pro no encuentro'),
(2629, 1315692006.63348, 51, 18, '(Shout) ambios'),
(2630, 1315692009.06557, 38, 18, '(Say) eso es'),
(2631, 1315692009.56659, 51, 18, '(Shout) cambios'),
(2632, 1315692017.44685, 38, 18, '(Say) en  tienda pixel'),
(2633, 1315692021.26198, 38, 18, '(Say) son dos categorias'),
(2634, 1315692022.95503, 38, 18, '(Say) diferentes'),
(2635, 1315692051.2471, 51, 18, '(Shout) oie'),
(2636, 1315692055.15623, 38, 18, '(Say) dime'),
(2637, 1315692091.82345, 38, 18, '(Say) culpa mia'),
(2638, 1315692092.40348, 38, 18, '(Say) xd'),
(2639, 1315692094.33959, 38, 18, '(Say) escucha'),
(2640, 1315692096.3457, 38, 18, '(Say) crea una sala'),
(2641, 1315692097.57675, 38, 18, '(Say) de las de'),
(2642, 1315692122.66344, 51, 18, '(Say) como saco esto-+'),
(2643, 1315692130.2636, 51, 18, '(Shout) aa ia'),
(2644, 1315692135.5837, 51, 18, '(Shout) speras y puedo guardar'),
(2645, 1315692136.37971, 38, 18, '(Say) crea una sala de las de 3 cuadros grandes'),
(2646, 1315692139.44479, 51, 18, '(Shout) las palabras?'),
(2647, 1315692143.24288, 51, 18, '(Shout) porke'),
(2648, 1315692146.86599, 38, 18, '(Say) di $commands'),
(2649, 1315692149.59509, 38, 18, '(Say) y ves los comandos'),
(2650, 1315692151.60012, 51, 18, '(Shout) kiero guardar las palabras esas'),
(2651, 1315692157.35627, 51, 18, '(Shout) como ke los comandos'),
(2652, 1315692159.94038, 51, 18, '(Shout) aaaa oook'),
(2653, 1315692162.14642, 51, 18, '(Shout) esas palabras?'),
(2654, 1315692162.44344, 38, 18, '(Say) hay muchos mas'),
(2655, 1315692162.97045, 38, 18, '(Say) xd'),
(2656, 1315692167.46258, 38, 18, '(Say) sii, salen todas'),
(2657, 1315692168.8366, 38, 18, '(Say) :P'),
(2658, 1315692175.30282, 51, 18, '(Shout) si digo pickall?'),
(2659, 1315692177.63287, 51, 18, '(Shout) xDDD'),
(2660, 1315692178.04688, 38, 18, '(Say) em'),
(2661, 1315692180.03693, 51, 18, '(Shout) no lo hare'),
(2662, 1315692180.33894, 38, 18, '(Say) ni se te ocurra'),
(2663, 1315692181.46097, 38, 18, '(Say) xd'),
(2664, 1315692187.7511, 38, 18, '(Say) crea la salaaaaaa xd'),
(2665, 1315692204.73947, 51, 18, '(Shout) xDDDD_'),
(2666, 1315692216.64693, 51, 18, '(Say) OIE'),
(2667, 1315692225.80239, 51, 18, '(Say) COMO SE UTILIZA EL SUPERKICK'),
(2668, 1315692244.02527, 51, 18, '(Shout) ke pasa'),
(2669, 1315692248.75551, 51, 18, '(Shout) como expulso a otro'),
(2670, 1315692251.48661, 51, 18, '(Shout) osea mira'),
(2671, 1315692263.73913, 38, 18, '(Say) no lo digasssss'),
(2672, 1315692266.52124, 38, 18, '(Say) xd'),
(2673, 1315692270.25744, 51, 18, '(Shout) noono'),
(2674, 1315692272.55357, 38, 18, '(Say) escucha, solo se puede una sala por usuario'),
(2675, 1315692272.56457, 51, 18, '(Shout) no lo dire'),
(2676, 1315692279.51696, 38, 18, '(Say) yo tengo esta'),
(2677, 1315692284.41724, 38, 18, '(Say) tu crea una'),
(2678, 1315692285.23528, 51, 18, '(Shout) ok spera'),
(2679, 1315692290.27955, 38, 18, '(Say) de 3 cuadros grandes'),
(2680, 1315692291.0966, 38, 18, '(Say) xd'),
(2681, 1315692295.76186, 51, 18, '(Shout) voy a hacer un buscaminas'),
(2682, 1315692308.34534, 51, 18, '(Shout) y para ke de 3 cuadros grandes?'),
(2683, 1315692479.14726, 38, 24, '(Say) ehem...'),
(2684, 1315692481.43929, 38, 24, '(Say) pickall?'),
(2685, 1315692488.55946, 51, 24, '(Shout) ªª CASTILLO DEL TERROR ªª'),
(2686, 1315692492.06049, 51, 24, '(Shout) NO PICKALL PLISS'),
(2687, 1315692496.90159, 38, 24, '(Say) pues'),
(2688, 1315692498.83162, 38, 24, '(Say) pon lo mio'),
(2689, 1315692499.30563, 38, 24, '(Say) xd'),
(2690, 1315692505.99979, 51, 24, '(Shout) OIE PORKE NO HACES ESTA PAGINA FAMOSO'),
(2691, 1315692512.9419, 51, 24, '(Shout) PRO IO NO LO SAKE'),
(2692, 1315692516.07495, 51, 24, '(Shout) LO JURO'),
(2693, 1315692528.43113, 38, 24, '(Say) ...'),
(2694, 1315692528.54714, 38, 24, '(Say) bueno'),
(2695, 1315692528.63914, 38, 24, '(Say) k mas da...'),
(2696, 1315692533.80523, 51, 24, '(Shout) NOOO ENSERIO'),
(2697, 1315692536.23427, 51, 24, '(Shout) LO JURO'),
(2698, 1315692541.10746, 51, 24, '(Shout) NO TE LO SAKE'),
(2699, 1315692614.53159, 51, 24, '(Shout) WOOOW'),
(2700, 1315692621.18187, 51, 24, '(Shout) ESOS RARES'),
(2701, 1315692624.61304, 51, 24, '(Shout) Dark'),
(2702, 1315692630.8862, 51, 24, '(Shout) porke no haces tu pagina famosa'),
(2703, 1315692635.99932, 51, 24, '(Shout) solo estamos los 2'),
(2704, 1315692658.7299, 38, 24, '(Say) si'),
(2705, 1315692663.066, 38, 24, '(Say) coñeee'),
(2706, 1315692666.06206, 38, 24, '(Say) crea la sala'),
(2707, 1315692670.18615, 38, 24, '(Say) o te decapitooooo xd'),
(2708, 1315692675.31624, 51, 24, '(Shout) eske'),
(2709, 1315692680.24135, 51, 24, '(Shout) son un monton de tramos'),
(2710, 1315692684.76248, 38, 24, '(Say) ¿?'),
(2711, 1315692695.93582, 51, 24, '(Shout) castillo del terror'),
(2712, 1315692730.60482, 38, 18, '(Say) :pickall'),
(2713, 1315692835.72358, 38, 24, '(Say) coño'),
(2714, 1315692837.54468, 38, 24, '(Say) k cabreo'),
(2715, 1315692839.72376, 38, 24, '(Say) no puedo crear'),
(2716, 1315692841.23179, 38, 24, '(Say) mas salas'),
(2717, 1315692842.06981, 38, 24, '(Say) jajaaj'),
(2718, 1315692851.762, 51, 24, '(Shout) xddd'),
(2719, 1315692861.18913, 51, 24, '(Shout) cuantas salas es x usuario?'),
(2720, 1315692880.70444, 51, 24, '(Shout) hay agujero negro¿?'),
(2721, 1315692880.91445, 38, 24, '(Say) 15'),
(2722, 1315692885.95466, 38, 24, '(Say) em'),
(2723, 1315692888.63672, 38, 24, '(Say) agujero negro'),
(2724, 1315692890.56475, 38, 24, '(Say) aun no xd'),
(2725, 1315692893.6708, 38, 24, '(Say) escucha'),
(2726, 1315692895.49082, 38, 24, '(Say) crea'),
(2727, 1315692897.79886, 38, 24, '(Say) la sala por favor'),
(2728, 1315692898.5699, 38, 24, '(Say) ..'),
(2729, 1315692900.93694, 51, 24, '(Shout) hay paredes brumas?'),
(2730, 1315692905.927, 51, 24, '(Shout) ok'),
(2731, 1315692936.43464, 51, 24, '(Shout) tengo raaareees'),
(2732, 1315692941.88179, 38, 24, '(Say) no me digaaaaaaas'),
(2733, 1315692942.19181, 38, 24, '(Say) xd'),
(2734, 1315692942.61483, 51, 24, '(Shout) oie y dan creditos x dia?'),
(2735, 1315692946.745, 38, 24, '(Say) nah'),
(2736, 1315692948.81607, 51, 24, '(Shout) Dark'),
(2737, 1315692949.22008, 38, 24, '(Say) los doy yo'),
(2738, 1315692952.11216, 51, 24, '(Shout) oie'),
(2739, 1315692952.72618, 38, 24, '(Say) y como no crees la sala'),
(2740, 1315692956.28527, 38, 24, '(Say) te los borro ººº'),
(2741, 1315692956.99229, 38, 24, '(Say) xd'),
(2742, 1315692958.91234, 51, 24, '(Shout) :('),
(2743, 1315692964.74151, 38, 24, '(Say) es'),
(2744, 1315692966.85657, 38, 24, '(Say) pa enseñarte'),
(2745, 1315692968.86462, 38, 24, '(Say) una cosa'),
(2746, 1315692969.83064, 38, 24, '(Say) ...'),
(2747, 1315693004.36165, 51, 24, '(Shout) ok'),
(2748, 1315693004.61367, 38, 24, '(Say) decidido'),
(2749, 1315693006.96771, 38, 24, '(Say) yo te mato xd'),
(2750, 1315693009.51582, 51, 24, '(Shout) te da miedo?'),
(2751, 1315693011.90794, 51, 24, '(Shout) :(((((((((((('),
(2752, 1315693026.44451, 51, 24, '(Shout) :8'),
(2753, 1315693029.9946, 51, 24, '(Shout) xDDDDD'),
(2754, 1315693032.23168, 38, 24, '(Say) ...'),
(2755, 1315693043.77803, 51, 24, '(Shout) HAY COSAS GOTICA?'),
(2756, 1315693082.84778, 51, 25, '(Shout) :o'),
(2757, 1315693086.64699, 51, 25, '(Shout) OIE'),
(2758, 1315693091.15615, 51, 25, '(Shout) HAZ TU PAG'),
(2759, 1315693094.83628, 51, 25, '(Shout) FAMOSA'),
(2760, 1315693098.73241, 38, 25, '(Say) y dale'),
(2761, 1315693102.49148, 51, 25, '(Shout) SI KIERES HAGO PUBLICIDAD A TU PAGINA'),
(2762, 1315693105.53262, 51, 25, '(Shout) SOLO SI KIERES'),
(2763, 1315693124.2025, 38, 26, '(Say) mira'),
(2764, 1315693126.91366, 38, 26, '(Say) esto'),
(2765, 1315693128.87877, 38, 26, '(Say) te kedia'),
(2766, 1315693131.11383, 38, 26, '(Say) keria+'),
(2767, 1315693133.77186, 38, 26, '(Say) enseñar'),
(2768, 1315693137.71197, 51, 26, '(Shout) OK'),
(2769, 1315693146.58228, 51, 26, '(Shout) :((((('),
(2770, 1315693170.75301, 51, 26, '(Shout) :O'),
(2771, 1315693175.8642, 51, 26, '(Shout) io tambn puedo dar rangooo'),
(2772, 1315693178.99632, 51, 26, '(Shout) pro no lo hare'),
(2773, 1315693188.60868, 51, 26, '(Shout) solo diciendo rank'),
(2774, 1315693198.111, 51, 26, '(Shout) y los creditos_'),
(2775, 1315693199.64705, 51, 26, '(Shout) signo'),
(2776, 1315693201.07108, 38, 26, '(Say) nop'),
(2777, 1315693203.81513, 38, 26, '(Say) xd'),
(2778, 1315693206.93918, 38, 26, '(Say) no saves'),
(2779, 1315693207.3552, 38, 26, '(Say) xd'),
(2780, 1315693215.4153, 51, 26, '(Shout) :?'),
(2781, 1315693218.42934, 51, 26, '(Shout) no entiendo'),
(2782, 1315693229.58954, 51, 26, '(Shout) oie'),
(2783, 1315693232.52361, 51, 26, '(Shout) cuantos usuario'),
(2784, 1315693235.63768, 51, 26, '(Shout) hay en'),
(2785, 1315693240.59977, 51, 26, '(Shout) esta pagina?'),
(2786, 1315693288.94645, 51, 26, '(Shout) como ke muestra las coordenadas de un usuario en la sala?'),
(2787, 1315693312.90208, 38, 26, '(Say) diciendo'),
(2788, 1315693316.18917, 38, 26, '(Say) el comando $t'),
(2789, 1315698059.39651, 51, 1, '(Shout) :('),
(2790, 1316800895.6755385, 38, 25, '(Say) y yo'),
(2791, 1316800900.1017919, 38, 25, '(Say) sigo perfecto'),
(2792, 1316800908.184254, 38, 25, '(Say) ajksjaksjaks'),
(2793, 1316800914.6596243, 38, 25, '(Say) que os parece?'),
(2794, 1316801007.3529263, 38, 25, '(Say) sigo'),
(2795, 1316801009.3630412, 38, 25, '(Say) perfectro'),
(2796, 1316801012.2842083, 38, 25, '(Say) perfecto*'),
(2797, 1316801068.2754107, 38, 25, '(Say) soy yo darki'),
(2798, 1316801069.2554667, 38, 25, '(Say) mira'),
(2799, 1316801073.6037157, 38, 25, '(Say) sigo perfecto'),
(2800, 1316801076.1048586, 38, 25, '(Say) y sin lagg'),
(2801, 1316801559.288495, 38, 1, '(Say) Hola soy darki xDD'),
(2802, 1316801559.442504, 38, 1, '(Say) hola'),
(2803, 1316801569.7680943, 38, 1, '(Say) perrrrfeect'),
(2804, 1316801783.6513278, 38, 1, '(Say) hola xd');
INSERT INTO `moderation_chatlogs` (`id`, `timestamp`, `user_id`, `room_id`, `message`) VALUES
(2805, 1316801797.2491055, 38, 1, '(Say) decias?'),
(2806, 1316801950.2648575, 38, 1, '(Say) felix xd'),
(2807, 1316801958.404323, 38, 1, '(Say) sigo feliz'),
(2808, 1316801961.5585036, 38, 1, '(Say) como un regaliz'),
(2809, 1316801962.5885625, 38, 1, '(Say) xd'),
(2810, 1316802235.549175, 38, 1, '(Say) e'),
(2811, 1316802238.9203677, 38, 1, '(Say) cuando lo izee'),
(2812, 1316802242.7885892, 38, 1, '(Say) en km y lo postee'),
(2813, 1316802243.7886465, 38, 1, '(Say) no?'),
(2814, 1316802252.0831208, 38, 1, '(Say) exacto!'),
(2815, 1316802264.6278381, 38, 1, '(Say) ah mira'),
(2816, 1316802266.3619373, 38, 1, '(Say) ya no tira'),
(2817, 1316802279.413684, 38, 1, '(Say) :P'),
(2818, 1316807744.749283, 38, 1, '(Say) el emu es ddoseado'),
(2819, 1316807747.4144356, 38, 1, '(Say) y yo sin lagg'),
(2820, 1316807748.486497, 38, 1, '(Say) :P'),
(2821, 1316807811.7111132, 38, 1, '(Say) mira'),
(2822, 1316807814.645281, 38, 1, '(Say) el hotel'),
(2823, 1316807816.6653965, 38, 1, '(Say) sin lagg'),
(2824, 1316807906.0435088, 38, 1, '(Say) y yo'),
(2825, 1316807913.7959518, 38, 1, '(Say) sin lagg'),
(2826, 1316807914.4049869, 38, 1, '(Say) (L)'),
(2827, 1316807928.4167883, 38, 1, '(Say) xd'),
(2828, 1316825221.906779, 38, 26, '(Say) hola'),
(2829, 1316825226.2860298, 38, 26, '(Say) estoy con mi emulador'),
(2830, 1316825231.4243236, 38, 26, '(Say) petao de ddos'),
(2831, 1316825233.4344387, 38, 26, '(Say) y sin lagg'),
(2832, 1316825234.2324843, 38, 26, '(Say) :D'),
(2833, 1316825676.5027807, 38, 26, '(Say) sigo'),
(2834, 1316825678.0418687, 38, 26, '(Say) sin lagg'),
(2835, 1316825678.4288907, 38, 26, '(Say) xd'),
(2836, 1316875870.6961393, 38, 26, '(Say) yo estoy'),
(2837, 1316875872.208226, 38, 26, '(Say) sin lagg'),
(2838, 1316875878.3365762, 38, 26, '(Say) y el emu'),
(2839, 1316875879.6486516, 38, 26, '(Say) petao'),
(2840, 1316875911.5894783, 38, 26, '(Say) io sin lagg'),
(2841, 1316875916.2947476, 38, 26, '(Say) y el emu petao'),
(2842, 1316875919.8019478, 38, 26, '(Say) con mi ddoser'),
(2843, 1316875920.8200064, 38, 26, '(Say) :P!'),
(2844, 1316875971.6469135, 38, 26, '(Say) xd'),
(2845, 1316884340.056559, 38, 26, '(Say) anda'),
(2846, 1316884342.5757031, 38, 26, '(Say) pero si estoy'),
(2847, 1316884344.499813, 38, 26, '(Say) sin lagg'),
(2848, 1316884345.5698743, 38, 26, '(Say) :o'),
(2849, 1316884354.8354044, 38, 26, '(Say) que te parece'),
(2850, 1316884387.9432979, 38, 26, '(Say) el emu petao'),
(2851, 1316884393.4046104, 38, 26, '(Say) y yo aki tan feliz'),
(2852, 1316884394.7746887, 38, 26, '(Say) (A)'),
(2853, 1316884583.9215074, 38, 26, '(Say) pues ya ves'),
(2854, 1316884588.4207647, 38, 26, '(Say) no solo no me caigo'),
(2855, 1316884591.4189363, 38, 26, '(Say) sino k sin lagg'),
(2856, 1316884592.35899, 38, 26, '(Say) ^^'),
(2857, 1316884685.1012945, 38, 26, '(Say) jelou'),
(2858, 1316884687.0904083, 38, 26, '(Say) sigo aki xd'),
(2859, 1316997927.532483, 38, 25, '(Say) jelou km swf in spanish xd'),
(2860, 1317062049.0518982, 38, 25, '(Say) y yo'),
(2861, 1317062056.0092964, 38, 25, '(Say) sigo aki sin lagg'),
(2862, 1317418636.0503566, 38, 1, '(Say) Darki jmp'),
(2863, 1317418662.479931, 38, 1, '(Say) Darki jmp'),
(2864, 1317427431.6403804, 38, 26, '(Say) frfw'),
(2865, 1317427438.8275788, 38, 26, '(Say) gf4rgeg'),
(2866, 1317843279.3434486, 38, 1, '(Say) Darki'),
(2867, 1317843281.3813584, 38, 1, '(Say) Darki f'),
(2868, 1317843284.9569542, 38, 1, '(Say) Darki rng'),
(2869, 1317843292.1893413, 38, 1, '(Say) Darki pla'),
(2870, 1317843388.2802403, 38, 1, '(Say) Darki rlf'),
(2871, 1317843392.822686, 38, 1, '(Say) Darki rng'),
(2872, 1317843408.680326, 38, 1, '(Say) Darki crk'),
(2873, 1317843412.6570404, 38, 1, '(Say) Darki dan'),
(2874, 1317843415.8878155, 38, 1, '(Say) Darki beg'),
(2875, 1317843419.122988, 38, 1, '(Say) Darki eyb'),
(2876, 1317843431.1902769, 38, 1, '(Say) Darki beg'),
(2877, 1317843436.7295773, 38, 1, '(Say) Darki wav'),
(2878, 1317843439.726536, 38, 1, '(Say) Darki jmp'),
(2879, 1317843443.1383185, 38, 1, '(Say) Darki eyb'),
(2880, 1317843447.4751534, 38, 1, '(Say) Darki snf'),
(2881, 1317843460.4238524, 38, 1, '(Say) Darki trn'),
(2882, 1317843465.7473369, 38, 1, '(Say) Darki pla'),
(2883, 1317843471.3768392, 38, 1, '(Say) Darki flm'),
(2884, 1317843475.3786542, 38, 1, '(Say) Darki lay'),
(2885, 1317843479.1746573, 38, 1, '(Say) Darki lay'),
(2886, 1317843483.746898, 38, 1, '(Say) Darki crk'),
(2887, 1317843487.8571167, 38, 1, '(Say) Darki dan'),
(2888, 1317843490.202841, 38, 1, '(Say) Darki rlx'),
(2889, 1317843493.077799, 38, 1, '(Say) Darki wav'),
(2890, 1317843496.3499763, 38, 1, '(Say) Darki jmp'),
(2891, 1317843506.0326977, 38, 1, '(Say) Darki jmp'),
(2892, 1317843510.3185284, 38, 1, '(Say) Darki rlx'),
(2893, 1317843513.0354748, 38, 1, '(Say) Darki jmp'),
(2894, 1317843516.6720736, 38, 1, '(Say) Darki wav'),
(2895, 1317843518.957794, 38, 1, '(Say) Darki wav'),
(2896, 1317843522.6999965, 38, 1, '(Say) Darki wav'),
(2897, 1317843525.124726, 38, 1, '(Say) Darki wav'),
(2898, 1317843529.2651448, 38, 1, '(Say) Darki eyb'),
(2899, 1317843532.3549116, 38, 1, '(Say) Darki eyb'),
(2900, 1317843547.5047708, 38, 1, '(Say) Darki snf'),
(2901, 1317843549.9359097, 38, 1, '(Say) Darki snf'),
(2902, 1317843557.493342, 38, 1, '(Say) Darki pla'),
(2903, 1317843564.867748, 38, 1, '(Say) Darki rng'),
(2904, 1317843568.5177453, 38, 1, '(Say) Darki rlx'),
(2905, 1317843573.4596152, 38, 1, '(Say) Darki rng'),
(2906, 1317843575.8103418, 38, 1, '(Say) :P'),
(2907, 1317843611.3214521, 38, 1, '(Say) Darki rng'),
(2908, 1317843619.256676, 38, 1, '(Say) puede...'),
(2909, 1317843620.3907392, 38, 1, '(Say) ;)'),
(2910, 1317843623.163691, 38, 1, '(Say) mira'),
(2911, 1317843670.4703083, 38, 1, '(Say) ordenado'),
(2912, 1317843682.6959682, 38, 1, '(Say) esto esta Ordenadeision'),
(2913, 1317843683.1109874, 38, 1, '(Say) xd'),
(2914, 1317844113.3558624, 38, 26, '(Say) la mia'),
(2915, 1317844117.0346613, 38, 26, '(Say) para situacion de keko'),
(2916, 1317844119.356787, 38, 26, '(Say) la de peth0d'),
(2917, 1317844121.801717, 38, 26, '(Say) para furnis'),
(2918, 1317844126.586174, 38, 26, '(Say) meth0d*'),
(2919, 1317844411.6138723, 38, 1, '(Say) juas'),
(2920, 1317844413.9139142, 38, 1, '(Say) Y have'),
(2921, 1317844418.0339727, 38, 1, '(Say) the best'),
(2922, 1317844419.4039943, 38, 1, '(Say) emulator'),
(2923, 1317844421.7520528, 38, 1, '(Say) juasjuasjuas xd'),
(2924, 1317844424.5671031, 38, 1, '(Say) mira tio'),
(2925, 1317844433.9742498, 38, 1, '(Say) Darki rng'),
(2926, 1317844517.4705675, 38, 1, '(Say) y yo aki'),
(2927, 1317844517.6655777, 38, 1, '(Say) tan feliz'),
(2928, 1317844523.343897, 38, 1, '(Say) sin lagg'),
(2929, 1317844523.408899, 38, 1, '(Say) :)'),
(2930, 1318096870.052221, 38, 25, '(Say) la categoria'),
(2931, 1318096874.430221, 38, 25, '(Say) staff?'),
(2932, 1318168209.5670495, 38, 26, '(Say) Hello World'),
(2933, 1318168311.3000495, 38, 1, '(Say) hola'),
(2934, 1318168313.6550496, 38, 1, '(Say) hello world'),
(2935, 1318270016.75667, 38, 1, '(Say) Hello mon petit amis'),
(2936, 1318270033.74167, 38, 1, '(Say) Darki rng'),
(2937, 1318270077.48767, 38, 1, '(Say) Darki rng'),
(2938, 1318270082.01367, 38, 1, '(Say) Darki rlx'),
(2939, 1318270085.73767, 38, 1, '(Say) Darki jmp'),
(2940, 1318270088.74967, 38, 1, '(Say) Darki snf'),
(2941, 1318270093.20067, 38, 1, '(Say) Darki snf'),
(2942, 1318270103.0446699, 38, 1, '(Say) Darki rlx'),
(2943, 1318270105.95367, 38, 1, '(Say) Darki snf'),
(2944, 1318270111.6926699, 38, 1, '(Say) Darki bed'),
(2945, 1318270129.24767, 38, 1, '(Say) Darki dan'),
(2946, 1318270139.52767, 38, 1, '(Say) Darki crk'),
(2947, 1318270142.81667, 38, 1, '(Say) Darki lay'),
(2948, 1318270146.74967, 38, 1, '(Say) Darki flm'),
(2949, 1318270154.78567, 38, 1, '(Say) Darki trn'),
(2950, 1318270163.82267, 38, 1, '(Say) Darki pla'),
(2951, 1318270167.27267, 38, 1, '(Say) Darki rng'),
(2952, 1318275377.12567, 38, 25, '(Say) Darki rng'),
(2953, 1318275390.69167, 38, 25, '(Say) Darki flm'),
(2954, 1318275394.28567, 38, 25, '(Say) Darki pla'),
(2955, 1318275403.28267, 38, 25, '(Say) Darki jmp'),
(2956, 1318275412.5186698, 38, 25, '(Say) Darki Hola a todos (menos a tito)'),
(2957, 1318276138.02367, 38, 1, '(Say) 45'),
(2958, 1318276138.56267, 38, 1, '(Say) xd'),
(2959, 1318280451.15167, 38, 1, '(Say) VEEEEEEEOLAAAAAAAAAAAAR :D'),
(2960, 1318281052.02667, 38, 1, '(Say) boo'),
(2961, 1318362465.1733296, 38, 1, '(Say) probemos'),
(2962, 1318362466.1573296, 38, 1, '(Say) el drink'),
(2963, 1318362517.0273294, 38, 1, '(Say) ah si'),
(2964, 1318362519.9003296, 38, 1, '(Say) comandos mascotas'),
(2965, 1318362521.8223295, 38, 1, '(Say) 100%'),
(2966, 1318362522.7403295, 38, 1, '(Say) mira'),
(2967, 1318362525.1283295, 38, 1, '(Say) Darki rng'),
(2968, 1318363075.9433296, 38, 1, '(Say) a'),
(2969, 1318363076.6683295, 38, 1, '(Say) e'),
(2970, 1318363077.9173295, 38, 1, '(Say) i'),
(2971, 1318363078.7583296, 38, 1, '(Say) o'),
(2972, 1318363080.2303295, 38, 1, '(Say) u'),
(2973, 1318363314.4173295, 38, 1, '(Say) a'),
(2974, 1318363314.4423296, 38, 1, '(Say) e'),
(2975, 1318363315.0303295, 38, 1, '(Say) i'),
(2976, 1318363315.9743295, 38, 1, '(Say) o'),
(2977, 1318363316.6543295, 38, 1, '(Say) u'),
(2978, 1318364948.0953295, 38, 1, '(Say) hola'),
(2979, 1318364948.5663295, 38, 1, '(Say) gay'),
(2980, 1318364948.7913296, 38, 1, '(Say) xd'),
(2981, 1318364981.4683294, 38, 1, '(Say) Darki rng'),
(2982, 1318364989.1493294, 38, 1, '(Say) Darki relax'),
(2983, 1318364992.5543296, 38, 1, '(Say) Darki rng'),
(2984, 1318704564.0531147, 38, 25, '(Say) Darki RNG'),
(2985, 1318716528.052838, 38, 26, '(Say) Jelou kekomundo, Battleball By Forex and Darki'),
(2986, 1318716607.520838, 38, 26, '(Say) Jelou kekomundo BattleBall 100% FIX by Forex & Darki'),
(2987, 1318717092.269838, 38, 26, '(Say) juas'),
(2988, 1318717095.1198382, 38, 26, '(Say) tengo el mejor emu'),
(2989, 1318717096.066838, 38, 26, '(Say) xd');

-- --------------------------------------------------------

--
-- Estructura de tabla para la tabla `moderation_presets`
--

CREATE TABLE IF NOT EXISTS `moderation_presets` (
  `id` int(10) unsigned NOT NULL AUTO_INCREMENT,
  `type` enum('user','room') NOT NULL DEFAULT 'user',
  `message` text NOT NULL,
  PRIMARY KEY (`id`)
) ENGINE=InnoDB  DEFAULT CHARSET=utf8 AUTO_INCREMENT=2 ;

--
-- Volcado de datos para la tabla `moderation_presets`
--

INSERT INTO `moderation_presets` (`id`, `type`, `message`) VALUES
(1, 'user', 'Thank you for helping to test uberHotel/Snowlight BETA. If you have encountered a bug or would like to leave feedback, visit http://snowlight.uservoice.com');

-- --------------------------------------------------------

--
-- Estructura de tabla para la tabla `moderation_preset_action_categories`
--

CREATE TABLE IF NOT EXISTS `moderation_preset_action_categories` (
  `id` int(10) unsigned NOT NULL AUTO_INCREMENT,
  `caption` varchar(32) NOT NULL DEFAULT '',
  PRIMARY KEY (`id`)
) ENGINE=InnoDB  DEFAULT CHARSET=utf8 AUTO_INCREMENT=12 ;

--
-- Volcado de datos para la tabla `moderation_preset_action_categories`
--

INSERT INTO `moderation_preset_action_categories` (`id`, `caption`) VALUES
(1, 'Communication'),
(2, 'Rooms'),
(8, 'Account'),
(9, 'Security'),
(10, 'Misc'),
(11, 'General');

-- --------------------------------------------------------

--
-- Estructura de tabla para la tabla `moderation_preset_action_messages`
--

CREATE TABLE IF NOT EXISTS `moderation_preset_action_messages` (
  `id` int(10) unsigned NOT NULL AUTO_INCREMENT,
  `parent_id` int(10) unsigned NOT NULL,
  `caption` varchar(32) NOT NULL,
  `message_text` text NOT NULL,
  PRIMARY KEY (`id`)
) ENGINE=InnoDB  DEFAULT CHARSET=utf8 AUTO_INCREMENT=15 ;

--
-- Volcado de datos para la tabla `moderation_preset_action_messages`
--

INSERT INTO `moderation_preset_action_messages` (`id`, `parent_id`, `caption`, `message_text`) VALUES
(1, 2, 'Blocking', 'Blocking parts of/access to a room is against uberHotel rules. '),
(2, 1, 'Flooding', 'Flooding or spamming is against uberHotel rules. '),
(3, 1, 'Swearing', 'Excessive or extreme language or swearing is against uberHotel rules. '),
(4, 1, 'Advertising', 'Excessive or commercial advertising is against uberHotel rules. '),
(5, 8, 'Unacceptable Name', 'Your username is against uberHotel rules.'),
(6, 8, 'Unacceptable Motto', 'Your motto is against uberHotel rules. '),
(7, 2, 'Unacceptable Room', 'Your room name and/or description is unacceptable according to uberHotel rules.'),
(8, 8, 'Unacceptable Tags', 'Your tags are unacceptable according to uberHotel rules.'),
(9, 9, 'Scamming', 'Scamming is against uberHotel rules.'),
(10, 9, 'Scripting', 'Scripting is against uberHotel rules.'),
(11, 9, 'Breaching Security', 'Breaching the security of uberHotel is unacceptable.'),
(12, 11, 'Violation', 'You are in violation of uberHotel rules.'),
(13, 10, 'Begging', 'Begging for badges, jobs etc. is against uberHotel rules.'),
(14, 10, 'Impersonating', 'Impersonating other users is unacceptable according to uberHotel rules.');

-- --------------------------------------------------------

--
-- Estructura de tabla para la tabla `moderation_tickets`
--

CREATE TABLE IF NOT EXISTS `moderation_tickets` (
  `id` int(10) unsigned NOT NULL AUTO_INCREMENT,
  `category` int(10) unsigned NOT NULL DEFAULT '0',
  `status` enum('5','4','3','2','1','0') NOT NULL DEFAULT '0',
  `reported_user_id` int(10) unsigned NOT NULL DEFAULT '0',
  `reportee_user_id` int(10) unsigned NOT NULL DEFAULT '0',
  `moderator_user_id` int(10) unsigned NOT NULL DEFAULT '0',
  `room_id` int(10) unsigned NOT NULL DEFAULT '0',
  `timestamp` double NOT NULL DEFAULT '0',
  `message` text NOT NULL,
  PRIMARY KEY (`id`)
) ENGINE=InnoDB  DEFAULT CHARSET=utf8 AUTO_INCREMENT=3 ;

--
-- Volcado de datos para la tabla `moderation_tickets`
--

INSERT INTO `moderation_tickets` (`id`, `category`, `status`, `reported_user_id`, `reportee_user_id`, `moderator_user_id`, `room_id`, `timestamp`, `message`) VALUES
(1, 101, '1', 0, 38, 50, 22, 1315605389.17028, 'Me quiere chupar a ver si estoy acido D:'),
(2, 106, '1', 0, 38, 38, 1, 1318276119.34267, 'NO ME ACOSES TITO D:::::::::::::::::::::::::::::::::::::::::::::::::::::::::::::::::::');

-- --------------------------------------------------------

--
-- Estructura de tabla para la tabla `navigator_event_search_categories`
--

CREATE TABLE IF NOT EXISTS `navigator_event_search_categories` (
  `query` varchar(48) NOT NULL,
  `category_id` int(11) NOT NULL DEFAULT '0',
  PRIMARY KEY (`query`)
) ENGINE=InnoDB DEFAULT CHARSET=utf8;

--
-- Volcado de datos para la tabla `navigator_event_search_categories`
--

INSERT INTO `navigator_event_search_categories` (`query`, `category_id`) VALUES
('Dating', 7),
('Debates & Discussion', 5),
('Earth Hour Gatherings', 4),
('Games', 3),
('Grand Openings', 6),
('Group Events', 9),
('Help Desk', 11),
('Jobs', 8),
('Parties & Music', 1),
('Performance', 10),
('Trading', 2);

-- --------------------------------------------------------

--
-- Estructura de tabla para la tabla `navigator_frontpage`
--

CREATE TABLE IF NOT EXISTS `navigator_frontpage` (
  `id` int(10) unsigned NOT NULL AUTO_INCREMENT,
  `parent_id` int(10) unsigned NOT NULL DEFAULT '0',
  `room_id` int(10) unsigned NOT NULL DEFAULT '0',
  `is_category` enum('1','0') NOT NULL DEFAULT '0',
  `category_autoexpand` enum('0','1') NOT NULL DEFAULT '0',
  `display_type` enum('details','banner') NOT NULL DEFAULT 'details',
  `name` varchar(64) NOT NULL DEFAULT '',
  `descr` varchar(255) NOT NULL DEFAULT '',
  `image_type` enum('external','internal') NOT NULL DEFAULT 'internal',
  `image_src` varchar(128) NOT NULL DEFAULT '',
  `banner_label` varchar(64) NOT NULL DEFAULT '',
  `order_num` int(11) NOT NULL DEFAULT '0',
  `enabled` enum('0','1') NOT NULL DEFAULT '1',
  PRIMARY KEY (`id`)
) ENGINE=InnoDB  DEFAULT CHARSET=utf8 AUTO_INCREMENT=3 ;

--
-- Volcado de datos para la tabla `navigator_frontpage`
--

INSERT INTO `navigator_frontpage` (`id`, `parent_id`, `room_id`, `is_category`, `category_autoexpand`, `display_type`, `name`, `descr`, `image_type`, `image_src`, `banner_label`, `order_num`, `enabled`) VALUES
(1, 0, 1, '0', '0', 'details', 'Welcome Lounge', 'Get a warm welcome to the hotel and meet new people.', 'internal', '', 'Welcome Lounge', 1, '1'),
(2, 0, 0, '1', '1', 'details', 'Staff Picks', '', 'external', 'officialrooms_hq/staffpickfolder.gif', '', 100, '1');

-- --------------------------------------------------------

--
-- Estructura de tabla para la tabla `new_items`
--

CREATE TABLE IF NOT EXISTS `new_items` (
  `id` int(10) unsigned NOT NULL AUTO_INCREMENT,
  `user_id` int(10) unsigned NOT NULL DEFAULT '0',
  `tab_id` int(11) NOT NULL DEFAULT '1',
  `item_id` int(11) unsigned NOT NULL DEFAULT '0',
  PRIMARY KEY (`id`),
  KEY `user_id` (`user_id`)
) ENGINE=InnoDB  DEFAULT CHARSET=utf8 AUTO_INCREMENT=652 ;

--
-- Volcado de datos para la tabla `new_items`
--

INSERT INTO `new_items` (`id`, `user_id`, `tab_id`, `item_id`) VALUES
(23, 4, 4, 6),
(24, 4, 4, 1),
(34, 7, 4, 6),
(35, 7, 4, 1),
(59, 21, 4, 6),
(60, 21, 4, 1),
(68, 31, 4, 6),
(69, 31, 4, 1),
(75, 36, 4, 18),
(159, 36, 4, 23),
(623, 39, 1, 557),
(624, 39, 1, 558),
(625, 39, 1, 559),
(626, 39, 1, 560),
(650, 47, 4, 18);

-- --------------------------------------------------------

--
-- Estructura de tabla para la tabla `pets`
--

CREATE TABLE IF NOT EXISTS `pets` (
  `id` int(10) unsigned NOT NULL AUTO_INCREMENT,
  `name` varchar(16) NOT NULL,
  `type` int(11) NOT NULL DEFAULT '0',
  `race` int(11) NOT NULL DEFAULT '0',
  `user_id` int(11) unsigned NOT NULL DEFAULT '0',
  `room_id` int(11) unsigned NOT NULL DEFAULT '0',
  `room_pos` varchar(16) NOT NULL DEFAULT '0|0|0',
  `timestamp` double NOT NULL DEFAULT '0',
  `experience` int(11) NOT NULL DEFAULT '0',
  `energy` int(11) NOT NULL DEFAULT '120',
  `happiness` int(11) NOT NULL DEFAULT '100',
  `score` int(11) NOT NULL DEFAULT '0',
  PRIMARY KEY (`id`),
  KEY `user_id` (`user_id`),
  KEY `room_id` (`room_id`)
) ENGINE=InnoDB  DEFAULT CHARSET=utf8 AUTO_INCREMENT=7770 ;

--
-- Volcado de datos para la tabla `pets`
--

INSERT INTO `pets` (`id`, `name`, `type`, `race`, `user_id`, `room_id`, `room_pos`, `timestamp`, `experience`, `energy`, `happiness`, `score`) VALUES
(7756, 'Dragon', 12, 0, 2, 1, '7|5|0', 1313314129.77108, 0, 120, 100, 9),
(7757, 'testing...', 12, 0, 4, 3, '8|3|0', 1315403329.84302, 0, 120, 100, 2),
(7758, 'conseguikfuncion', 12, 0, 7, 4, '6|5|0', 1315405202.8366, 0, 120, 100, 3),
(7759, 'darkiiiii', 12, 0, 15, 5, '9|7|0', 1315407839.6613, 0, 120, 100, 0),
(7760, 'forexxxxx', 12, 0, 15, 5, '8|7|0', 1315407907.82942, 0, 120, 100, 0),
(7761, 'darki', 12, 0, 39, 13, '6|8|0', 1315480924.49815, 0, 120, 100, 0),
(7762, 'manu', 12, 0, 39, 13, '5|8|0', 1315480928.43138, 0, 120, 100, 0),
(7763, 'jose', 12, 0, 39, 13, '6|9|0', 1315480932.53261, 0, 120, 100, 0),
(7764, 'juanma', 12, 0, 39, 13, '5|9|0', 1315480936.89986, 0, 120, 100, 0),
(7765, 'Nyan', 12, 9, 42, 19, '9|14|1', 1315515887.17105, 0, 120, 100, 0),
(7766, 'Prueba', 12, 0, 38, 18, '11|13|0', 1315598803.69394, 0, 120, 100, 7),
(7767, 'eLMEJor446', 12, 9, 51, 0, '0|0|0', 1315692722.43762, 0, 120, 100, 0),
(7768, 'Darki', 12, 0, 38, 1, '11|9|0', 1317418627.1211154, 0, 120, 100, 1),
(7769, 'Darki', 12, 0, 38, 25, '9|7|0', 1318275343.71667, 0, 120, 100, 0);

-- --------------------------------------------------------

--
-- Estructura de tabla para la tabla `pet_races`
--

CREATE TABLE IF NOT EXISTS `pet_races` (
  `id` int(10) unsigned NOT NULL AUTO_INCREMENT,
  `pet_type` int(11) NOT NULL DEFAULT '0',
  `data1` int(11) NOT NULL DEFAULT '0',
  `data2` int(11) NOT NULL DEFAULT '0',
  `data3` int(11) NOT NULL DEFAULT '0',
  PRIMARY KEY (`id`),
  KEY `pet_type` (`pet_type`)
) ENGINE=InnoDB  DEFAULT CHARSET=utf8 AUTO_INCREMENT=22 ;

--
-- Volcado de datos para la tabla `pet_races`
--

INSERT INTO `pet_races` (`id`, `pet_type`, `data1`, `data2`, `data3`) VALUES
(1, 12, 0, 1, 0),
(2, 12, 1, 1, 0),
(3, 12, 2, 1, 0),
(4, 12, 3, 1, 0),
(5, 12, 4, 1, 0),
(6, 12, 5, 1, 0),
(7, 12, 6, 1, 0),
(8, 12, 7, 1, 0),
(9, 12, 8, 1, 0),
(21, 12, 9, 1, 0);

-- --------------------------------------------------------

--
-- Estructura de tabla para la tabla `pet_tricks`
--

CREATE TABLE IF NOT EXISTS `pet_tricks` (
  `type` int(3) NOT NULL,
  `trick` varchar(32) NOT NULL,
  KEY `type` (`type`)
) ENGINE=InnoDB DEFAULT CHARSET=utf8;

--
-- Volcado de datos para la tabla `pet_tricks`
--

INSERT INTO `pet_tricks` (`type`, `trick`) VALUES
(11, 'rlx'),
(11, 'wav'),
(0, 'jmp'),
(11, 'eyb'),
(1, 'snf'),
(2, 'snf'),
(11, 'beg'),
(11, 'dan'),
(11, 'crk'),
(0, 'lay'),
(12, 'flm'),
(12, 'trn'),
(12, 'pla'),
(12, 'rng');

-- --------------------------------------------------------

--
-- Estructura de tabla para la tabla `quests`
--

CREATE TABLE IF NOT EXISTS `quests` (
  `id` int(10) unsigned NOT NULL AUTO_INCREMENT,
  `category` varchar(32) NOT NULL DEFAULT '',
  `series_number` int(11) NOT NULL DEFAULT '0',
  `goal_type` int(10) NOT NULL DEFAULT '0',
  `goal_data` int(10) unsigned NOT NULL DEFAULT '0',
  `name` varchar(32) NOT NULL DEFAULT '',
  `reward` int(11) NOT NULL DEFAULT '10',
  `data_bit` varchar(2) NOT NULL DEFAULT '',
  PRIMARY KEY (`id`)
) ENGINE=InnoDB  DEFAULT CHARSET=utf8 AUTO_INCREMENT=34 ;

--
-- Volcado de datos para la tabla `quests`
--

INSERT INTO `quests` (`id`, `category`, `series_number`, `goal_type`, `goal_data`, `name`, `reward`, `data_bit`) VALUES
(1, 'room_builder', 1, 0, 3, 'MOVEITEM', 10, '_2'),
(2, 'social', 1, 8, 1, 'ENTEROTHERSROOM', 10, '_2'),
(3, 'identity', 1, 14, 1, 'CHANGEFIGURE', 10, '_2'),
(4, 'explore', 1, 17, 1936, 'FINDLIFEGUARDTOWER', 10, '_2'),
(5, 'room_builder', 2, 1, 3, 'ROTATEITEM', 10, ''),
(6, 'room_builder', 3, 2, 1, 'PLACEITEM', 10, ''),
(7, 'room_builder', 4, 3, 1, 'PICKUPITEM', 10, ''),
(8, 'room_builder', 5, 4, 2, 'SWITCHSTATE', 10, ''),
(9, 'room_builder', 6, 5, 1, 'STACKITEM', 10, ''),
(10, 'room_builder', 7, 6, 1, 'PLACEFLOOR', 10, ''),
(11, 'room_builder', 8, 7, 1, 'PLACEWALLPAPER', 10, '_1'),
(12, 'identity', 2, 15, 1, 'CHANGEMOTTO', 10, ''),
(13, 'identity', 3, 16, 1, 'WEARBADGE', 10, ''),
(14, 'social', 2, 9, 1, 'CHATWITHSOMEONE', 10, ''),
(15, 'social', 3, 10, 1, 'REQUESTFRIEND', 10, ''),
(16, 'social', 4, 11, 1, 'GIVERESPECT', 10, ''),
(17, 'social', 5, 12, 1, 'DANCE', 10, ''),
(18, 'social', 6, 13, 1, 'WAVE', 10, ''),
(19, 'explore', 2, 17, 1948, 'SWIM', 10, ''),
(20, 'explore', 3, 17, 1969, 'FINDSURFBOARD', 10, ''),
(21, 'explore', 4, 17, 1956, 'FINDBEETLE', 10, ''),
(22, 'explore', 5, 17, 1369, 'FINDNEONFLOOR', 10, ''),
(23, 'explore', 6, 17, 1375, 'FINDDISCOBALL', 10, ''),
(24, 'explore', 7, 17, 1019, 'FINDJUKEBOX', 10, ''),
(25, 'explore', 8, 17, 2050, 'FINDBBGATE', 10, ''),
(26, 'explore', 9, 17, 2040, 'FINDBBTILE', 10, ''),
(27, 'explore', 10, 17, 2049, 'FINDBBTELEPORT', 10, ''),
(31, 'explore', 14, 17, 1413, 'ICESKATE', 10, ''),
(32, 'explore', 15, 17, 2148, 'FINDTAGPOLE', 10, ''),
(33, 'explore', 16, 17, 2199, 'ROLLERSKATE', 10, '');

-- --------------------------------------------------------

--
-- Estructura de tabla para la tabla `recycler_rewards`
--

CREATE TABLE IF NOT EXISTS `recycler_rewards` (
  `id` int(10) unsigned NOT NULL AUTO_INCREMENT,
  `chance_level` int(11) NOT NULL,
  `item_id` int(10) unsigned NOT NULL,
  PRIMARY KEY (`id`)
) ENGINE=InnoDB  DEFAULT CHARSET=utf8 AUTO_INCREMENT=27 ;

--
-- Volcado de datos para la tabla `recycler_rewards`
--

INSERT INTO `recycler_rewards` (`id`, `chance_level`, `item_id`) VALUES
(1, 5, 1553),
(2, 4, 1566),
(3, 3, 1518),
(4, 3, 1513),
(5, 3, 1515),
(6, 2, 1511),
(7, 2, 1499),
(8, 2, 1507),
(9, 2, 1505),
(10, 2, 1517),
(11, 2, 1495),
(12, 2, 2375),
(13, 2, 2373),
(14, 2, 2376),
(15, 2, 1497),
(16, 2, 1500),
(17, 2, 1510),
(18, 2, 1493),
(19, 2, 1509),
(20, 2, 1519),
(21, 1, 1502),
(22, 1, 1503),
(23, 1, 1508),
(24, 1, 1516),
(25, 1, 1494),
(26, 1, 1496);

-- --------------------------------------------------------

--
-- Estructura de tabla para la tabla `rights`
--

CREATE TABLE IF NOT EXISTS `rights` (
  `id` int(10) unsigned NOT NULL AUTO_INCREMENT,
  `set_id` int(10) unsigned NOT NULL,
  `right_id` varchar(128) NOT NULL,
  PRIMARY KEY (`id`)
) ENGINE=InnoDB  DEFAULT CHARSET=utf8 AUTO_INCREMENT=14 ;

--
-- Volcado de datos para la tabla `rights`
--

INSERT INTO `rights` (`id`, `set_id`, `right_id`) VALUES
(1, 0, 'login'),
(2, 100, 'moderation_tool'),
(3, 100, 'enter_locked_rooms'),
(4, 50, 'enter_full_rooms'),
(5, 10, 'club_regular'),
(6, 20, 'club_vip'),
(7, 100, 'room_rights'),
(8, 200, 'room_rights_owner'),
(9, 200, 'hotel_admin'),
(10, 100, 'moderation_tickets'),
(11, 100, 'cannot_ignore'),
(12, 100, 'mute'),
(13, 0, 'trade');

-- --------------------------------------------------------

--
-- Estructura de tabla para la tabla `rooms`
--

CREATE TABLE IF NOT EXISTS `rooms` (
  `id` int(10) unsigned NOT NULL AUTO_INCREMENT,
  `type` enum('flat','public') NOT NULL DEFAULT 'flat',
  `owner_id` int(11) unsigned NOT NULL,
  `name` varchar(64) NOT NULL DEFAULT '',
  `description` varchar(128) NOT NULL DEFAULT '',
  `pub_internal_name` varchar(64) NOT NULL DEFAULT '',
  `tags` varchar(65) NOT NULL DEFAULT '',
  `access_type` enum('password','doorbell','open') NOT NULL DEFAULT 'open',
  `password` varchar(64) NOT NULL DEFAULT '',
  `category` int(10) NOT NULL DEFAULT '0',
  `current_users` int(11) NOT NULL DEFAULT '0',
  `max_users` int(11) NOT NULL DEFAULT '25',
  `swfs` varchar(64) NOT NULL DEFAULT '',
  `score` int(11) NOT NULL DEFAULT '0',
  `icon` varchar(64) NOT NULL DEFAULT '1|0|1|4,1',
  `model` varchar(64) NOT NULL DEFAULT 'model_a',
  `allow_pets` enum('0','1') NOT NULL DEFAULT '1',
  `allow_pet_eating` enum('0','1') NOT NULL DEFAULT '0',
  `disable_blocking` enum('1','0') NOT NULL DEFAULT '1',
  `hide_walls` enum('0','1') NOT NULL DEFAULT '0',
  `thickness_wall` int(11) NOT NULL DEFAULT '0',
  `thickness_floor` int(11) NOT NULL DEFAULT '0',
  `decorations` varchar(128) NOT NULL DEFAULT 'landscape=0.0',
  PRIMARY KEY (`id`)
) ENGINE=InnoDB  DEFAULT CHARSET=utf8 AUTO_INCREMENT=30 ;

--
-- Volcado de datos para la tabla `rooms`
--

INSERT INTO `rooms` (`id`, `type`, `owner_id`, `name`, `description`, `pub_internal_name`, `tags`, `access_type`, `password`, `category`, `current_users`, `max_users`, `swfs`, `score`, `icon`, `model`, `allow_pets`, `allow_pet_eating`, `disable_blocking`, `hide_walls`, `thickness_wall`, `thickness_floor`, `decorations`) VALUES
(1, 'flat', 2, 'sssadsadsa', '', '', '', 'open', '', 1, 0, 25, '', 0, '1|0|1|4,1', 'model_a', '1', '0', '0', '0', 0, 0, 'landscape=0.0|floor=101|wallpaper=101'),
(2, 'flat', 3, 'sss', '', '', '', 'open', '', 0, 0, 25, '', 0, '1|0|1|4,1', 'model_a', '1', '0', '1', '0', 0, 0, 'landscape=0.0'),
(3, 'flat', 4, 'qwaef', '', '', '', 'open', '', 0, 0, 25, '', 0, '1|0|1|4,1', 'model_a', '1', '0', '1', '0', 0, 0, 'landscape=0.0'),
(4, 'flat', 7, 'prueba xd', '', '', '', 'open', '', 1, 0, 25, '', 0, '1|0|1|4,1', 'model_a', '1', '0', '1', '0', -2, -2, 'landscape=1.2|floor=106|wallpaper=109'),
(5, 'flat', 15, 'DxDxD', '', '', '', 'open', '', 0, 0, 25, '', 0, '1|0|1|4,1', 'model_a', '1', '0', '1', '0', 0, 0, 'landscape=0.0'),
(6, 'flat', 14, 'dgfg', '', '', '', 'open', '', 0, 0, 25, '', 0, '1|0|1|4,1', 'model_e', '1', '0', '1', '0', 0, 0, 'landscape=0.0'),
(7, 'flat', 20, 'ohnòn', '', '', '', 'open', '', 0, 0, 25, '', 0, '1|0|1|4,1', 'model_a', '1', '0', '1', '0', 0, 0, 'landscape=0.0'),
(8, 'flat', 23, 'SALA- BIENVENIDA', '', '', '', 'open', '', 0, 0, 25, '', 0, '1|0|1|4,1', 'model_i', '1', '0', '1', '0', 0, 0, 'landscape=0.0'),
(9, 'flat', 32, 'fssff', '', '', '', 'open', '', 0, 0, 25, '', 0, '1|0|1|4,1', 'model_a', '1', '0', '1', '0', 0, 0, 'landscape=0.0'),
(10, 'flat', 34, 'sad', '', '', '', 'open', '', 0, 0, 25, '', 0, '1|0|1|4,1', 'model_a', '1', '0', '1', '0', 0, 0, 'landscape=0.0'),
(11, 'flat', 36, 'Sla-Bienvenida', '', '', '', 'open', '', 9, 0, 25, '', 0, '1|0|1|4,1', 'model_i', '1', '0', '1', '0', 0, 0, 'landscape=0.0'),
(13, 'flat', 39, 'ahorros', '', '', '', 'open', '', 1, 0, 25, '', 0, '1|0|1|4,1', 'model_a', '1', '0', '1', '0', 0, 0, 'landscape=0.0'),
(14, 'flat', 40, 'XDacscs', '', '', '', 'open', '', 0, 0, 25, '', 0, '1|0|1|4,1', 'model_a', '1', '0', '1', '0', 0, 0, 'landscape=0.0|wallpaper=110|floor=307'),
(17, 'flat', 46, 'xdxd', '', '', '', 'open', '', 9, 0, 25, '', 0, '1|0|1|4,1', 'model_a', '1', '0', '1', '0', 0, 0, 'landscape=0.0'),
(19, 'flat', 42, 'Mi Casa e.e', '', '', '', 'open', '', 1, 0, 25, '', 0, '1|0|1|4,1', 'model_p', '1', '0', '1', '0', -2, -2, 'landscape=5.1|floor=110|wallpaper=108'),
(20, 'flat', 47, 'cbvcvbcv', '', '', '', 'open', '', 0, 0, 25, '', 0, '1|0|1|4,1', 'model_c', '1', '0', '1', '0', 0, 0, 'landscape=0.0'),
(21, 'flat', 44, 'sfdxcvxfg', '', '', '', 'open', '', 0, 0, 25, '', 0, '1|0|1|4,1', 'model_a', '1', '0', '1', '0', 0, 0, 'landscape=0.0'),
(22, 'flat', 50, 'Inappropriate to hotel management', 'Inappropriate to hotel management', '', '', 'doorbell', '', 0, 0, 25, '', 0, '1|0|1|4,1', 'model_a', '1', '1', '1', '0', 0, 0, 'landscape=|wallpaper=3105|floor=607'),
(23, 'flat', 49, '13123123213', '', '', '', 'open', '', 0, 0, 25, '', 0, '1|0|1|4,1', 'model_b', '1', '0', '1', '0', 0, 0, 'landscape=0.0'),
(24, 'flat', 51, 'ªª CASTILLO DEL TERROR ªª', '', '', '', 'open', '', 0, 0, 25, '', 0, '1|0|1|4,1', 'model_a', '1', '0', '1', '0', 0, 0, 'landscape=0.0'),
(25, 'flat', 38, 'buuu', '', '', '', 'open', '', 0, 0, 25, '', 0, '1|0|1|4,1', 'model_a', '1', '0', '1', '0', 0, 0, 'landscape=0.0'),
(26, 'flat', 38, 'erve', '', '', '', 'open', '', 0, 1, 25, '', 0, '1|0|1|4,1', 'model_n', '1', '0', '1', '0', 0, 0, 'landscape=1.10'),
(27, 'flat', 51, 'Mi sala Hc', '', '', '', 'open', '', 0, 0, 25, '', 0, '1|0|1|4,1', 'model_p', '1', '0', '1', '0', 0, 0, 'landscape=0.0'),
(29, 'flat', 51, 'Mi sala VIP', '', '', '', 'open', '', 0, 0, 25, '', 0, '1|0|1|4,1', 'model_x', '1', '0', '1', '0', 0, 0, 'landscape=0.0');

-- --------------------------------------------------------

--
-- Estructura de tabla para la tabla `room_models`
--

CREATE TABLE IF NOT EXISTS `room_models` (
  `id` varchar(64) NOT NULL,
  `type` enum('public','flat') NOT NULL DEFAULT 'flat',
  `heightmap` text NOT NULL,
  `enabled` enum('0','1') NOT NULL DEFAULT '1',
  `door_x` int(11) NOT NULL,
  `door_y` int(11) NOT NULL,
  `door_z` double NOT NULL,
  `door_dir` int(11) NOT NULL,
  `subscription_requirement` enum('2','1','0') NOT NULL,
  `max_users` int(11) NOT NULL DEFAULT '30',
  PRIMARY KEY (`id`)
) ENGINE=InnoDB DEFAULT CHARSET=utf8;

--
-- Volcado de datos para la tabla `room_models`
--

INSERT INTO `room_models` (`id`, `type`, `heightmap`, `enabled`, `door_x`, `door_y`, `door_z`, `door_dir`, `subscription_requirement`, `max_users`) VALUES
('cr_kitchen', 'public', 'X0XXXX000XXXX000X0X\r\nX000000000000000000\r\nX000000000000000000\r\nX000000000000000XXX\r\nX00XXXX00XXXX000XXX\r\nX00XXXX00XXXX00XXXX\r\nX00000000000000XXXX\r\nX00000000000000XXXX\r\nX00000000000000XXXX\r\nX00XXXXXXXXXX00XXXX\r\nX00XXXXXXXXXX00XXXX\r\nX00XXXXXXXXXX000XXX\r\n0000000000000000XXX\r\n000000000000000XXXX\r\n000000000000000XXXX\r\n000XXX0000XXX00XXXX\r\n000XXX0000XXX00XXXX\r\n000000000000000XXXX\r\n000000000000000XXXX\r\n000000000000000XXXX\r\nXXXXXXX00XXXXXXXXXX\r\nXXXXXXX00XXXXXXXXXX\r\nXXXXXXX00XXXXXXXXXX', '1', 2, 29, 0, 2, '0', 30),
('model_a', 'flat', 'xxxxxxxxxxxx\r\nxxxx00000000\r\nxxxx00000000\r\nxxxx00000000\r\nxxxx00000000\r\nxxxx00000000\r\nxxxx00000000\r\nxxxx00000000\r\nxxxx00000000\r\nxxxx00000000\r\nxxxx00000000\r\nxxxx00000000\r\nxxxx00000000\r\nxxxx00000000\r\nxxxxxxxxxxxx\r\nxxxxxxxxxxxx', '1', 3, 5, 0, 2, '0', 30),
('model_b', 'flat', 'xxxxxxxxxxxx\r\nxxxxx0000000\r\nxxxxx0000000\r\nxxxxx0000000\r\nxxxxx0000000\r\nx00000000000\r\nx00000000000\r\nx00000000000\r\nx00000000000\r\nx00000000000\r\nx00000000000\r\nxxxxxxxxxxxx\r\nxxxxxxxxxxxx\r\nxxxxxxxxxxxx\r\nxxxxxxxxxxxx\r\nxxxxxxxxxxxx', '1', 0, 5, 0, 2, '0', 30),
('model_c', 'flat', 'xxxxxxxxxxxx\r\nxxxxxxxxxxxx\r\nxxxxxxxxxxxx\r\nxxxxxxxxxxxx\r\nxxxxxxxxxxxx\r\nxxxxx000000x\r\nxxxxx000000x\r\nxxxxx000000x\r\nxxxxx000000x\r\nxxxxx000000x\r\nxxxxx000000x\r\nxxxxxxxxxxxx\r\nxxxxxxxxxxxx\r\nxxxxxxxxxxxx\r\nxxxxxxxxxxxx\r\nxxxxxxxxxxxx', '1', 4, 7, 0, 2, '0', 30),
('model_d', 'flat', 'xxxxxxxxxxxx\r\nxxxxx000000x\r\nxxxxx000000x\r\nxxxxx000000x\r\nxxxxx000000x\r\nxxxxx000000x\r\nxxxxx000000x\r\nxxxxx000000x\r\nxxxxx000000x\r\nxxxxx000000x\r\nxxxxx000000x\r\nxxxxx000000x\r\nxxxxx000000x\r\nxxxxx000000x\r\nxxxxx000000x\r\nxxxxxxxxxxxx', '1', 4, 7, 0, 2, '0', 30),
('model_e', 'flat', 'xxxxxxxxxxxx\r\nxxxxxxxxxxxx\r\nxxxxxxxxxxxx\r\nxx0000000000\r\nxx0000000000\r\nxx0000000000\r\nxx0000000000\r\nxx0000000000\r\nxx0000000000\r\nxx0000000000\r\nxx0000000000\r\nxxxxxxxxxxxx\r\nxxxxxxxxxxxx\r\nxxxxxxxxxxxx\r\nxxxxxxxxxxxx\r\nxxxxxxxxxxxx', '1', 1, 5, 0, 2, '0', 30),
('model_f', 'flat', 'xxxxxxxxxxxx\r\nxxxxxxx0000x\r\nxxxxxxx0000x\r\nxxx00000000x\r\nxxx00000000x\r\nxxx00000000x\r\nxxx00000000x\r\nx0000000000x\r\nx0000000000x\r\nx0000000000x\r\nx0000000000x\r\nxxxxxxxxxxxx\r\nxxxxxxxxxxxx\r\nxxxxxxxxxxxx\r\nxxxxxxxxxxxx\r\nxxxxxxxxxxxx', '1', 2, 5, 0, 2, '0', 30),
('model_g', 'flat', 'xxxxxxxxxxxx\r\nxxxxxxxxxxxx\r\nxxxxxxx00000\r\nxxxxxxx00000\r\nxxxxxxx00000\r\nxx1111000000\r\nxx1111000000\r\nxx1111000000\r\nxx1111000000\r\nxx1111000000\r\nxxxxxxx00000\r\nxxxxxxx00000\r\nxxxxxxx00000\r\nxxxxxxxxxxxx\r\nxxxxxxxxxxxx\r\nxxxxxxxxxxxx\r\nxxxxxxxxxxxx', '1', 1, 7, 1, 2, '1', 30),
('model_h', 'flat', 'xxxxxxxxxxxx\r\nxxxxxxxxxxxx\r\nxxxxx111111x\r\nxxxxx111111x\r\nxxxxx111111x\r\nxxxxx111111x\r\nxxxxx111111x\r\nxxxxx000000x\r\nxxxxx000000x\r\nxxx00000000x\r\nxxx00000000x\r\nxxx00000000x\r\nxxx00000000x\r\nxxxxxxxxxxxx\r\nxxxxxxxxxxxx\r\nxxxxxxxxxxxx', '1', 4, 4, 1, 2, '1', 30),
('model_i', 'flat', 'xxxxxxxxxxxxxxxxx\r\nx0000000000000000\r\nx0000000000000000\r\nx0000000000000000\r\nx0000000000000000\r\nx0000000000000000\r\nx0000000000000000\r\nx0000000000000000\r\nx0000000000000000\r\nx0000000000000000\r\nx0000000000000000\r\nx0000000000000000\r\nx0000000000000000\r\nx0000000000000000\r\nx0000000000000000\r\nx0000000000000000\r\nx0000000000000000\r\nx0000000000000000\r\nx0000000000000000\r\nx0000000000000000\r\nx0000000000000000\r\nx0000000000000000\r\nx0000000000000000\r\nx0000000000000000\r\nx0000000000000000\r\nx0000000000000000\r\nx0000000000000000\r\nxxxxxxxxxxxxxxxxx', '1', 0, 10, 0, 2, '0', 30),
('model_j', 'flat', 'xxxxxxxxxxxxxxxxxxxxx\r\nxxxxxxxxxxx0000000000\r\nxxxxxxxxxxx0000000000\r\nxxxxxxxxxxx0000000000\r\nxxxxxxxxxxx0000000000\r\nxxxxxxxxxxx0000000000\r\nxxxxxxxxxxx0000000000\r\nx00000000000000000000\r\nx00000000000000000000\r\nx00000000000000000000\r\nx00000000000000000000\r\nx00000000000000000000\r\nx00000000000000000000\r\nx00000000000000000000\r\nx00000000000000000000\r\nx00000000000000000000\r\nx00000000000000000000\r\nx0000000000xxxxxxxxxx\r\nx0000000000xxxxxxxxxx\r\nx0000000000xxxxxxxxxx\r\nx0000000000xxxxxxxxxx\r\nx0000000000xxxxxxxxxx\r\nx0000000000xxxxxxxxxx\r\nxxxxxxxxxxxxxxxxxxxxx', '1', 0, 10, 0, 2, '0', 30),
('model_k', 'flat', 'xxxxxxxxxxxxxxxxxxxxxxxxx\r\nxxxxxxxxxxxxxxxxx00000000\r\nxxxxxxxxxxxxxxxxx00000000\r\nxxxxxxxxxxxxxxxxx00000000\r\nxxxxxxxxxxxxxxxxx00000000\r\nxxxxxxxxx0000000000000000\r\nxxxxxxxxx0000000000000000\r\nxxxxxxxxx0000000000000000\r\nxxxxxxxxx0000000000000000\r\nx000000000000000000000000\r\nx000000000000000000000000\r\nx000000000000000000000000\r\nx000000000000000000000000\r\nx000000000000000000000000\r\nx000000000000000000000000\r\nx000000000000000000000000\r\nx000000000000000000000000\r\nxxxxxxxxx0000000000000000\r\nxxxxxxxxx0000000000000000\r\nxxxxxxxxx0000000000000000\r\nxxxxxxxxx0000000000000000\r\nxxxxxxxxx0000000000000000\r\nxxxxxxxxx0000000000000000\r\nxxxxxxxxx0000000000000000\r\nxxxxxxxxx0000000000000000\r\nxxxxxxxxx0000000000000000\r\nxxxxxxxxx0000000000000000\r\nxxxxxxxxxxxxxxxxxxxxxxxxx', '1', 0, 13, 0, 2, '0', 30),
('model_l', 'flat', 'xxxxxxxxxxxxxxxxxxxxx\r\nx00000000000000000000\r\nx00000000000000000000\r\nx00000000000000000000\r\nx00000000000000000000\r\nx00000000000000000000\r\nx00000000000000000000\r\nx00000000000000000000\r\nx00000000000000000000\r\nx00000000xxxx00000000\r\nx00000000xxxx00000000\r\nx00000000xxxx00000000\r\nx00000000xxxx00000000\r\nx00000000xxxx00000000\r\nx00000000xxxx00000000\r\nx00000000xxxx00000000\r\nx00000000xxxx00000000\r\nx00000000xxxx00000000\r\nx00000000xxxx00000000\r\nx00000000xxxx00000000\r\nx00000000xxxx00000000\r\nxxxxxxxxxxxxxxxxxxxxx', '1', 5, 14, 0, 2, '0', 30),
('model_m', 'flat', 'xxxxxxxxxxxxxxxxxxxxxxxxxxxxx\r\nxxxxxxxxxxx00000000xxxxxxxxxx\r\nxxxxxxxxxxx00000000xxxxxxxxxx\r\nxxxxxxxxxxx00000000xxxxxxxxxx\r\nxxxxxxxxxxx00000000xxxxxxxxxx\r\nxxxxxxxxxxx00000000xxxxxxxxxx\r\nxxxxxxxxxxx00000000xxxxxxxxxx\r\nxxxxxxxxxxx00000000xxxxxxxxxx\r\nxxxxxxxxxxx00000000xxxxxxxxxx\r\nxxxxxxxxxxx00000000xxxxxxxxxx\r\nxxxxxxxxxxx00000000xxxxxxxxxx\r\nx0000000000000000000000000000\r\nx0000000000000000000000000000\r\nx0000000000000000000000000000\r\nx0000000000000000000000000000\r\nx0000000000000000000000000000\r\nx0000000000000000000000000000\r\nx0000000000000000000000000000\r\nx0000000000000000000000000000\r\nxxxxxxxxxxx00000000xxxxxxxxxx\r\nxxxxxxxxxxx00000000xxxxxxxxxx\r\nxxxxxxxxxxx00000000xxxxxxxxxx\r\nxxxxxxxxxxx00000000xxxxxxxxxx\r\nxxxxxxxxxxx00000000xxxxxxxxxx\r\nxxxxxxxxxxx00000000xxxxxxxxxx\r\nxxxxxxxxxxx00000000xxxxxxxxxx\r\nxxxxxxxxxxx00000000xxxxxxxxxx\r\nxxxxxxxxxxx00000000xxxxxxxxxx\r\nxxxxxxxxxxx00000000xxxxxxxxxx\r\nxxxxxxxxxxxxxxxxxxxxxxxxxxxxx', '1', 0, 15, 0, 2, '0', 30),
('model_n', 'flat', 'xxxxxxxxxxxxxxxxxxxxx\r\nx00000000000000000000\r\nx00000000000000000000\r\nx00000000000000000000\r\nx00000000000000000000\r\nx00000000000000000000\r\nx00000000000000000000\r\nx000000xxxxxxxx000000\r\nx000000x000000x000000\r\nx000000x000000x000000\r\nx000000x000000x000000\r\nx000000x000000x000000\r\nx000000x000000x000000\r\nx000000x000000x000000\r\nx000000xxxxxxxx000000\r\nx00000000000000000000\r\nx00000000000000000000\r\nx00000000000000000000\r\nx00000000000000000000\r\nx00000000000000000000\r\nx00000000000000000000\r\nxxxxxxxxxxxxxxxxxxxxx', '1', 0, 16, 0, 2, '0', 30),
('model_o', 'flat', 'xxxxxxxxxxxxxxxxxxxxxxxxx\r\nxxxxxxxxxxxxx11111111xxxx\r\nxxxxxxxxxxxxx11111111xxxx\r\nxxxxxxxxxxxxx11111111xxxx\r\nxxxxxxxxxxxxx11111111xxxx\r\nxxxxxxxxxxxxx11111111xxxx\r\nxxxxxxxxxxxxx11111111xxxx\r\nxxxxxxxxxxxxx11111111xxxx\r\nxxxxxxxxxxxxx00000000xxxx\r\nxxxxxxxxx0000000000000000\r\nxxxxxxxxx0000000000000000\r\nxxxxxxxxx0000000000000000\r\nxxxxxxxxx0000000000000000\r\nxxxxxxxxx0000000000000000\r\nxxxxxxxxx0000000000000000\r\nx111111100000000000000000\r\nx111111100000000000000000\r\nx111111100000000000000000\r\nx111111100000000000000000\r\nx111111100000000000000000\r\nx111111100000000000000000\r\nx111111100000000000000000\r\nx111111100000000000000000\r\nxxxxxxxxx0000000000000000\r\nxxxxxxxxx0000000000000000\r\nxxxxxxxxx0000000000000000\r\nxxxxxxxxx0000000000000000\r\nxxxxxxxxxxxxxxxxxxxxxxxxx', '1', 0, 18, 1, 2, '1', 30),
('model_p', 'flat', 'xxxxxxxxxxxxxxxxxxx\r\nxxxxxxx222222222222\r\nxxxxxxx222222222222\r\nxxxxxxx222222222222\r\nxxxxxxx222222222222\r\nxxxxxxx222222222222\r\nxxxxxxx222222222222\r\nxxxxxxx22222222xxxx\r\nxxxxxxx11111111xxxx\r\nx222221111111111111\r\nx222221111111111111\r\nx222221111111111111\r\nx222221111111111111\r\nx222221111111111111\r\nx222221111111111111\r\nx222221111111111111\r\nx222221111111111111\r\nx2222xx11111111xxxx\r\nx2222xx00000000xxxx\r\nx2222xx000000000000\r\nx2222xx000000000000\r\nx2222xx000000000000\r\nx2222xx000000000000\r\n22222xx000000000000\r\nx2222xx000000000000\r\nxxxxxxxxxxxxxxxxxxx', '1', 0, 23, 2, 2, '1', 30),
('model_q', 'flat', 'xxxxxxxxxxxxxxxxxxx\r\nxxxxxxxxxxx22222222\r\nxxxxxxxxxxx22222222\r\nxxxxxxxxxxx22222222\r\nxxxxxxxxxxx22222222\r\nxxxxxxxxxxx22222222\r\nxxxxxxxxxxx22222222\r\nx222222222222222222\r\nx222222222222222222\r\nx222222222222222222\r\nx222222222222222222\r\nx222222222222222222\r\nx222222222222222222\r\nx2222xxxxxxxxxxxxxx\r\nx2222xxxxxxxxxxxxxx\r\nx2222211111xx000000\r\nx222221111110000000\r\nx222221111110000000\r\nx2222211111xx000000\r\nxx22xxx1111xxxxxxxx\r\nxx11xxx1111xxxxxxxx\r\nx1111xx1111xx000000\r\nx1111xx111110000000\r\nx1111xx111110000000\r\nx1111xx1111xx000000\r\nxxxxxxxxxxxxxxxxxxx', '1', 10, 4, 2, 2, '1', 30),
('model_r', 'flat', 'xxxxxxxxxxxxxxxxxxxxxxxxx\r\nxxxxxxxxxxx33333333333333\r\nxxxxxxxxxxx33333333333333\r\nxxxxxxxxxxx33333333333333\r\nxxxxxxxxxx333333333333333\r\nxxxxxxxxxxx33333333333333\r\nxxxxxxxxxxx33333333333333\r\nxxxxxxx333333333333333333\r\nxxxxxxx333333333333333333\r\nxxxxxxx333333333333333333\r\nxxxxxxx333333333333333333\r\nxxxxxxx333333333333333333\r\nxxxxxxx333333333333333333\r\nx4444433333xxxxxxxxxxxxxx\r\nx4444433333xxxxxxxxxxxxxx\r\nx44444333333222xx000000xx\r\nx44444333333222xx000000xx\r\nxxx44xxxxxxxx22xx000000xx\r\nxxx33xxxxxxxx11xx000000xx\r\nxxx33322222211110000000xx\r\nxxx33322222211110000000xx\r\nxxxxxxxxxxxxxxxxx000000xx\r\nxxxxxxxxxxxxxxxxx000000xx\r\nxxxxxxxxxxxxxxxxx000000xx\r\nxxxxxxxxxxxxxxxxx000000xx\r\nxxxxxxxxxxxxxxxxxxxxxxxxx', '1', 10, 4, 3, 2, '1', 30),
('model_rugtest', 'flat', '00000\r\n00000\r\n00000', '1', 0, 0, 0, 2, '2', 30),
('model_t', 'flat', 'xxxxxxxxxxxxxxxxxxxxxxxxxxxxx\r\nx222222222222222222222222222x\r\nx222222222222222222222222222x\r\n2222222222222222222222222222x\r\nx222222222222222222222222222x\r\nx2222xxxxxx222222xxxxxxx2222x\r\nx2222xxxxxx111111xxxxxxx2222x\r\nx2222xx111111111111111xx2222x\r\nx2222xx111111111111111xx2222x\r\nx2222xx11xxx1111xxxx11xx2222x\r\nx2222xx11xxx0000xxxx11xx2222x\r\nx22222111x00000000xx11xx2222x\r\nx22222111x00000000xx11xx2222x\r\nx22222111x00000000xx11xx2222x\r\nx22222111x00000000xx11xx2222x\r\nx22222111x00000000xx11xx2222x\r\nx22222111x00000000xx11xx2222x\r\nx2222xx11xxxxxxxxxxx11xx2222x\r\nx2222xx11xxxxxxxxxxx11xx2222x\r\nx2222xx111111111111111xx2222x\r\nx2222xx111111111111111xx2222x\r\nx2222xxxxxxxxxxxxxxxxxxx2222x\r\nx2222xxxxxxxxxxxxxxxxxxx2222x\r\nx222222222222222222222222222x\r\nx222222222222222222222222222x\r\nx222222222222222222222222222x\r\nx222222222222222222222222222x\r\nxxxxxxxxxxxxxxxxxxxxxxxxxxxxx', '1', 0, 0, 0, 2, '2', 30),
('model_u', 'flat', 'xxxxxxxxxxxxxxxxxxxxxxxx\r\nx1111100000000000000000x\r\nx1111100000000000000000x\r\nx1111100000000000000000x\r\nx1111100000000000000000x\r\nx1111100000000000000000x\r\nx1111100000000000000000x\r\nx1111100000000000000000x\r\nx1111100000000000000000x\r\nx1111100000000000000000x\r\nx1111100000000000000000x\r\nx1111100000000000000000x\r\nx1111100000000000000000x\r\nx1111100000000000000000x\r\nx1111100000000000000000x\r\nx1111100000000000000000x\r\nx1111100000000000000000x\r\n11111100000000000000000x\r\nx1111100000000000000000x\r\nx1111100000000000000000x\r\nx1111100000000000000000x\r\nx1111100000000000000000x\r\nx1111100000000000000000x\r\nx1111100000000000000000x\r\nx1111100000000000000000x\r\nx1111100000000000000000x\r\nx1111100000000000000000x\r\nx1111100000000000000000x\r\nx1111100000000000000000x\r\nx1111100000000000000000x\r\nx1111100000000000000000x\r\nx1111100000000000000000x\r\nx1111100000000000000000x\r\nx1111100000000000000000x\r\nx1111100000000000000000x\r\nxxxxxxxxxxxxxxxxxxxxxxxx', '1', 0, 17, 1, 2, '2', 30),
('model_w', 'flat', 'xxxxxxxxxxxxxxxxxxxxxxxxxxx\r\nx2222xx1111111111xx11111111\r\nx2222xx1111111111xx11111111\r\n222222111111111111111111111\r\nx22222111111111111111111111\r\nx22222111111111111111111111\r\nx22222111111111111111111111\r\nx2222xx1111111111xx11111111\r\nx2222xx1111111111xx11111111\r\nx2222xx1111111111xxxx1111xx\r\nx2222xx1111111111xxxx0000xx\r\nxxxxxxx1111111111xx00000000\r\nxxxxxxx1111111111xx00000000\r\nx22222111111111111000000000\r\nx22222111111111111000000000\r\nx22222111111111111000000000\r\nx22222111111111111000000000\r\nx2222xx1111111111xx00000000\r\nx2222xx1111111111xx00000000\r\nx2222xxxx1111xxxxxxxxxxxxxx\r\nx2222xxxx0000xxxxxxxxxxxxxx\r\nx2222x0000000000xxxxxxxxxxx\r\nx2222x0000000000xxxxxxxxxxx\r\nx2222x0000000000xxxxxxxxxxx\r\nx2222x0000000000xxxxxxxxxxx\r\nx2222x0000000000xxxxxxxxxxx\r\nx2222x0000000000xxxxxxxxxxx', '1', 0, 0, 0, 2, '2', 30),
('model_x', 'flat', 'xxxxxxxxxxxxxxxxxxxx\r\nx000000000000000000x\r\nx000000000000000000x\r\nx000000000000000000x\r\nx000000000000000000x\r\nx000000000000000000x\r\nx000000000000000000x\r\nxxx00xxx0000xxx00xxx\r\nx000000x0000x000000x\r\nx000000x0000x000000x\r\nx000000x0000x000000x\r\nx000000x0000x000000x\r\n0000000x0000x000000x\r\nx000000x0000x000000x\r\nx000000x0000x000000x\r\nx000000x0000x000000x\r\nx000000x0000x000000x\r\nx000000x0000x000000x\r\nx000000xxxxxx000000x\r\nx000000000000000000x\r\nx000000000000000000x\r\nx000000000000000000x\r\nx000000000000000000x\r\nx000000000000000000x\r\nx000000000000000000x\r\nxxxxxxxxxxxxxxxxxxxx', '1', 0, 0, 0, 2, '2', 30),
('model_y', 'flat', 'xxxxxxxxxxxxxxxxxxxxxxxxxxxx\r\nx00000000xx0000000000xx0000x\r\nx00000000xx0000000000xx0000x\r\n000000000xx0000000000xx0000x\r\nx00000000xx0000000000xx0000x\r\nx00000000xx0000xx0000xx0000x\r\nx00000000xx0000xx0000xx0000x\r\nx00000000xx0000xx0000000000x\r\nx00000000xx0000xx0000000000x\r\nxxxxx0000xx0000xx0000000000x\r\nxxxxx0000xx0000xx0000000000x\r\nxxxxx0000xx0000xxxxxxxxxxxxx\r\nxxxxx0000xx0000xxxxxxxxxxxxx\r\nx00000000xx0000000000000000x\r\nx00000000xx0000000000000000x\r\nx00000000xx0000000000000000x\r\nx00000000xx0000000000000000x\r\nx0000xxxxxxxxxxxxxxxxxx0000x\r\nx0000xxxxxxxxxxxxxxxxxx0000x\r\nx00000000000000000000000000x\r\nx00000000000000000000000000x\r\nx00000000000000000000000000x\r\nx00000000000000000000000000x\r\nxxxxxxxxxxxxxxxxxxxxxxxxxxxx', '1', 0, 0, 0, 2, '2', 30),
('model_z', 'flat', 'xxxxxxxxxxxxxxxxxxxxxxxxxxxxxxx\r\nxxxxxxxxxxx00000000000000000000\r\nxxxxxxxxxxx00000000000000000000\r\nxxxxxxxxxxx00000000000000000000\r\nx00000000xx00000000000000000000\r\nx00000000xx00000000000000000000\r\nx00000000xx00000000000000000000\r\nx00000000xx00000000000000000000\r\nx00000000xx00000000000000000000\r\n000000000xx00000000000000000000\r\nx00000000xx00000000000000000000\r\nx00000000xx00000000000000000000\r\nx00000000xx00000000000000000000\r\nx00000000xx00000000000000000000\r\nx00000000xx00000000000000000000\r\nx00000000xx00000000000000000000\r\nxxxxxxxxxxx00000000000000000000\r\nxxxxxxxxxxx00000000000000000000\r\nxxxxxxxxxxx00000000000000000000\r\nxxxxxxxxxxxxxxxxxxxxxxxxxxxxxxx', '1', 0, 0, 0, 2, '2', 30),
('newbie_lobby', 'public', 'xxxxxxxxxxxxxxxx000000\r\nxxxxx0xxxxxxxxxx000000\r\nxxxxx00000000xxx000000\r\nxxxxx000000000xx000000\r\n0000000000000000000000\r\n0000000000000000000000\r\n0000000000000000000000\r\n0000000000000000000000\r\n0000000000000000000000\r\nxxxxx000000000000000xx\r\nxxxxx000000000000000xx\r\nx0000000000000000000xx\r\nx0000000000000000xxxxx\r\nxxxxxx00000000000xxxxx\r\nxxxxxxx0000000000xxxxx\r\nxxxxxxxx000000000xxxxx\r\nxxxxxxxx000000000xxxxx\r\nxxxxxxxx000000000xxxxx\r\nxxxxxxxx000000000xxxxx\r\nxxxxxxxx000000000xxxxx\r\nxxxxxxxx000000000xxxxx\r\nxxxxxx00000000000xxxxx\r\nxxxxxx00000000000xxxxx\r\nxxxxxx00000000000xxxxx\r\nxxxxxx00000000000xxxxx\r\nxxxxxx00000000000xxxxx\r\nxxxxx000000000000xxxxx\r\nxxxxx000000000000xxxxx', '1', 2, 11, 0, 2, '0', 30),
('oscar_village', 'flat', 'XX000000000X00000000\r\nXX000000000X00000000\r\nXX000000000X00000000\r\nXX000000000000000000\r\nXX000000000000000000\r\nXX000000000000000000\r\nXX000000000X00000000\r\nXX000000000X00000000\r\nXX000000000X00000000\r\nXX000000000X00000000\r\nXX000000000X00000000\r\nXX000000000X00000000\r\nXX000000000X00000000\r\nXX000000000XXXXXXXXX\r\nXX000000000XXXXXXXXX\r\nXX000000000XXXXXXXXX\r\nXX000000000X00000000\r\nXX000000000X00000000\r\nXX000000000X00000000\r\nXX000000000X00000000\r\nXX000000000X00000000\r\nXX000000000000000000\r\nXX000000000000000000\r\nXX000000000000000000\r\nXX000000000X00000000\r\nXX000000000X00000000\r\nXX000000000X00000000\r\nXX000000000X00000000\r\nXX000000000X00000000\r\nXX000000000XXXXXXXXX\r\nXX000000000XXXXXXXXX\r\nXX000000000XXXXXXXXX\r\nXX000000000000000000\r\nXX000000000000000000\r\nXX000000000000000000\r\nXX000000000000000000\r\nXX000000000000000000\r\nXX000000000000000000\r\nXX000000000000000000\r\nXX000000000000000000\r\nXX000000000000000000\r\nXX000000000000000000\r\nXX000000000000000000\r\nXX000000000000000000\r\nXX000000000000000000\r\nXX000000000000000000\r\nXX000000000000000000\r\nXXXXXXXXXXXXXXXXXXXX\r\nXXXXXXXXXXXXXXXXXXXX\r\nXXXXXXXXXXXXXXXXXXXX\r\nXXXXXXXXXXXXXXXXXXXX', '1', 2, 29, 0, 2, '0', 30),
('park_b', 'public', '0000x0000000\r\n0000xx000000\r\n000000000000\r\n00000000000x\r\n000000000000\r\n00x0000x0000', '1', 11, 2, 0, 4, '0', 30),
('rooftop_2', 'public', 'x0000x000\r\nxxxxxx000\r\n000000000\r\n000000000\r\n000000000\r\n000000000\r\n000000000\r\n000000000\r\n000000000\r\n000000000\r\nxxx000xxx\r\nxxx000xxx', '1', 4, 9, 0, 0, '0', 30),
('theater', 'public', 'XXXXXXXXXXXXXXXXXXXXXXX\r\nXXXXXXXXXXXXXXXXXXXXXXX\r\nXXXXXXXXXXXXXXXXXXXXXXX\r\nXXXXXXXXXXXXXXXXXXXXXXX\r\nXXXXXXXXXXXXXXXXXXXXXXX\r\nXXXXXXXXXXXXXXXXXXXXXXX\r\nXXXXXXX111111111XXXXXXX\r\nXXXXXXX11111111100000XX\r\nXXXX00X11111111100000XX\r\nXXXX00x11111111100000XX\r\n4XXX00X11111111100000XX\r\n4440000XXXXXXXXX00000XX\r\n444000000000000000000XX\r\n4XX000000000000000000XX\r\n4XX0000000000000000000X\r\n44400000000000000000000\r\n44400000000000000000000\r\n44X00000000000000000000\r\n44X11111111111111111000\r\n44X11111111111111111000\r\n33X11111111111111111000\r\n22X11111111111111111000\r\n22X11111111111111111000\r\n22X11111111111111111000\r\n22X11111111111111111000\r\n22X11111111111111111000\r\n22211111111111111111000\r\n22211111111111111111000\r\nXXXXXXXXXXXXXXXXXXXX00X\r\nXXXXXXXXXXXXXXXXXXXX00X', '1', 20, 27, 0, 0, '0', 30),
('uber_offices', 'flat', 'XXXXXXXXXXXXXXXXXXXXXXXXXXXXXX\r\nXXXXXXXXXXXXXXXXXXXXXXXXXXXXXX\r\nXXXXXXXXXXXXXXXXXXXXXXXXXXXXXX\r\nXXXXXXXXXXXXXXXXXXXXXXXXXXXXXX\r\nXXXXXXXXXXXXXXXXXXXXXXXXXXXXXX\r\nXXXXXXXXXXXXXXXXXXXXXXXXXXXXXX\r\nXXXXXXXX0000000000000000XXXXXXXX\r\nXXXXXXXX0000000000000000XXXXXXXX\r\nXXXXXXXX0000000000000000XXXXXXXX\r\nXXXXXXXX0000000000000000XXXXXXXX\r\nXXXXXXXX0000000000000000XXXXXXXX\r\nXXXXXXXX0000000000000000XXXXXXXX\r\nXXXXXXXX0000000000000000XXXXXXXX\r\nXXXXXXXX0000000000000000XXXXXXXX\r\nXXXXXXXX0000000000000000XXXXXXXX\r\n000000000000000000000000XXXXXXXXX\r\n000000000000000000000000XXXXXXXXX\r\n000000000000000000000000XXXXXXXXX\r\n000000000000000000000000XXXXXXXXX\r\n000000000000000000000000XXXXXXXXX\r\n000000000000000000000000XXXXXXXXX\r\n000000000000000000000000XXXXXXXXX\r\n000000000000000000000000XXXXXXXXX\r\n000000000000000000000000XXXXXXXXX\r\nXXXXXXXXXXXXXXXXXXXXXXXXXXXXXX\r\nXXXXXXXXXXXXXXXXXXXXXXXXXXXXXX\r\nXXXXXXXXXXXXXXXXXXXXXXXXXXXXXX\r\nXXXXXXXXXXXXXXXXXXXXXXXXXXXXXX\r\nXXXXXXXXXXXXXXXXXXXXXXXXXXXXXX\r\nXXXXXXXXXXXXXXXXXXXXXXXXXXXXXX', '1', 6, 15, 0, 4, '0', 30);

-- --------------------------------------------------------

--
-- Estructura de tabla para la tabla `room_rights`
--

CREATE TABLE IF NOT EXISTS `room_rights` (
  `id` int(10) unsigned NOT NULL AUTO_INCREMENT,
  `room_id` int(10) unsigned NOT NULL,
  `user_id` int(10) unsigned NOT NULL,
  PRIMARY KEY (`id`),
  KEY `room_id` (`room_id`)
) ENGINE=InnoDB DEFAULT CHARSET=utf8 AUTO_INCREMENT=1 ;

-- --------------------------------------------------------

--
-- Estructura de tabla para la tabla `room_visits`
--

CREATE TABLE IF NOT EXISTS `room_visits` (
  `id` int(10) unsigned NOT NULL AUTO_INCREMENT,
  `user_id` int(10) unsigned NOT NULL DEFAULT '0',
  `room_id` int(10) unsigned NOT NULL DEFAULT '0',
  `timestamp_entered` double NOT NULL DEFAULT '0',
  `timestamp_left` double NOT NULL DEFAULT '0',
  PRIMARY KEY (`id`)
) ENGINE=InnoDB  DEFAULT CHARSET=utf8 AUTO_INCREMENT=372 ;

--
-- Volcado de datos para la tabla `room_visits`
--

INSERT INTO `room_visits` (`id`, `user_id`, `room_id`, `timestamp_entered`, `timestamp_left`) VALUES
(1, 2, 1, 1313313684.45806, 1313313735.47579),
(2, 2, 1, 1313313749.18713, 1313314001.61866),
(3, 2, 1, 1313314001.61866, 1313320954.64723),
(4, 3, 2, 1313321007.1417, 1313321319.53997),
(5, 3, 2, 1313321341.47294, 1313321450.47638),
(6, 3, 2, 1313321450.47638, 1315402676.16158),
(7, 4, 3, 1315402951.63832, 1315403882.16768),
(8, 4, 3, 1315404134.49511, 1315410959.73942),
(9, 7, 4, 1315405113.84778, 1315406181.68631),
(10, 10, 4, 1315405220.79119, 1315405977.22065),
(11, 13, 4, 1315405865.9645, 1315410959.73942),
(12, 10, 4, 1315405977.22065, 1315406193.60484),
(13, 7, 4, 1315406181.68631, 1315408578.14389),
(14, 10, 4, 1315406193.60484, 1315410959.73942),
(15, 14, 4, 1315406759.21865, 1315407894.83236),
(16, 15, 4, 1315406863.15512, 1315406900.79127),
(17, 15, 4, 1315406900.79127, 1315407888.30235),
(18, 15, 5, 1315407888.30235, 1315408295.90933),
(19, 14, 5, 1315407894.83236, 1315408199.59469),
(20, 14, 6, 1315408199.59469, 1315408582.30713),
(21, 15, 6, 1315408295.90933, 1315408549.60886),
(22, 15, 6, 1315408549.60886, 1315408604.02378),
(23, 7, 4, 1315408578.14389, 1315410959.73942),
(24, 14, 4, 1315408582.30713, 1315410959.73942),
(25, 15, 5, 1315408604.02378, 1315408640.4235),
(26, 15, 4, 1315408640.4235, 1315409082.44923),
(27, 15, 4, 1315409082.44923, 1315410959.73942),
(28, 20, 7, 1315413223.68167, 1315413527.1435),
(29, 15, 7, 1315413367.77446, 1315413699.92765),
(30, 20, 7, 1315413527.1435, 1315413699.92765),
(31, 20, 7, 1315413743.25099, 1315414022.37921),
(32, 15, 5, 1315413813.039, 1315414022.37921),
(33, 15, 5, 1315414053.30614, 1315414203.52926),
(34, 20, 7, 1315414068.12379, 1315414885.70057),
(35, 15, 7, 1315414203.52926, 1315414885.70057),
(36, 21, 7, 1315414380.71774, 1315414885.70057),
(37, 15, 5, 1315414982.4131, 1315415073.98733),
(38, 20, 7, 1315414996.00187, 1315417814.07628),
(39, 15, 7, 1315415073.98733, 1315415421.08103),
(40, 22, 7, 1315415281.20579, 1315415453.86453),
(41, 15, 5, 1315415421.08103, 1315415548.70116),
(42, 22, 5, 1315415453.86453, 1315417814.07628),
(43, 15, 7, 1315415548.70116, 1315416073.33111),
(44, 15, 7, 1315416073.33111, 1315417814.07628),
(45, 20, 7, 1315417879.13025, 1315418019.79199),
(46, 20, 7, 1315418028.57047, 1315423887.47758),
(47, 23, 8, 1315421604.67701, 1315423887.47758),
(48, 32, 1, 1315425227.75624, 1315425596.50333),
(49, 31, 1, 1315425343.14684, 1315428486.75065),
(50, 32, 9, 1315425596.50333, 1315428486.75065),
(51, 34, 9, 1315427224.64146, 1315427350.93768),
(52, 34, 10, 1315427350.93768, 1315428486.75065),
(53, 36, 1, 1315427698.08254, 1315427858.66472),
(54, 36, 11, 1315427858.66472, 1315428486.75065),
(55, 38, 1, 1315428010.25139, 1315428486.75065),
(56, 39, 11, 1315428106.05087, 1315428126.58705),
(57, 39, 1, 1315428126.58705, 1315428486.75065),
(58, 36, 11, 1315428581.28405, 1315429700.25906),
(59, 38, 11, 1315428593.94478, 1315429826.21926),
(60, 39, 11, 1315428647.33783, 1315429725.4975),
(61, 36, 11, 1315429700.25906, 1315429826.21926),
(62, 39, 11, 1315429725.4975, 1315429826.21926),
(63, 36, 11, 1315429857.37904, 1315429898.21938),
(64, 36, 11, 1315429898.21938, 1315431161.99466),
(65, 38, 1, 1315429951.0984, 1315431035.29842),
(66, 38, 1, 1315431035.29842, 1315436252.03185),
(67, 36, 1, 1315431161.99466, 1315431291.22905),
(68, 36, 1, 1315431291.22905, 1315432395.39321),
(69, 39, 1, 1315431722.90874, 1315432820.0355),
(70, 41, 1, 1315431786.8304, 1315476710.87415),
(71, 36, 1, 1315432395.39321, 1315476710.87415),
(72, 42, 1, 1315432716.68158, 1315432966.8869),
(73, 39, 1, 1315432820.0355, 1315432992.64437),
(74, 42, 12, 1315432966.8869, 1315433247.67796),
(75, 39, 12, 1315432992.64437, 1315433020.13794),
(76, 39, 12, 1315433020.13794, 1315433024.47219),
(77, 39, 1, 1315433024.47219, 1315435245.62029),
(78, 42, 1, 1315433247.67796, 1315434014.52582),
(79, 43, 1, 1315433401.58376, 1315435272.1718),
(80, 42, 1, 1315434014.52582, 1315435186.25889),
(81, 42, 12, 1315435186.25889, 1315476710.87415),
(82, 39, 12, 1315435245.62029, 1315476126.59273),
(83, 43, 12, 1315435272.1718, 1315476710.87415),
(84, 38, 1, 1315436252.03185, 1315476710.87415),
(85, 39, 13, 1315476126.59273, 1315476636.5739),
(86, 39, 13, 1315476636.5739, 1315476710.87415),
(87, 39, 13, 1315476751.9475, 1315476842.74669),
(88, 39, 13, 1315476842.74669, 1315479958.4839),
(89, 38, 13, 1315476882.59597, 1315481513.74686),
(90, 40, 14, 1315479556.76792, 1315480090.73447),
(91, 39, 14, 1315479958.4839, 1315480084.4251),
(92, 39, 13, 1315480084.4251, 1315480452.41215),
(93, 40, 14, 1315480090.73447, 1315480117.79701),
(94, 40, 13, 1315480117.79701, 1315482453.54961),
(95, 39, 13, 1315480452.41215, 1315490814.0468),
(96, 38, 13, 1315481513.74686, 1315490814.0468),
(97, 40, 14, 1315482453.54961, 1315490814.0468),
(98, 42, 12, 1315484989.26665, 1315485243.44118),
(99, 42, 15, 1315485243.44118, 1315485422.37542),
(100, 42, 15, 1315485422.37542, 1315485459.08052),
(101, 42, 12, 1315485459.08052, 1315485469.69612),
(102, 42, 15, 1315485469.69612, 1315485491.13635),
(103, 42, 16, 1315485491.13635, 1315485585.70076),
(104, 42, 15, 1315485585.70076, 1315485639.31183),
(105, 42, 12, 1315485639.31183, 1315490814.0468),
(106, 46, 17, 1315492864.42108, 1315493073.14302),
(107, 39, 13, 1315492900.64615, 1315493028.62047),
(108, 38, 17, 1315492945.57772, 1315494487.36191),
(109, 39, 17, 1315493028.62047, 1315493798.02148),
(110, 46, 17, 1315493073.14302, 1315494487.36191),
(111, 39, 17, 1315493798.02148, 1315494487.36191),
(112, 42, 17, 1315494026.74256, 1315494487.36191),
(113, 38, 18, 1315494686.93532, 1315501665.93656),
(114, 46, 18, 1315494848.27555, 1315501665.93656),
(115, 39, 18, 1315495141.52632, 1315501665.93656),
(116, 38, 18, 1315501851.55817, 1315502456.39277),
(117, 46, 18, 1315502084.16548, 1315502861.32093),
(118, 38, 18, 1315502456.39277, 1315502861.32093),
(119, 44, 18, 1315502548.09201, 1315502861.32093),
(120, 38, 18, 1315502968.76407, 1315506155.60035),
(121, 42, 18, 1315502986.00206, 1315503916.38228),
(122, 39, 18, 1315503037.89803, 1315503722.44618),
(123, 39, 18, 1315503722.44618, 1315505035.7513),
(124, 44, 18, 1315503862.37419, 1315506155.60035),
(125, 42, 19, 1315503916.38228, 1315506155.60035),
(126, 47, 18, 1315504986.57449, 1315505040.62358),
(127, 39, 19, 1315505035.7513, 1315505250.47658),
(128, 47, 19, 1315505040.62358, 1315505554.21895),
(129, 39, 18, 1315505250.47658, 1315505256.83394),
(130, 39, 19, 1315505256.83394, 1315506155.60035),
(131, 47, 19, 1315505554.21895, 1315505567.36271),
(132, 47, 18, 1315505567.36271, 1315505643.41706),
(133, 47, 20, 1315505643.41706, 1315506155.60035),
(134, 38, 18, 1315506248.53467, 1315506399.5263),
(135, 42, 19, 1315506645.9774, 1315509712.44879),
(136, 38, 18, 1315507669.77496, 1315509712.44879),
(137, 44, 1, 1315510019.09333, 1315510043.27471),
(138, 44, 21, 1315510043.27471, 1315512882.8683),
(139, 38, 18, 1315510109.91052, 1315512882.8683),
(140, 38, 18, 1315512997.34411, 1315513021.50297),
(141, 42, 19, 1315513000.42328, 1315514052.66891),
(142, 38, 19, 1315513021.50297, 1315514513.50465),
(143, 42, 19, 1315514052.66891, 1315514513.50465),
(144, 38, 18, 1315514626.26982, 1315518549.57633),
(145, 42, 19, 1315514635.17031, 1315514839.58918),
(146, 42, 18, 1315514839.58918, 1315515630.9744),
(147, 42, 19, 1315515630.9744, 1315518549.57633),
(148, 38, 18, 1315519733.52546, 1315520648.52042),
(149, 38, 18, 1315520750.39223, 1315520868.07517),
(150, 38, 18, 1315520868.07517, 1315523192.87662),
(151, 38, 1, 1315523192.87662, 1315523968.83555),
(152, 38, 18, 1315524628.06866, 1315525247.5743),
(153, 46, 18, 1315524684.72071, 1315525247.5743),
(154, 38, 18, 1315525315.40589, 1315528168.98184),
(155, 38, 18, 1315528379.41932, 1315529131.35969),
(156, 38, 18, 1315581258.65279, 1315582352.31978),
(157, 43, 18, 1315581463.00254, 1315583370.21368),
(158, 38, 18, 1315582352.31978, 1315583370.21368),
(159, 38, 18, 1315583958.12631, 1315597922.57208),
(160, 38, 18, 1315598505.63558, 1315599582.50149),
(161, 38, 18, 1315599582.50149, 1315603435.91014),
(162, 50, 22, 1315603741.45243, 1315603862.16205),
(163, 38, 18, 1315603747.17067, 1315603761.12122),
(164, 38, 22, 1315603761.12122, 1315625360.46693),
(165, 50, 22, 1315603862.16205, 1315604604.58443),
(166, 50, 22, 1315604604.58443, 1315625360.46693),
(167, 38, 18, 1315625497.78215, 1315627485.90629),
(168, 49, 23, 1315625575.30124, 1315625655.6008),
(169, 49, 18, 1315625655.6008, 1315626304.22804),
(170, 49, 18, 1315626304.22804, 1315663591.95524),
(171, 38, 18, 1315627485.90629, 1315663591.95524),
(172, 38, 18, 1315691035.84827, 1315692083.67307),
(173, 51, 18, 1315691054.71002, 1315691281.65548),
(174, 51, 18, 1315691281.65548, 1315692392.57468),
(175, 38, 18, 1315692083.67307, 1315692461.42052),
(176, 51, 24, 1315692392.57468, 1315693076.51742),
(177, 38, 24, 1315692461.42052, 1315692711.50728),
(178, 38, 18, 1315692711.50728, 1315692828.19415),
(179, 38, 24, 1315692828.19415, 1315693043.57202),
(180, 38, 25, 1315693043.57202, 1315693114.96399),
(181, 51, 25, 1315693076.51742, 1315693120.16327),
(182, 38, 26, 1315693114.96399, 1315774819.97376),
(183, 51, 26, 1315693120.16327, 1315693417.56559),
(184, 51, 26, 1315693417.56559, 1315693556.46358),
(185, 51, 24, 1315693556.46358, 1315693825.21357),
(186, 51, 25, 1315693825.21357, 1315693943.87537),
(187, 51, 24, 1315693943.87537, 1315693980.98638),
(188, 51, 27, 1315693980.98638, 1315694015.10259),
(189, 51, 28, 1315694015.10259, 1315694378.6459),
(190, 51, 24, 1315694378.6459, 1315694395.92156),
(191, 51, 29, 1315694395.92156, 1315694415.26409),
(192, 51, 29, 1315694415.26409, 1315694428.87441),
(193, 51, 24, 1315694428.87441, 1315694480.09389),
(194, 51, 1, 1315694480.09389, 1315695057.01045),
(195, 51, 24, 1315695057.01045, 1315695602.67521),
(196, 51, 24, 1315695602.67521, 1315696037.86147),
(197, 51, 26, 1315696037.86147, 1315696436.1437),
(198, 51, 1, 1315696436.1437, 1315696905.35068),
(199, 51, 24, 1315696905.35068, 1315696912.17007),
(200, 51, 27, 1315696912.17007, 1315696915.92926),
(201, 51, 1, 1315696915.92926, 1315698239.49758),
(202, 51, 1, 1315698239.49758, 1315698252.40332),
(203, 51, 24, 1315698252.40332, 1315774819.97376),
(204, 38, 25, 1316279996.401408, 1316282756.0452504),
(205, 38, 26, 1316377448.9324002, 1316377705.6270823),
(206, 38, 25, 1316377738.6049685, 1316382191.8026767),
(207, 38, 25, 1316382575.4293706, 1316457486.7384007),
(208, 38, 26, 1316459103.300863, 1316459157.883985),
(209, 38, 25, 1316459197.6352584, 1316462529.895853),
(210, 38, 1, 1316462565.0578642, 1316462610.1304421),
(211, 38, 25, 1316462642.9853213, 1316462745.93921),
(212, 38, 1, 1316462788.8556647, 1316463638.1082392),
(213, 38, 25, 1316800782.3180547, 1316801241.9483442),
(214, 38, 1, 1316801310.616272, 1316802668.665948),
(215, 38, 1, 1316807704.9290056, 1316812294.5483768),
(216, 38, 26, 1316825216.7574847, 1316869764.8477068),
(217, 38, 26, 1316875824.163478, 1316877489.001701),
(218, 38, 26, 1316884334.5512443, 1316884709.3476813),
(219, 38, 1, 1316884917.9656136, 1316887147.325856),
(220, 38, 26, 1316963139.245078, 1316963504.2494779),
(221, 38, 26, 1316972694.1008039, 1316974976.6400495),
(222, 38, 25, 1316974976.6400495, 1316977555.6111972),
(223, 38, 25, 1316997915.6372511, 1317050327.6611602),
(224, 38, 25, 1317050401.6227474, 1317051560.8174984),
(225, 38, 25, 1317051560.8174984, 1317061083.3396628),
(226, 38, 25, 1317061718.5939972, 1317063444.7007248),
(227, 38, 26, 1317063444.7007248, 1317147133.960583),
(228, 38, 25, 1317322823.616138, 1317327201.547481),
(229, 38, 1, 1317328411.079549, 1317328781.8207543),
(230, 38, 1, 1317413798.4670694, 1317413897.8711252),
(231, 38, 1, 1317414349.7820635, 1317414492.1462443),
(232, 38, 1, 1317414530.6763444, 1317414571.1913083),
(233, 38, 1, 1317414599.4176068, 1317414970.066382),
(234, 38, 1, 1317414970.066382, 1317415254.5580027),
(235, 38, 1, 1317418200.2788053, 1317418606.096772),
(236, 38, 1, 1317418606.096772, 1317418985.2509766),
(237, 38, 26, 1317427426.3470802, 1317427776.0301585),
(238, 38, 1, 1317427849.0518174, 1317428853.6050324),
(239, 38, 26, 1317472295.2430034, 1317472953.2363946),
(240, 38, 25, 1317512694.8437567, 1317513459.6299555),
(241, 38, 26, 1317565883.5562556, 1317566669.4415307),
(242, 38, 1, 1317566770.5648422, 1317566865.7279336),
(243, 38, 26, 1317566865.7279336, 1317566936.3645117),
(244, 38, 1, 1317566936.3645117, 1317566998.7785192),
(245, 38, 25, 1317566998.7785192, 1317567173.9473786),
(246, 38, 26, 1317567246.75063, 1317567372.0527139),
(247, 38, 26, 1317567446.577746, 1317567560.8721807),
(248, 38, 25, 1317576866.6627789, 1317584698.1462803),
(249, 38, 1, 1317675763.5419142, 1317757602.148555),
(250, 38, 1, 1317843158.1582906, 1317843180.7833688),
(251, 38, 1, 1317843212.0480309, 1317843642.4741287),
(252, 38, 1, 1317843665.708053, 1317843998.661183),
(253, 38, 26, 1317844028.7565846, 1317844072.2023768),
(254, 38, 25, 1317844103.3976388, 1317844106.0997195),
(255, 38, 26, 1317844106.0997195, 1317844144.153738),
(256, 38, 1, 1317844144.153738, 1317844844.9840298),
(257, 38, 26, 1317927052.7344494, 1317933829.3493364),
(258, 38, 25, 1318096772.989221, 1318097718.190221),
(259, 38, 1, 1318118663.001056, 1318119937.264056),
(260, 38, 25, 1318124436.7590559, 1318125250.514056),
(261, 38, 26, 1318166123.3580496, 1318166163.5130496),
(262, 38, 1, 1318166231.3300495, 1318166331.4750495),
(263, 38, 26, 1318166331.4750495, 1318167133.7060494),
(264, 38, 26, 1318167810.3660495, 1318167832.0230496),
(265, 38, 25, 1318167832.0230496, 1318168157.8220496),
(266, 38, 26, 1318168202.3920496, 1318168286.2050495),
(267, 38, 1, 1318168306.6120496, 1318172400.0020494),
(268, 38, 25, 1318183064.8550496, 1318183235.6870496),
(269, 38, 1, 1318195675.3892, 1318195699.1354),
(270, 38, 1, 1318195699.1354, 1318195777.495),
(271, 38, 26, 1318195822.4084, 1318195921.3162),
(272, 38, 25, 1318195921.3162, 1318195970.3852),
(273, 38, 26, 1318195970.3852, 1318195982.4257998),
(274, 38, 26, 1318200512.8572, 1318201116.0544),
(275, 38, 1, 1318202453.0584, 1318202537.6153998),
(276, 38, 25, 1318202537.6153998, 1318202925.0736),
(277, 38, 1, 1318203029.8288, 1318268245.5346699),
(278, 38, 1, 1318268396.78367, 1318269674.22767),
(279, 38, 1, 1318270007.72667, 1318275171.54067),
(280, 38, 25, 1318275273.49667, 1318275863.2716699),
(281, 38, 1, 1318276037.27567, 1318276065.13467),
(282, 38, 1, 1318276065.13467, 1318280429.5156698),
(283, 38, 1, 1318280429.5156698, 1318280795.80967),
(284, 38, 1, 1318280838.2456698, 1318281033.43367),
(285, 38, 1, 1318281048.5976698, 1318355655.1587296),
(286, 38, 26, 1318355679.4957294, 1318355696.8337295),
(287, 38, 26, 1318355696.8337295, 1318355699.0277295),
(288, 38, 25, 1318355699.0277295, 1318355733.0897295),
(289, 38, 25, 1318355751.9057295, 1318356964.6187296),
(290, 38, 1, 1318357012.6997294, 1318357116.0767295),
(291, 38, 1, 1318357131.5937295, 1318357817.9397295),
(292, 38, 1, 1318358709.0077295, 1318358831.5067296),
(293, 38, 1, 1318362027.1003296, 1318362152.1383295),
(294, 38, 1, 1318362459.3353295, 1318363293.4943295),
(295, 38, 1, 1318363310.5443296, 1318363698.0693295),
(296, 38, 1, 1318364942.5773296, 1318434083.1346),
(297, 38, 1, 1318528891.22, 1318529144.369),
(298, 38, 1, 1318529830.2029998, 1318529902.031),
(299, 38, 1, 1318529915.454, 1318529967.449),
(300, 38, 1, 1318529999.112, 1318530063.472),
(301, 38, 1, 1318530082.323, 1318530115.948),
(302, 38, 1, 1318530133.337, 1318680160.4395852),
(303, 38, 26, 1318680189.310472, 1318686323.90587),
(304, 38, 25, 1318689617.4306018, 1318697684.4112191),
(305, 38, 25, 1318697881.7969558, 1318697955.105286),
(306, 38, 25, 1318697955.105286, 1318698298.2585979),
(307, 38, 26, 1318698329.195691, 1318698857.415508),
(308, 38, 25, 1318698910.7988455, 1318699812.9100478),
(309, 38, 25, 1318699833.5171084, 1318699905.3132873),
(310, 38, 25, 1318699926.1073663, 1318700064.4391983),
(311, 38, 25, 1318700082.9280467, 1318700170.1987731),
(312, 38, 25, 1318700190.56881, 1318700272.1899712),
(313, 38, 25, 1318700272.1899712, 1318700374.7532263),
(314, 38, 25, 1318700374.7532263, 1318707052.707838),
(315, 38, 26, 1318707104.8438382, 1318707612.421838),
(316, 38, 26, 1318707673.0288382, 1318707776.6598382),
(317, 38, 26, 1318707801.2748382, 1318707946.7358382),
(318, 38, 25, 1318707966.4688382, 1318707984.1438382),
(319, 38, 26, 1318707984.1438382, 1318708441.378838),
(320, 38, 25, 1318708479.562838, 1318708517.522838),
(321, 38, 25, 1318708534.2068381, 1318708761.493838),
(322, 38, 25, 1318708786.2988381, 1318709117.1738381),
(323, 38, 26, 1318709141.967838, 1318709512.848838),
(324, 38, 25, 1318709542.684838, 1318709726.2778382),
(325, 38, 25, 1318709745.306838, 1318709852.812838),
(326, 38, 25, 1318709864.684838, 1318709879.6208382),
(327, 38, 26, 1318709879.6208382, 1318709926.605838),
(328, 38, 26, 1318710638.855838, 1318711395.0618382),
(329, 38, 25, 1318711414.526838, 1318711419.7488382),
(330, 38, 26, 1318711419.7488382, 1318712400.098838),
(331, 38, 25, 1318712473.4328382, 1318712477.8868382),
(332, 38, 26, 1318712477.8868382, 1318712966.0178382),
(333, 38, 26, 1318713076.4888382, 1318713100.612838),
(334, 38, 26, 1318713100.612838, 1318714332.654838),
(335, 38, 25, 1318714407.671838, 1318714411.805838),
(336, 38, 26, 1318714411.805838, 1318714594.3148382),
(337, 38, 26, 1318714658.555838, 1318714922.4138381),
(338, 38, 25, 1318714973.0188382, 1318715079.4668381),
(339, 38, 26, 1318715095.4518383, 1318715547.9848382),
(340, 38, 26, 1318715590.3708382, 1318715931.8188381),
(341, 38, 26, 1318715931.8188381, 1318716096.714838),
(342, 38, 26, 1318716123.365838, 1318717398.2758381),
(343, 38, 26, 1318717572.727838, 1318719372.411838),
(344, 38, 26, 1318719404.286838, 1318719492.8498383),
(345, 38, 26, 1318719511.0178382, 1318719558.7918382),
(346, 38, 26, 1318721607.5688381, 1318721653.101838),
(347, 38, 26, 1318721672.947838, 1318721805.2988381),
(348, 38, 26, 1318721805.2988381, 1318722066.9828382),
(349, 38, 26, 1318722192.1938381, 1318722540.6438382),
(350, 38, 26, 1318722754.750838, 1318723124.7198381),
(351, 38, 26, 1318723152.2418382, 1318723247.611838),
(352, 38, 26, 1318723373.9758382, 1318727725.2858381),
(353, 38, 26, 1318727740.078838, 1318727839.2948382),
(354, 38, 26, 1318727861.1398382, 1318728015.8908381),
(355, 38, 26, 1318728053.986838, 1318728452.023838),
(356, 38, 26, 1318728476.2358382, 1318729069.644838),
(357, 38, 26, 1318729264.8778381, 1318729840.0308383),
(358, 38, 26, 1318729867.1338382, 1318729927.404838),
(359, 38, 26, 1318729946.1508381, 1318730004.795838),
(360, 38, 26, 1318730047.190838, 1318730081.454838),
(361, 38, 26, 1318730186.1108382, 1318731729.9558382),
(362, 38, 26, 1318731759.9598382, 1318764049.0971563),
(363, 38, 25, 1318764525.864928, 1318764531.6313512),
(364, 38, 26, 1318764531.6313512, 1318765784.007101),
(365, 38, 26, 1318766196.0878887, 1318770969.263177),
(366, 38, 25, 1318770985.275177, 1318771027.334177),
(367, 38, 25, 1318771052.443177, 1318771258.679177),
(368, 38, 25, 1318771274.439177, 1318771309.973177),
(369, 38, 25, 1318771327.940177, 1318771543.095177),
(370, 38, 26, 1318771579.327177, 1318774356.888177),
(371, 38, 26, 1318774380.344177, 0);

-- --------------------------------------------------------

--
-- Estructura de tabla para la tabla `server_statistics`
--

CREATE TABLE IF NOT EXISTS `server_statistics` (
  `skey` varchar(64) NOT NULL,
  `sval` varchar(64) NOT NULL,
  PRIMARY KEY (`skey`)
) ENGINE=InnoDB DEFAULT CHARSET=utf8;

--
-- Volcado de datos para la tabla `server_statistics`
--

INSERT INTO `server_statistics` (`skey`, `sval`) VALUES
('active_connections', '0');

-- --------------------------------------------------------

--
-- Estructura de tabla para la tabla `songs`
--

CREATE TABLE IF NOT EXISTS `songs` (
  `id` int(10) unsigned NOT NULL AUTO_INCREMENT,
  `name` varchar(64) NOT NULL,
  `artist` varchar(32) NOT NULL,
  `song_data` text NOT NULL,
  `length` double NOT NULL,
  PRIMARY KEY (`id`)
) ENGINE=InnoDB  DEFAULT CHARSET=utf8 AUTO_INCREMENT=17 ;

--
-- Volcado de datos para la tabla `songs`
--

INSERT INTO `songs` (`id`, `name`, `artist`, `song_data`, `length`) VALUES
(1, 'The Ballad of Bonnie Blonde', 'Pixel! at the Disco', '1:371,8;374,4;378,4;0,4;378,4;0,4;377,4;378,4;0,6;371,4;0,4;370,3;377,2;0,7:2:353,24;358,4;363,4;353,10;367,4;353,4;367,4;353,8:3:0,4;291,2;365,2;0,2;365,2;377,2;365,2;377,2;365,2;377,2;0,2;359,4;352,4;357,1;0,1;365,2;0,2;292,4;0,3;357,1;292,4;0,3;357,1;292,4;296,4:4:0,2;368,22;354,4;368,26;361,8:', 124),
(2, 'Push the Call for Help', 'BanzaiBabes', '1:317,6;318,4;319,4;317,4;319,4;0,2:2:0,2;316,4;0,4;316,4;0,4;316,4;0,2:3:0,6;321,4;323,4;322,10:4:0,18;321,2;324,2;0,2:', 48),
(3, 'Monotone Hotel Sounds', 'Doorman Frank', '1:4,24:2:2,24:3:0,24:4:0,24:', 48),
(4, 'Haven''t Friend Request You Yet', 'Micheal Bauble', '1:280,4;281,4;282,4;283,4;284,4;285,4;286,4;287,4;288,4:2:0,36:3:0,36:4:0,36:', 72),
(5, 'Sounds That Fit Double Rainbows', 'Kallomies', '1:200,12;199,3;201,1;200,28:2:0,2;190,1;0,1;191,1;0,1;192,1;0,1;190,2;191,1;192,1;190,2;0,1;193,2;190,2;191,1;0,1;190,1;192,2;0,1;191,2;178,2;0,1;178,2;0,1;178,2;0,2;177,2;0,1;176,4:3:0,8;176,2;0,1;177,2;0,3;179,2;0,2;177,2;0,2;176,2;0,1;178,6;0,1;178,2;0,2;177,4;176,2:4:0,8;197,16;0,20:', 88),
(6, 'Gold Coin Digger', 'Kayne Quest', '1:104,10;102,8;104,4;102,8;104,4:2:0,2;181,8;182,8;181,4;182,8;130,2;106,2:3:0,2;105,2;106,2;186,3;187,1;185,1;184,1;185,1;184,1;185,1;184,1;185,1;187,1;186,3;187,1;185,1;184,1;185,1;184,1;185,1;184,1;185,1;184,1;72,1;100,2;0,1:4:0,4;103,6;133,1;101,1;133,1;101,1;133,1;101,1;133,1;101,1;103,4;133,1;101,1;133,1;101,1;133,1;101,1;133,1;101,1;105,2;101,1;0,1:', 68),
(7, 'Too Lost In Lido', 'BanzaiBabes', '1:317,4;408,7;0,1;410,16;413,4;406,4;410,8;412,4:2:0,2;321,2;443,22;91,2;317,8;443,8;412,2;0,2:3:0,3;320,2;0,7;414,4;445,4;412,2;323,2;412,4;96,2;412,2;414,4;445,7;448,1;317,4:4:0,3;324,2;0,6;448,1;0,6;96,2;322,4;96,2;99,2;322,4;412,2;0,2;322,2;96,2;322,2;0,1;324,2;0,3:', 96),
(8, 'Pixelrazzi', 'Lady BlaBla', '1:0,3;167,1;163,2;0,2;142,2;163,2;142,2;163,2;142,2;163,2;142,2;0,1;88,1;142,2;163,2;142,2;163,2;142,2;163,2;142,2;163,2:2:89,16;0,2;143,4;119,4;143,4;89,2;119,4;143,4:3:0,3;121,2;0,1;164,2;140,8;141,6;0,1;168,1;141,16:4:0,2;139,2;123,4;143,8;144,2;89,2;144,2;0,1;90,1;144,2;89,2;0,2;89,2;144,2;89,2;0,2;89,2:', 80),
(9, 'Touch the Skyscraper', 'Kayne Quest', '1:274,4;275,4;276,8;274,4;276,4;274,4:2:0,4;278,4;279,4;273,12;277,3;0,1:3:0,4;429,2;0,4;430,2;429,2;340,2;342,4;429,2;261,2;342,4:4:0,2;340,2;0,3;429,2;0,1;259,2;271,4;254,12:', 56),
(10, 'About VIP Now', 'BanzaiBabes', '1:152,20;146,1;0,1;152,4;151,4;152,20;153,4:2:0,8;145,12;146,1;0,1;145,4;0,1;151,2;0,1;145,20;0,1;150,2;0,1:3:0,10;150,2;146,1;0,1;150,2;146,1;0,1;150,2;146,1;0,7;151,2;0,2;150,2;146,1;0,1;150,2;146,1;0,1;150,2;0,1;146,1;0,1;146,1;0,1;146,3;0,4:4:0,4;148,2;147,2;148,2;147,2;148,2;147,2;148,2;147,2;148,4;147,2;148,6;147,2;148,2;147,2;148,2;147,2;148,2;147,2;148,2;147,2;0,4:', 108),
(11, 'The Good Trade', 'Kayne Quest', '1:108,4;135,8;130,2;108,2;135,8;127,28:2:0,3;131,9;104,2;0,2;131,8;108,4;102,4;0,8;92,6;0,6:3:134,4;140,8;0,1;133,1;136,2;140,6;0,10;143,16;108,4:4:0,2;104,2;0,1;133,1;0,3;133,1;134,4;0,1;104,2;133,1;0,3;133,1;0,24;136,2;0,4:', 104),
(12, 'I Write Bans not Tragedies', 'Pixel! at the Disco', '1:248,4;247,4;252,4;251,8;245,4;250,4;252,4:2:359,4;250,4;359,4;345,8;0,4;359,8:3:0,3;347,1;359,4;352,8;342,4;350,4;342,4;350,4:4:0,3;357,1;334,4;246,4;343,12;334,4;340,2;0,1;347,1:', 64),
(13, 'Furni Face', 'Lady BlaBla', '1:379,4;45,4;0,1;205,2;42,5;37,4;384,2;41,4;42,5;0,2:2:0,3;199,3;0,1;383,3;519,4;515,8;519,8;39,2;0,1:3:0,2;205,2;382,4;522,2;516,12;518,8;0,3:4:0,4;386,2;0,2;43,1;0,1;207,3;202,1;520,8;44,2;0,2;520,4;207,3:', 66),
(14, 'Habbowood', 'Micheal Bauble', '1:280,4;265,4;264,4;263,8;0,16:2:262,4;263,8;266,4;267,4;264,12;262,4:3:0,4;268,8;269,4;270,4;268,8;282,4;285,4:4:0,20;74,4;75,3;81,3;0,6:', 72),
(15, 'Party Trax', 'Aerokid', '1:12,16;3,4;19,8;0,2;29,8;0,16:2:13,4;14,4;10,8;0,4;2,8;0,1;33,1;32,18;16,2;32,2;16,2:3:0,2;15,1;17,1;5,4;7,2;24,1;8,1;4,4;0,2;24,1;6,1;0,4;22,4;0,2;28,4;30,4;31,2;16,2;31,2;16,2;20,1;21,1;20,1;21,1;20,1;21,1;20,1;21,1:4:18,2;0,2;10,4;5,22;35,2;0,20;24,1;17,1:', 100),
(16, 'Who Dares Stacks', 'Rage Against the Fuse', '1:255,4;310,7;0,9;310,14;0,4:2:0,3;309,1;308,7;309,1;308,7;309,1;308,7;309,1;308,7;309,1;0,2:3:0,4;162,7;0,1;162,7;0,1;162,15;0,3:4:0,6;135,4;135,4;135,4;0,2;135,4;135,4;135,4;135,4;0,2:5:0,14;155,2;0,2;155,2;314,1;315,1;314,1;315,1;314,1;315,1;314,1;0,1;314,1;315,1;314,1;315,1;314,1;315,1;314,1;315,1;0,2:6:0,12;311,1;0,1;311,1;0,1;311,1;0,1;311,1;0,1;311,1;0,5;155,2;311,1;0,1;311,1;0,1;311,1;0,3;311,1;0,1:', 76);

-- --------------------------------------------------------

--
-- Estructura de tabla para la tabla `static_objects`
--

CREATE TABLE IF NOT EXISTS `static_objects` (
  `id` int(10) unsigned NOT NULL AUTO_INCREMENT,
  `room_id` int(10) unsigned NOT NULL DEFAULT '0',
  `name` varchar(64) NOT NULL DEFAULT '',
  `position` varchar(8) NOT NULL DEFAULT '0|0',
  `height` int(11) NOT NULL DEFAULT '0',
  `rotation` int(11) DEFAULT '0',
  `is_seat` enum('0','1') DEFAULT '0',
  PRIMARY KEY (`id`)
) ENGINE=InnoDB DEFAULT CHARSET=utf8 AUTO_INCREMENT=1 ;

-- --------------------------------------------------------

--
-- Estructura de tabla para la tabla `tags`
--

CREATE TABLE IF NOT EXISTS `tags` (
  `id` int(10) unsigned NOT NULL AUTO_INCREMENT,
  `user_id` int(11) NOT NULL,
  `tag` varchar(32) NOT NULL,
  PRIMARY KEY (`id`),
  KEY `user_id` (`user_id`)
) ENGINE=InnoDB DEFAULT CHARSET=utf8 AUTO_INCREMENT=1 ;

-- --------------------------------------------------------

--
-- Estructura de tabla para la tabla `user_achievements`
--

CREATE TABLE IF NOT EXISTS `user_achievements` (
  `id` int(10) unsigned NOT NULL AUTO_INCREMENT,
  `user_id` int(10) unsigned NOT NULL,
  `group_id` varchar(255) NOT NULL DEFAULT '',
  `level` int(11) NOT NULL DEFAULT '0',
  `progress` int(11) NOT NULL DEFAULT '0',
  PRIMARY KEY (`id`)
) ENGINE=InnoDB  DEFAULT CHARSET=utf8 AUTO_INCREMENT=58 ;

--
-- Volcado de datos para la tabla `user_achievements`
--

INSERT INTO `user_achievements` (`id`, `user_id`, `group_id`, `level`, `progress`) VALUES
(1, 2, 'ACH_VipClub', 1, 2),
(2, 2, 'ACH_BasicClub', 1, 2),
(3, 4, 'ACH_VipClub', 1, 2),
(4, 4, 'ACH_BasicClub', 1, 2),
(5, 7, 'ACH_VipClub', 1, 2),
(6, 7, 'ACH_BasicClub', 1, 2),
(7, 14, 'ACH_Motto', 1, 0),
(8, 15, 'ACH_VipClub', 1, 0),
(9, 15, 'ACH_BasicClub', 1, 0),
(10, 15, 'ACH_AvatarLooks', 1, 0),
(11, 14, 'ACH_VipClub', 1, 2),
(12, 14, 'ACH_BasicClub', 1, 2),
(13, 21, 'ACH_VipClub', 1, 0),
(14, 21, 'ACH_BasicClub', 1, 0),
(15, 23, 'ACH_VipClub', 1, 0),
(16, 23, 'ACH_BasicClub', 1, 0),
(17, 31, 'ACH_VipClub', 1, 2),
(18, 31, 'ACH_BasicClub', 1, 2),
(19, 36, 'ACH_VipClub', 1, 2),
(20, 36, 'ACH_BasicClub', 1, 2),
(21, 38, 'ACH_VipClub', 2, 2),
(22, 38, 'ACH_BasicClub', 2, 2),
(23, 36, 'ACH_AvatarLooks', 1, 0),
(24, 39, 'ACH_VipClub', 5, 0),
(25, 39, 'ACH_BasicClub', 5, 0),
(26, 39, 'ACH_AvatarLooks', 1, 0),
(27, 38, 'ACH_AvatarLooks', 1, 0),
(28, 38, 'ACH_Motto', 1, 0),
(29, 36, 'ACH_RespectEarned', 1, 2),
(30, 38, 'ACH_RespectGiven', 0, 3),
(31, 38, 'ACH_RespectEarned', 1, 3),
(32, 36, 'ACH_RespectGiven', 0, 3),
(33, 41, 'ACH_VipClub', 1, 0),
(34, 41, 'ACH_BasicClub', 1, 0),
(35, 41, 'ACH_AvatarLooks', 1, 0),
(36, 42, 'ACH_VipClub', 5, 0),
(37, 42, 'ACH_BasicClub', 5, 0),
(38, 42, 'ACH_AvatarLooks', 1, 0),
(39, 40, 'ACH_VipClub', 1, 2),
(40, 40, 'ACH_BasicClub', 1, 2),
(41, 40, 'ACH_AvatarLooks', 1, 0),
(42, 46, 'ACH_VipClub', 5, 0),
(43, 46, 'ACH_BasicClub', 5, 0),
(44, 46, 'ACH_AvatarLooks', 1, 0),
(45, 47, 'ACH_Motto', 1, 0),
(46, 47, 'ACH_VipClub', 1, 0),
(47, 47, 'ACH_BasicClub', 1, 0),
(48, 47, 'ACH_AvatarLooks', 1, 0),
(49, 42, 'ACH_Motto', 1, 0),
(50, 50, 'ACH_RespectGiven', 0, 1),
(51, 50, 'ACH_VipClub', 1, 2),
(52, 50, 'ACH_BasicClub', 1, 2),
(53, 49, 'ACH_BasicClub', 1, 1),
(54, 49, 'ACH_VipClub', 1, 0),
(55, 51, 'ACH_BasicClub', 2, 1),
(56, 51, 'ACH_VipClub', 1, 1),
(57, 51, 'ACH_AvatarLooks', 1, 0);

-- --------------------------------------------------------

--
-- Estructura de tabla para la tabla `user_quests`
--

CREATE TABLE IF NOT EXISTS `user_quests` (
  `id` int(10) unsigned NOT NULL AUTO_INCREMENT,
  `user_id` int(10) unsigned NOT NULL DEFAULT '0',
  `quest_id` int(10) unsigned NOT NULL DEFAULT '0',
  `progress` int(11) NOT NULL DEFAULT '0',
  `is_current` enum('0','1') NOT NULL DEFAULT '0',
  PRIMARY KEY (`id`)
) ENGINE=InnoDB  DEFAULT CHARSET=utf8 AUTO_INCREMENT=43 ;

--
-- Volcado de datos para la tabla `user_quests`
--

INSERT INTO `user_quests` (`id`, `user_id`, `quest_id`, `progress`, `is_current`) VALUES
(1, 2, 1, 3, '0'),
(2, 2, 5, 3, '0'),
(3, 2, 6, 1, '0'),
(4, 2, 7, 0, '0'),
(5, 2, 4, 1936, '0'),
(6, 2, 19, 1948, '0'),
(7, 2, 20, 0, '1'),
(8, 38, 1, 3, '0'),
(9, 38, 5, 3, '0'),
(10, 38, 6, 1, '0'),
(11, 38, 7, 1, '0'),
(12, 38, 8, 2, '0'),
(13, 38, 9, 1, '0'),
(14, 38, 10, 1, '0'),
(15, 38, 11, 1, '0'),
(16, 38, 3, 1, '0'),
(17, 38, 12, 1, '0'),
(18, 38, 13, 1, '0'),
(19, 38, 4, 1936, '0'),
(20, 38, 19, 1948, '0'),
(21, 38, 20, 1969, '0'),
(22, 38, 21, 1956, '0'),
(23, 38, 22, 1369, '0'),
(24, 38, 23, 1375, '0'),
(25, 38, 24, 1019, '0'),
(26, 38, 25, 2050, '0'),
(27, 38, 26, 2040, '0'),
(28, 38, 27, 2049, '0'),
(29, 38, 28, 0, '0'),
(30, 38, 2, 1, '0'),
(31, 38, 14, 1, '0'),
(32, 38, 15, 1, '0'),
(33, 38, 16, 1, '0'),
(34, 38, 17, 1, '0'),
(35, 38, 18, 1, '0'),
(36, 50, 1, 3, '0'),
(37, 50, 5, 3, '0'),
(38, 50, 6, 1, '0'),
(39, 50, 7, 1, '0'),
(40, 50, 8, 2, '0'),
(41, 50, 9, 1, '0'),
(42, 50, 10, 0, '1');

-- --------------------------------------------------------

--
-- Estructura de tabla para la tabla `user_subscriptions`
--

CREATE TABLE IF NOT EXISTS `user_subscriptions` (
  `user_id` int(10) unsigned NOT NULL,
  `subscription_level` enum('2','1','0') NOT NULL DEFAULT '0',
  `timestamp_created` double(11,0) NOT NULL DEFAULT '0',
  `timestamp_expire` double(11,0) NOT NULL DEFAULT '0',
  `past_time_hc` double NOT NULL DEFAULT '0' COMMENT '0',
  `past_time_vip` double NOT NULL DEFAULT '0' COMMENT '0',
  PRIMARY KEY (`user_id`)
) ENGINE=InnoDB DEFAULT CHARSET=utf8;

--
-- Volcado de datos para la tabla `user_subscriptions`
--

INSERT INTO `user_subscriptions` (`user_id`, `subscription_level`, `timestamp_created`, `timestamp_expire`, `past_time_hc`, `past_time_vip`) VALUES
(2, '2', 1313314249, 1321349449, 0, 0),
(4, '2', 1315403051, 1323438251, 0, 0),
(7, '2', 1315405373, 1323440573, 0, 0),
(14, '2', 1315408285, 1323443485, 0, 0),
(15, '2', 1315407439, 1318085839, 0, 0),
(21, '2', 1315414410, 1318092810, 0, 0),
(23, '2', 1315422309, 1318100708, 0, 0),
(31, '2', 1315425500, 1323460700, 0, 0),
(36, '2', 1315427757, 1323462957, 0, 0),
(38, '2', 1315428624, 1331499024, 0, 0),
(39, '2', 1315428877, 1430600076, 0, 0),
(40, '2', 1315480154, 1323515354, 0, 0),
(41, '2', 1315431973, 1318110373, 0, 0),
(42, '2', 1315432741, 1398463141, 0, 0),
(46, '2', 1315493097, 1401201897, 0, 0),
(47, '2', 1315505671, 1318184071, 0, 0),
(49, '2', 1315627477, 1318305877, 0, 0),
(50, '2', 1315605311, 1323640511, 0, 0),
(51, '2', 1315691127, 1329083126, 0, 0);

-- --------------------------------------------------------

--
-- Estructura de tabla para la tabla `vouchers`
--

CREATE TABLE IF NOT EXISTS `vouchers` (
  `id` int(10) unsigned NOT NULL AUTO_INCREMENT,
  `code` varchar(32) NOT NULL DEFAULT '',
  `value_credits` int(11) NOT NULL DEFAULT '0',
  `value_pixels` int(11) DEFAULT '0',
  `value_furni` varchar(64) DEFAULT '',
  `uses` int(11) NOT NULL DEFAULT '1',
  `enabled` enum('0','1') NOT NULL DEFAULT '1',
  PRIMARY KEY (`id`)
) ENGINE=InnoDB DEFAULT CHARSET=utf8 AUTO_INCREMENT=1 ;

-- --------------------------------------------------------

--
-- Estructura de tabla para la tabla `wardrobe`
--

CREATE TABLE IF NOT EXISTS `wardrobe` (
  `id` int(10) unsigned NOT NULL AUTO_INCREMENT,
  `user_id` int(11) unsigned NOT NULL DEFAULT '0',
  `slot_id` int(11) NOT NULL DEFAULT '0',
  `figure` varchar(255) NOT NULL DEFAULT '',
  `gender` enum('F','M') NOT NULL DEFAULT 'M',
  PRIMARY KEY (`id`),
  KEY `user_id` (`user_id`)
) ENGINE=InnoDB  DEFAULT CHARSET=utf8 AUTO_INCREMENT=19 ;

--
-- Volcado de datos para la tabla `wardrobe`
--

INSERT INTO `wardrobe` (`id`, `user_id`, `slot_id`, `figure`, `gender`) VALUES
(1, 36, 1, 'ea-1401-110.ch-3030-84.he-1601-62.lg-3078-64.hr-3163-1342.sh-908-92.ha-1013-109.hd-180-1.wa-2011-110', 'M'),
(2, 38, 1, 'he-3070-93.lg-3023-110.hr-3043-1345.sh-3035-96.ch-3203-84.hd-3103-1.cp-3205-62', 'M'),
(3, 38, 2, 'he-3070-93.lg-3201-110-62.hr-3043-1345.ch-3203-84.hd-3103-1.cp-3205-62', 'M'),
(4, 38, 3, 'he-3070-93.lg-3201-110-62.hr-3043-1345.ch-3203-84.hd-3103-1', 'M'),
(5, 39, 1, 'sh-290-93.ch-215-107.hd-180-3.lg-280-101.hr-3043-1345', 'M'),
(6, 39, 2, 'sh-290-93.ch-215-107.hd-180-3.lg-280-101.hr-3043-1345', 'M'),
(7, 39, 3, 'sh-290-93.ch-215-107.hd-180-3.lg-280-101.hr-3043-1345', 'M'),
(8, 39, 4, 'sh-290-93.ch-215-107.hd-180-3.lg-280-101.hr-3043-1345', 'M'),
(9, 39, 5, 'sh-290-93.ch-215-107.hd-180-3.lg-280-101.hr-3043-1345', 'M'),
(10, 39, 6, 'sh-290-93.ch-215-107.hd-180-3.lg-280-101.hr-3043-1345', 'M'),
(11, 39, 7, 'sh-290-93.ch-215-107.hd-180-3.lg-280-101.hr-3043-1345', 'M'),
(12, 39, 8, 'sh-290-93.ch-215-107.hd-180-3.lg-280-101.hr-3043-1345', 'M'),
(13, 39, 9, 'sh-290-93.ch-215-107.hd-180-3.lg-280-101.hr-3043-1345', 'M'),
(14, 39, 10, 'sh-290-93.ch-215-107.hd-180-3.lg-280-101.hr-3043-1345', 'M'),
(15, 38, 4, 'sh-3035-96.he-3070-93.lg-3023-110.hr-3043-1345.ch-3015-104.hd-3103-1.cc-3007-62-62', 'M'),
(16, 38, 5, 'ch-3203-104.he-3070-93.lg-3023-110.hr-3043-1345.cc-3007-62-62.sh-3035-96.hd-3103-1', 'M'),
(17, 40, 1, 'he-1604-62.lg-3057-110.hr-802-61.cc-3007-96-96.sh-3089-96.ch-235-110.hd-3095-1.wa-2005-62', 'M'),
(18, 46, 1, 'ch-805-109.lg-3023-109.hr-3163-59.cc-3007-110-92.sh-290-109.hd-180-1.wa-2003-62', 'M');

