INSERT INTO `furniture` (`id`, `public_name`, `item_name`, `type`, `width`, `length`, `stack_height`, `can_stack`, `can_sit`, `is_walkable`, `sprite_id`, `allow_recycle`, `allow_trade`, `allow_marketplace_sell`, `allow_gift`, `allow_inventory_stack`, `interaction_type`, `interaction_modes_count`, `vending_ids`, `foot_figure`) VALUES
(1619, 'ads_elisa_gnome name', 'ads_elisa_gnome', 's', 1, 1, 1, '1', '0', '0', 3226, '1', '1', '1', '1', '1', 'default', 2, '0', ''),
(1620, 'Summer Cool Box', 'summer_icebox', 's', 1, 1, 1, '1', '0', '0', 3231, '1', '1', '1', '1', '1', 'default', 2, '0', ''),
(1621, 'ads_oc_soda', 'ads_oc_soda', 's', 1, 1, 1, '1', '0', '0', 3230, '1', '1', '1', '1', '1', 'vendingmachine', 0, '19', ''),
(1622, 'Mars Patch', 'marsrug', 's', 2, 2, 0, '1', '0', '1', 3232, '1', '1', '1', '1', '1', 'default', 5, '0', ''),
(1623, 'White Candle', 'rela_candle1', 's', 1, 1, 1, '1', '0', '0', 3238, '1', '1', '1', '1', '1', 'default', 2, '0', ''),
(20066, 'Dead Tree', 'tree2', 's', 1, 1, 1, '1', '0', '0', 2104, '1', '1', '1', '1', '1', 'default', 1, '0', ''),
(1625, 'Red Candles', 'rela_candles2', 's', 1, 1, 1, '1', '0', '0', 3245, '1', '1', '1', '1', '1', 'default', 2, '0', ''),
(1626, 'Stones', 'rela_stone', 's', 1, 1, 0.5, '1', '0', '1', 3233, '1', '1', '1', '1', '1', 'default', 1, '0', ''),
(1627, 'Wicker Chair', 'rela_hchair', 's', 1, 1, 1.3, '1', '1', '0', 3247, '1', '1', '1', '1', '1', 'default', 1, '0', ''),
(1628, 'Red Candle', 'rela_candle2', 's', 1, 1, 1, '1', '0', '0', 3244, '1', '1', '1', '1', '1', 'default', 2, '0', ''),
(1629, 'ads_711', 'ads_711*5', 's', 1, 1, 1, '1', '0', '0', 3241, '1', '1', '1', '1', '1', 'vendingmachine', 0, '19', ''),
(1630, 'ads_711', 'ads_711*6', 's', 1, 1, 1, '1', '0', '0', 3242, '1', '1', '1', '1', '1', 'vendingmachine', 0, '19', ''),
(1631, 'ads_711', 'ads_711*7', 's', 1, 1, 1, '1', '0', '0', 3243, '1', '1', '1', '1', '1', 'vendingmachine', 0, '19', ''),
(1632, 'Purple Candle', 'rela_candle3', 's', 1, 1, 1, '1', '0', '0', 3235, '1', '1', '1', '1', '1', 'default', 2, '0', ''),
(1633, 'Asteroid', 'pix_asteroid', 's', 1, 1, 1, '1', '0', '0', 3237, '1', '1', '1', '1', '1', 'default', 1, '0', ''),
(1634, 'Bushy Houseplant', 'rela_plant', 's', 1, 1, 1, '1', '0', '0', 3246, '1', '1', '1', '1', '1', 'default', 1, '0', ''),
(1635, 'White Candles', 'rela_candles1', 's', 1, 1, 1, '1', '0', '0', 3234, '1', '1', '1', '1', '1', 'default', 2, '0', ''),
(1636, 'Purple Candles', 'rela_candles3', 's', 1, 1, 1, '1', '0', '0', 3236, '1', '1', '1', '1', '1', 'default', 2, '0', ''),
(1637, 'Orchid', 'rela_orchid', 's', 1, 1, 1, '1', '0', '0', 3239, '1', '1', '1', '1', '1', 'default', 1, '0', ''),
(1638, 'Rocks', 'rela_rock', 's', 1, 1, 0.8, '1', '1', '0', 3248, '1', '1', '1', '1', '1', 'default', 1, '0', ''),
(1639, 'ktchn_stove name', 'ktchn_stove', 's', 2, 1, 1, '1', '0', '0', 3256, '1', '1', '1', '1', '1', 'default', 4, '0', ''),
(1640, 'ktchn_light name', 'ktchn_light', 's', 2, 1, 0, '1', '0', '1', 3258, '1', '1', '1', '1', '1', 'default', 2, '0', ''),
(1641, 'ktchn_plates name', 'ktchn_plates', 's', 1, 1, 1, '1', '0', '0', 3263, '1', '1', '1', '1', '1', 'default', 3, '0', ''),
(1642, 'ktchn_countr_1 name', 'ktchn_countr_1', 's', 1, 1, 1, '1', '0', '0', 3261, '1', '1', '1', '1', '1', 'default', 1, '0', ''),
(1643, 'ktchn_pots name', 'ktchn_pots', 's', 2, 1, 0, '1', '0', '1', 3252, '1', '1', '1', '1', '1', 'default', 10, '0', ''),
(1644, 'ktchn_cornr name', 'ktchn_cornr', 's', 1, 1, 1, '1', '0', '0', 3257, '1', '1', '1', '1', '1', 'default', 1, '0', ''),
(1645, 'ktchn_desk name', 'ktchn_desk', 's', 2, 1, 1, '1', '0', '0', 3260, '1', '1', '1', '1', '1', 'default', 1, '0', ''),
(1646, 'ktchn_trash name', 'ktchn_trash', 's', 1, 1, 1, '1', '0', '0', 3264, '1', '1', '1', '1', '1', 'default', 2, '0', ''),
(1647, 'ktchn_countr_2 name', 'ktchn_countr_2', 's', 2, 1, 1, '1', '0', '0', 3253, '1', '1', '1', '1', '1', 'default', 1, '0', ''),
(1648, 'ktchn_bBlock name', 'ktchn_bBlock', 's', 1, 1, 1, '1', '0', '0', 3255, '1', '1', '1', '1', '1', 'default', 3, '0', ''),
(1649, 'ktchn_dvdr name', 'ktchn_dvdr', 's', 2, 1, 1, '1', '0', '0', 3259, '1', '1', '1', '1', '1', 'default', 1, '0', ''),
(1650, 'ktchn_inspctr name', 'ktchn_inspctr', 's', 1, 1, 1, '1', '0', '0', 3250, '1', '1', '1', '1', '1', 'default', 2, '0', ''),
(1651, 'ktchn_fridge name', 'ktchn_fridge', 's', 1, 1, 1, '1', '0', '0', 3249, '1', '1', '1', '1', '1', 'vendingmachine', 0, '3,36,37,38', ''),
(1652, 'ads_1800tele', 'ads_1800tele', 's', 1, 1, 0.001, '1', '0', '0', 3251, '1', '1', '0', '1', '1', 'teleport', 1, '0', ''),
(1653, 'ktchn_sink name', 'ktchn_sink', 's', 2, 1, 1, '1', '0', '0', 3262, '1', '1', '1', '1', '1', 'default', 4, '0', ''),
(1654, 'ktchn_gate name', 'ktchn_gate', 's', 2, 1, 0.001, '1', '0', '0', 3254, '1', '1', '1', '1', '1', 'gate', 2, '0', ''),
(1655, 'Pad of stickies', 'post.it', 'i', 0, 0, 1, '1', '0', '0', 1, '0', '0', '1', '0', '1', 'postit', 1, '0', ''),
(1656, 'Heart Stickies', 'post.it.vd', 'i', 0, 0, 1, '1', '0', '0', 2, '0', '0', '1', '0', '1', 'postit', 1, '0', ''),
(20067, 'Green Hatch', 'divider_poly3*7', 's', 1, 1, 0.001, '1', '0', '0', 1930, '1', '1', '1', '1', '1', 'gate', 1, '0', ''),
(20068, 'Idea Agency Lava Lamp', 'ads_cllava2', 's', 1, 1, 1, '1', '0', '0', 3021, '1', '1', '1', '1', '1', 'default', 1, '0', ''),
(1665, 'Gothic Ectoplasm Fountain', 'gothicfountain', 'i', 0, 0, 1, '1', '0', '0', 4002, '1', '1', '1', '1', '1', 'default', 2, '0', ''),
(1666, 'Retro Wall Lamp', 'hc_wall_lamp', 'i', 0, 0, 1, '1', '0', '0', 4003, '1', '1', '1', '1', '1', 'default', 2, '0', ''),
(1667, 'Industrial Turbine', 'industrialfan', 'i', 0, 0, 1, '1', '0', '0', 4004, '1', '1', '1', '1', '1', 'default', 2, '0', ''),
(1668, 'Gothic Torch', 'torch', 'i', 0, 0, 1, '1', '0', '0', 4005, '1', '1', '1', '1', '1', 'default', 2, '0', ''),
(1669, 'Heart Light', 'val_heart', 'i', 0, 0, 1, '1', '0', '0', 4006, '1', '1', '1', '1', '1', 'default', 2, '0', ''),
(1670, 'Mirror', 'wallmirror', 'i', 0, 0, 1, '1', '0', '0', 4007, '1', '1', '1', '1', '1', 'default', 1, '0', ''),
(1671, 'Ninja Stars', 'jp_ninjastars', 'i', 0, 0, 1, '1', '0', '0', 4008, '1', '1', '1', '1', '1', 'default', 1, '0', ''),
(1672, 'Habbowood Mirror', 'habw_mirror', 'i', 0, 0, 1, '1', '0', '0', 4009, '1', '1', '1', '1', '1', 'default', 2, '0', ''),
(1673, 'So you gotta ask yourself', 'habbowheel', 'i', 0, 0, 1, '1', '0', '0', 4010, '1', '1', '1', '1', '1', 'habbowheel', 1, '0', ''),
(1674, 'Skull Guitar', 'guitar_skull', 'i', 0, 0, 1, '1', '0', '0', 4011, '1', '1', '1', '1', '1', 'default', 1, '0', ''),
(1675, 'V Guitar', 'guitar_v', 'i', 0, 0, 1, '1', '0', '0', 4012, '1', '1', '1', '1', '1', 'default', 1, '0', ''),
(1676, 'Christmas Lights', 'xmas_light', 'i', 0, 0, 1, '1', '0', '0', 4015, '1', '1', '1', '1', '1', 'default', 2, '0', ''),
(1677, 'Anchor', 'hrella_poster_3', 'i', 0, 0, 1, '1', '0', '0', 4016, '1', '1', '1', '1', '1', 'default', 1, '0', ''),
(1678, 'Life Buoy', 'hrella_poster_2', 'i', 0, 0, 1, '1', '0', '0', 4013, '1', '1', '1', '1', '1', 'default', 1, '0', ''),
(1679, 'Porthole', 'hrella_poster_1', 'i', 0, 0, 1, '1', '0', '0', 4014, '1', '1', '1', '1', '1', 'default', 1, '0', ''),
(1680, 'Swords', 'sw_swords', 'i', 0, 0, 1, '1', '0', '0', 4017, '1', '1', '1', '1', '1', 'default', 1, '0', ''),
(1681, 'Mysterious Necklace', 'sw_stone', 'i', 0, 0, 1, '1', '0', '0', 4018, '1', '1', '1', '1', '1', 'default', 2, '0', ''),
(1682, 'Ventilation Duct', 'sw_hole', 'i', 0, 0, 1, '1', '0', '0', 4019, '1', '1', '1', '1', '1', 'default', 1, '0', ''),
(1683, 'Mood Light', 'roomdimmer', 'i', 0, 0, 1, '1', '0', '0', 4027, '1', '1', '1', '1', '1', 'dimmer', 1, '0', ''),
(1684, 'Bubble Juice Can', 'md_logo_wall', 'i', 0, 0, 1, '1', '0', '0', 4023, '1', '1', '1', '1', '1', 'default', 2, '0', ''),
(1685, 'Kakejiku Hokusai', 'jp_sheet3', 'i', 0, 0, 1, '1', '0', '0', 4021, '1', '1', '1', '1', '1', 'default', 1, '0', ''),
(1686, 'Kakejiku Ninjya', 'jp_sheet2', 'i', 0, 0, 1, '1', '0', '0', 4026, '1', '1', '1', '1', '1', 'default', 1, '0', ''),
(1687, 'Kakejiku Ziritsu', 'jp_sheet1', 'i', 0, 0, 1, '1', '0', '0', 4024, '1', '1', '1', '1', '1', 'default', 1, '0', ''),
(1688, 'Ancestral Scimitars', 'arabian_swords', 'i', 0, 0, 1, '1', '0', '0', 4020, '1', '1', '1', '1', '1', 'default', 1, '0', ''),
(1689, 'Arabian Window Frame', 'arabian_wndw', 'i', 0, 0, 1, '1', '0', '0', 4022, '1', '1', '1', '1', '1', 'default', 1, '0', ''),
(1690, 'Jungle Wallplant', 'tiki_wallplnt', 'i', 0, 0, 1, '1', '0', '0', 4030, '0', '0', '1', '1', '1', 'default', 1, '0', ''),
(1691, 'Surfboard', 'tiki_surfboard', 'i', 0, 0, 1, '1', '0', '0', 4028, '1', '1', '1', '1', '1', 'default', 9, '0', ''),
(1692, 'tampax_wall', 'tampax_wall', 'i', 0, 0, 1, '1', '0', '0', 4029, '1', '1', '1', '1', '1', 'default', 1, '0', ''),
(1693, 'Single Window', 'window_single_default', 'i', 0, 0, 1, '1', '0', '0', 4031, '1', '1', '1', '1', '1', 'default', 1, '0', ''),
(1694, 'Double Window', 'window_double_default', 'i', 0, 0, 1, '1', '0', '0', 4032, '1', '1', '1', '1', '1', 'default', 1, '0', ''),
(1695, 'Window', 'noob_window_double', 'i', 0, 0, 1, '1', '0', '0', 4033, '0', '0', '1', '0', '1', 'default', 1, '0', ''),
(1696, 'Bay Window', 'window_triple', 'i', 0, 0, 1, '1', '0', '0', 4045, '1', '1', '1', '1', '1', 'default', 1, '0', ''),
(1697, 'Glass Square Window', 'window_square', 'i', 0, 0, 1, '1', '0', '0', 4036, '1', '1', '1', '1', '1', 'default', 1, '0', ''),
(1698, 'Large Romantic Window', 'window_romantic_wide', 'i', 0, 0, 1, '1', '0', '0', 4041, '1', '1', '1', '1', '1', 'default', 2, '0', ''),
(1699, 'Small Romantic Window', 'window_romantic_narrow', 'i', 0, 0, 1, '1', '0', '0', 4037, '1', '1', '1', '1', '1', 'default', 2, '0', ''),
(1700, 'Grunge Window', 'window_grunge', 'i', 0, 0, 1, '1', '0', '0', 4044, '1', '1', '1', '1', '1', 'default', 2, '0', ''),
(1701, 'Golden Window', 'window_golden', 'i', 0, 0, 1, '1', '0', '0', 4035, '1', '1', '1', '1', '1', 'default', 1, '0', ''),
(1702, 'Large Oriental Window', 'window_chinese_wide', 'i', 0, 0, 1, '1', '0', '0', 4034, '1', '1', '1', '1', '1', 'default', 1, '0', ''),
(1703, 'Small Oriental Window', 'window_chinese_narrow', 'i', 0, 0, 1, '1', '0', '0', 4038, '1', '1', '1', '1', '1', 'default', 1, '0', ''),
(1704, 'Basic Window', 'window_basic', 'i', 0, 0, 1, '1', '0', '0', 4042, '1', '1', '1', '1', '1', 'default', 2, '0', ''),
(1705, 'Large 70s Window', 'window_70s_wide', 'i', 0, 0, 1, '1', '0', '0', 4039, '1', '1', '1', '1', '1', 'default', 2, '0', ''),
(1706, 'Small 70s Window', 'window_70s_narrow', 'i', 0, 0, 1, '1', '0', '0', 4040, '1', '1', '1', '1', '1', 'default', 2, '0', ''),
(1707, 'Sunny Delight', 'ads_sunnyd', 'i', 0, 0, 1, '1', '0', '0', 4043, '1', '1', '1', '1', '1', 'default', 1, '0', ''),
(1708, 'Good grub', 'window_diner2', 'i', 0, 0, 1, '1', '0', '0', 4046, '1', '1', '1', '1', '1', 'default', 1, '0', ''),
(1709, 'Large Diner Window', 'window_diner', 'i', 0, 0, 1, '1', '0', '0', 4049, '1', '1', '1', '1', '1', 'default', 2, '0', ''),
(1710, 'Diner Side Table', 'diner_walltable', 'i', 0, 0, 1, '1', '0', '0', 4048, '1', '1', '1', '1', '1', 'default', 1, '0', ''),
(1711, 'ads_dave_wall', 'ads_dave_wall', 'i', 0, 0, 1, '1', '0', '0', 4047, '1', '1', '1', '1', '1', 'default', 1, '0', ''),
(1712, 'Window', 'window_hole', 'i', 0, 0, 1, '1', '0', '0', 4052, '1', '1', '1', '1', '1', 'default', 1, '0', ''),
(1713, 'easy_poster', 'easy_poster', 'i', 0, 0, 1, '1', '0', '0', 4051, '1', '1', '1', '1', '1', 'default', 1, '0', ''),
(1714, 'ads_nokia_logo name', 'ads_nokia_logo', 'i', 0, 0, 1, '1', '0', '0', 4050, '1', '1', '1', '1', '1', 'default', 1, '0', ''),
(1715, 'ads_nokia_phone name', 'ads_nokia_phone', 'i', 0, 0, 1, '1', '0', '0', 4053, '1', '1', '1', '1', '1', 'default', 2, '0', ''),
(1717, 'Skyscraper Window', 'window_skyscraper', 'i', 0, 0, 1, '1', '0', '0', 4054, '1', '1', '1', '1', '1', 'default', 1, '0', ''),
(1718, 'netari_poster', 'netari_poster', 'i', 0, 0, 1, '1', '0', '0', 4057, '1', '1', '1', '1', '1', 'default', 1, '0', ''),
(1719, 'Bullet Hole', 'det_bhole', 'i', 0, 0, 1, '1', '0', '0', 4056, '1', '1', '1', '1', '1', 'default', 1, '0', ''),
(1720, 'Red V Guitar', 'ads_campguitar', 'i', 0, 0, 1, '1', '0', '0', 4058, '1', '1', '1', '1', '1', 'default', 1, '0', ''),
(1721, 'Nuclear Radiation Sign', 'hween08_rad', 'i', 0, 0, 1, '1', '0', '0', 4059, '1', '1', '1', '1', '1', 'default', 1, '0', ''),
(1722, 'Broken Window (small)', 'hween08_wndwb', 'i', 0, 0, 1, '1', '0', '0', 4061, '1', '1', '1', '1', '1', 'default', 2, '0', ''),
(1723, 'Broken Window (large)', 'hween08_wndw', 'i', 0, 0, 1, '1', '0', '0', 4062, '1', '1', '1', '1', '1', 'default', 2, '0', ''),
(1724, 'Biohazard Sign', 'hween08_bio', 'i', 0, 0, 1, '1', '0', '0', 4063, '1', '1', '1', '1', '1', 'default', 1, '0', ''),
(1725, 'X-Ray Light Box', 'hw_08_xray', 'i', 0, 0, 1, '1', '0', '0', 4060, '1', '1', '1', '1', '1', 'default', 3, '0', ''),
(1726, 'Red Gothic Fountain', 'gothicfountain2', 'i', 0, 0, 1, '1', '0', '0', 4065, '1', '1', '1', '1', '1', 'default', 2, '0', ''),
(20052, 'Volturi Crest', 'ads_twi_crest', 'i', 0, 0, 1, '1', '0', '0', 4275, '1', '1', '1', '1', '1', 'default', 1, '0', ''),
(1728, 'TBD Central Musical TV', 'ads_cmusic', 'i', 0, 0, 1, '1', '0', '0', 4067, '1', '1', '1', '1', '1', 'default', 1, '0', ''),
(1729, 'Stand up or sitting down', 'party_wc_boy', 'i', 0, 0, 1, '1', '0', '0', 4070, '1', '1', '1', '1', '1', 'default', 2, '0', ''),
(1730, 'Big Wall Lights', 'party_led', 'i', 0, 0, 1, '1', '0', '0', 4066, '1', '1', '1', '1', '1', 'default', 4, '0', ''),
(1731, 'Neon Heart Light', 'party_neon5', 'i', 0, 0, 1, '1', '0', '0', 4074, '1', '1', '1', '1', '1', 'default', 5, '0', ''),
(1732, 'Neon Right Arrows', 'party_neon1', 'i', 0, 0, 1, '1', '0', '0', 4069, '1', '1', '1', '1', '1', 'default', 3, '0', ''),
(1733, 'Neon Left Arrows', 'party_neon2', 'i', 0, 0, 1, '1', '0', '0', 4073, '1', '1', '1', '1', '1', 'default', 3, '0', ''),
(1734, 'Girls Toilets', 'party_wc_girl', 'i', 0, 0, 1, '1', '0', '0', 4068, '1', '1', '1', '1', '1', 'default', 2, '0', ''),
(1735, 'Neon Pink Flamingo', 'party_neon3', 'i', 0, 0, 1, '1', '0', '0', 4075, '1', '1', '1', '1', '1', 'default', 2, '0', ''),
(1736, 'Bar Shelf', 'party_shelf', 'i', 0, 0, 1, '1', '0', '0', 4071, '1', '1', '1', '1', '1', 'default', 3, '0', ''),
(1737, 'Neon Skull Light', 'party_neon4', 'i', 0, 0, 1, '1', '0', '0', 4072, '1', '1', '1', '1', '1', 'default', 3, '0', ''),
(1738, 'Snowy Posters', 'xmas08_wallpaper', 'i', 0, 0, 1, '1', '0', '0', 4077, '0', '0', '1', '1', '1', 'roomeffect', 1, '0', ''),
(1739, 'Icy Wall', 'xmas08_icewall', 'i', 0, 0, 1, '1', '0', '0', 4076, '1', '1', '1', '1', '1', 'default', 4, '0', ''),
(1741, 'Idea Agency Plasma 1', 'ads_clwall1', 'i', 0, 0, 1, '1', '0', '0', 4082, '1', '1', '1', '1', '1', 'default', 1, '0', ''),
(1742, 'Idea Agency Plasma 2', 'ads_clwall2', 'i', 0, 0, 1, '1', '0', '0', 4078, '1', '1', '1', '1', '1', 'default', 1, '0', ''),
(1743, 'Idea Agency Plasma 3', 'ads_clwall3', 'i', 0, 0, 1, '1', '0', '0', 4079, '1', '1', '1', '1', '1', 'default', 1, '0', ''),
(1744, 'ads_ob_wall', 'ads_ob_wall', 'i', 0, 0, 1, '1', '0', '0', 4081, '1', '1', '1', '1', '1', 'default', 2, '0', ''),
(1745, 'Mall Window', 'ads_mall_window', 'i', 0, 0, 1, '1', '0', '0', 4083, '1', '1', '1', '1', '1', 'default', 1, '0', ''),
(1746, 'Dragon Poster', 'china_pstr2', 'i', 0, 0, 1, '1', '0', '0', 4085, '1', '1', '1', '1', '1', 'default', 1, '0', ''),
(1747, 'Chinese Wall Lamp', 'china_light', 'i', 0, 0, 1, '1', '0', '0', 4086, '1', '1', '1', '1', '1', 'default', 2, '0', ''),
(1748, 'Ox Poster', 'china_pstr1', 'i', 0, 0, 1, '1', '0', '0', 4084, '1', '1', '1', '1', '1', 'default', 1, '0', ''),
(1749, 'Bolly Window', 'bolly_wdw_wd', 'i', 0, 0, 1, '1', '0', '0', 4087, '1', '1', '1', '1', '1', 'default', 3, '0', ''),
(1750, 'Monster Plan Poster', 'ads_igor_wall', 'i', 0, 0, 1, '1', '0', '0', 4090, '1', '1', '1', '1', '1', 'default', 1, '0', ''),
(1751, 'Evil Bone', 'ads_igorevilb', 'i', 0, 0, 1, '1', '0', '0', 4089, '1', '1', '1', '1', '1', 'default', 2, '0', ''),
(1752, 'ads_idol_wall name', 'ads_idol_wall', 'i', 0, 0, 1, '1', '0', '0', 4088, '1', '1', '1', '1', '1', 'default', 1, '0', ''),
(1753, 'Mall Furni Showroom', 'ads_mall_winfur', 'i', 0, 0, 1, '1', '0', '0', 4092, '1', '1', '1', '1', '1', 'default', 1, '0', ''),
(1754, 'Mall Pet Shop Window', 'ads_mall_winpet', 'i', 0, 0, 1, '1', '0', '0', 4091, '1', '1', '1', '1', '1', 'default', 1, '0', ''),
(1755, 'Rock Wall', 'lc_wall1', 'i', 0, 0, 1, '1', '0', '0', 4095, '1', '1', '1', '1', '1', 'default', 1, '0', ''),
(1756, 'Aquarium Window', 'lc_window2', 'i', 0, 0, 1, '1', '0', '0', 4096, '1', '1', '1', '1', '1', 'default', 2, '0', ''),
(1757, 'Wooden Window', 'lc_window1', 'i', 0, 0, 1, '1', '0', '0', 4094, '1', '1', '1', '1', '1', 'default', 2, '0', ''),
(1758, 'American Idol TV', 'ads_idol_tv', 'i', 0, 0, 1, '1', '0', '0', 4093, '1', '1', '1', '1', '1', 'default', 1, '0', ''),
(1759, 'Coral Wall', 'lc_wall2', 'i', 0, 0, 1, '1', '0', '0', 4097, '1', '1', '1', '1', '1', 'default', 1, '0', ''),
(1760, 'ads_idol_mirror name', 'ads_idol_mirror', 'i', 0, 0, 1, '1', '0', '0', 4099, '1', '1', '1', '1', '1', 'default', 2, '0', ''),
(1761, 'Mall Cinema Window', 'ads_mall_wincin', 'i', 0, 0, 1, '1', '0', '0', 4098, '1', '1', '1', '1', '1', 'default', 1, '0', ''),
(1762, 'Strum', 'ads_mall_winmus', 'i', 0, 0, 1, '1', '0', '0', 4101, '1', '1', '1', '1', '1', 'default', 1, '0', ''),
(1763, 'Mall Beauty Salon', 'ads_mall_winbea', 'i', 0, 0, 1, '1', '0', '0', 4100, '1', '1', '1', '1', '1', 'default', 1, '0', ''),
(1764, 'Eco Curtain 1', 'eco_curtains1', 'i', 0, 0, 1, '1', '0', '0', 4105, '0', '1', '1', '1', '1', 'default', 2, '0', ''),
(1765, 'Mall Idea Agency Window', 'ads_mall_winchi', 'i', 0, 0, 1, '1', '0', '0', 4103, '1', '1', '1', '1', '1', 'default', 1, '0', ''),
(1766, 'Eco Curtain 3', 'eco_curtains3', 'i', 0, 0, 1, '1', '0', '0', 4104, '0', '1', '1', '1', '1', 'default', 2, '0', ''),
(1767, 'Eco Curtain 2', 'eco_curtains2', 'i', 0, 0, 1, '1', '0', '0', 4102, '0', '1', '1', '1', '1', 'default', 2, '0', ''),
(1768, 'Mall Ice Cream Parlour Window', 'ads_mall_winice', 'i', 0, 0, 1, '1', '0', '0', 4109, '1', '1', '1', '1', '1', 'default', 1, '0', ''),
(1769, 'Whatever your sporting dibble', 'ads_mall_winspo', 'i', 0, 0, 1, '1', '0', '0', 4106, '1', '1', '1', '1', '1', 'default', 1, '0', ''),
(1770, 'ads_idol_logo name', 'ads_idol_logo', 'i', 0, 0, 1, '1', '0', '0', 4108, '1', '1', '1', '1', '1', 'default', 3, '0', ''),
(1771, 'World Map', 'exe_map', 'i', 0, 0, 1, '1', '0', '0', 4110, '1', '1', '1', '1', '1', 'default', 2, '0', ''),
(1772, 'Wall Fall', 'exe_wfall', 'i', 0, 0, 1, '1', '0', '0', 4107, '1', '1', '1', '1', '1', 'default', 3, '0', ''),
(1773, 'ads_lin_wh_c name', 'ads_lin_wh_c', 'i', 0, 0, 1, '1', '0', '0', 4115, '1', '1', '1', '1', '1', 'default', 1, '0', ''),
(1774, 'ads_malaco_tv name', 'ads_malaco_tv', 'i', 0, 0, 1, '1', '0', '0', 4113, '1', '1', '1', '1', '1', 'default', 1, '0', ''),
(1775, 'ads_puffet_tv name', 'ads_puffet_tv', 'i', 0, 0, 1, '1', '0', '0', 4111, '1', '1', '1', '1', '1', 'default', 1, '0', ''),
(1776, 'ads_reebok_tv name', 'ads_reebok_tv', 'i', 0, 0, 1, '1', '0', '0', 4112, '1', '1', '1', '1', '1', 'default', 1, '0', ''),
(1777, 'Forest Wall Poster', 'country_forestwall', 'i', 0, 0, 1, '1', '0', '0', 4114, '1', '1', '1', '1', '1', 'default', 1, '0', ''),
(1778, 'Marble Fireplace', 'country_fp', 'i', 0, 0, 1, '1', '0', '0', 4117, '1', '1', '1', '1', '1', 'default', 2, '0', ''),
(1779, 'Farmhouse Wall', 'country_wall', 'i', 0, 0, 1, '1', '0', '0', 4118, '1', '1', '1', '1', '1', 'default', 1, '0', ''),
(1780, 'Ye Olde Lantern', 'country_lantern', 'i', 0, 0, 1, '1', '0', '0', 4116, '1', '1', '1', '1', '1', 'default', 2, '0', ''),
(1781, 'Norwegian Flag', 'flag_norway', 'i', 0, 0, 1, '1', '0', '0', 4119, '1', '1', '1', '1', '1', 'default', 1, '0', ''),
(1782, 'Diner Poster', 'diner_poster', 'i', 0, 0, 1, '1', '0', '0', 4120, '1', '1', '1', '1', '1', 'default', 1, '0', ''),
(1783, '', 'lt_jngl_wall', 'i', 0, 0, 1, '1', '0', '0', 4121, '1', '1', '1', '1', '1', 'default', 1, '0', ''),
(1784, 'ads_mirror name', 'ads_mirror', 'i', 0, 0, 1, '1', '0', '0', 4122, '1', '1', '1', '1', '1', 'default', 2, '0', ''),
(1785, 'lt_wall', 'lt_wall', 'i', 0, 0, 1, '1', '0', '0', 4123, '1', '1', '1', '1', '1', 'default', 2, '0', ''),
(1787, 'Starship Window', 'sf_window', 'i', 0, 0, 1, '1', '0', '0', 4224, '1', '1', '1', '1', '1', 'default', 1, '0', ''),
(1788, 'Starship Wall', 'sf_wall2', 'i', 0, 0, 1, '1', '0', '0', 4228, '1', '1', '1', '1', '1', 'default', 3, '0', ''),
(1789, 'ads_wwe_poster name', 'ads_wwe_poster', 'i', 0, 0, 1, '1', '0', '0', 4226, '1', '1', '1', '1', '1', 'default', 1, '0', ''),
(1790, 'Fly me to the moon', 'ads_mall_wintra', 'i', 0, 0, 1, '1', '0', '0', 4225, '1', '1', '1', '1', '1', 'default', 1, '0', ''),
(1791, 'Starship Corner', 'sf_wall3', 'i', 0, 0, 1, '1', '0', '0', 4223, '1', '1', '1', '1', '1', 'default', 1, '0', ''),
(1793, 'ads_veet name', 'ads_veet', 'i', 0, 0, 1, '1', '0', '0', 4222, '1', '1', '1', '1', '1', 'default', 1, '0', ''),
(1794, 'Wall Tiles', 'rela_wall', 'i', 0, 0, 1, '1', '0', '0', 4232, '1', '1', '1', '1', '1', 'default', 6, '0', ''),
(1795, 'flag_belgium', 'flag_belgium', 'i', 0, 0, 1, '1', '0', '0', 4229, '1', '1', '1', '1', '1', 'default', 1, '0', ''),
(1796, 'flag_portugal', 'flag_portugal', 'i', 0, 0, 1, '1', '0', '0', 4231, '1', '1', '1', '1', '1', 'default', 1, '0', ''),
(1797, 'ads_mall_wingar', 'ads_mall_wingar', 'i', 0, 0, 1, '1', '0', '0', 4230, '1', '1', '1', '1', '1', 'default', 1, '0', ''),
(1798, 'ktchn_wall name', 'ktchn_wall', 'i', 0, 0, 1, '1', '0', '0', 4235, '1', '1', '1', '1', '1', 'default', 1, '0', ''),
(1799, 'ads_mall_winclo', 'ads_mall_winclo', 'i', 0, 0, 1, '1', '0', '0', 4236, '1', '1', '1', '1', '1', 'default', 1, '0', ''),
(1800, 'ktchn_oven name', 'ktchn_oven', 'i', 0, 0, 1, '1', '0', '0', 4234, '1', '1', '1', '1', '1', 'default', 2, '0', ''),
(1801, 'ktchn_knives name', 'ktchn_knives', 'i', 0, 0, 1, '1', '0', '0', 4233, '1', '1', '1', '1', '1', 'default', 4, '0', ''),
(1802, 'Mood Controller (Large)', 'dimmer_fuse6', 'i', 0, 0, 1, '1', '0', '0', 4240, '1', '1', '1', '1', '1', 'dimmer', 1, '0', ''),
(1803, 'Mood Switch (Large)', 'dimmer_swtch', 'i', 0, 0, 1, '1', '0', '0', 4237, '1', '1', '1', '1', '1', 'dimmer', 1, '0', ''),
(1804, 'Mood Controller (Small)', 'dimmer_fuse2', 'i', 0, 0, 1, '1', '0', '0', 4239, '1', '1', '1', '1', '1', 'dimmer', 1, '0', ''),
(1805, 'Mood Switch (Small)', 'dimmer_buttn', 'i', 0, 0, 1, '1', '0', '0', 4238, '1', '1', '1', '1', '1', 'dimmer', 1, '0', ''),
(19877, '', 'avatar_effect9', 'e', 1, 1, 1, '1', '0', '0', 9, '0', '0', '1', '0', '0', 'default', 1, '0', ''),
(19878, '', 'avatar_effect6', 'e', 1, 1, 1, '1', '0', '0', 6, '0', '0', '1', '0', '0', 'default', 1, '0', ''),
(19879, '', 'avatar_effect16', 'e', 1, 1, 1, '1', '0', '0', 16, '0', '0', '1', '0', '0', 'default', 1, '0', ''),
(19880, '', 'avatar_effect2', 'e', 1, 1, 1, '1', '0', '0', 2, '0', '0', '1', '0', '0', 'default', 1, '0', ''),
(19881, '', 'avatar_effect14', 'e', 1, 1, 1, '1', '0', '0', 14, '0', '0', '1', '0', '0', 'default', 1, '0', ''),
(19882, '', 'avatar_effect15', 'e', 1, 1, 1, '1', '0', '0', 15, '0', '0', '1', '0', '0', 'default', 1, '0', ''),
(19883, '', 'avatar_effect3', 'e', 1, 1, 1, '1', '0', '0', 3, '0', '0', '1', '0', '0', 'default', 1, '0', ''),
(19884, '', 'avatar_effect17', 'e', 1, 1, 1, '1', '0', '0', 17, '0', '0', '1', '0', '0', 'default', 1, '0', ''),
(19885, '', 'avatar_effect18', 'e', 1, 1, 1, '1', '0', '0', 18, '0', '0', '1', '0', '0', 'default', 1, '0', ''),
(19886, '', 'avatar_effect1', 'e', 1, 1, 1, '1', '0', '0', 1, '0', '0', '1', '0', '0', 'default', 1, '0', ''),
(19887, '', 'avatar_effect4', 'e', 1, 1, 1, '1', '0', '0', 4, '0', '0', '1', '0', '0', 'default', 1, '0', ''),
(19888, '', 'avatar_effect5', 'e', 1, 1, 1, '1', '0', '0', 5, '0', '0', '1', '0', '0', 'default', 1, '0', ''),
(19889, '', 'avatar_effect7', 'e', 1, 1, 1, '1', '0', '0', 7, '0', '0', '1', '0', '0', 'default', 1, '0', ''),
(19890, '', 'avatar_effect8', 'e', 1, 1, 1, '1', '0', '0', 8, '0', '0', '1', '0', '0', 'default', 1, '0', ''),
(19891, '', 'avatar_effect10', 'e', 1, 1, 1, '1', '0', '0', 10, '0', '0', '1', '0', '0', 'default', 1, '0', ''),
(19892, '', 'avatar_effect12', 'e', 1, 1, 1, '1', '0', '0', 12, '0', '0', '1', '0', '0', 'default', 1, '0', ''),
(19893, '', 'avatar_effect13', 'e', 1, 1, 1, '1', '0', '0', 13, '0', '0', '1', '0', '0', 'default', 1, '0', ''),
(19894, '', 'a2 l', 'i', 1, 1, 1, '1', '0', '0', 3002, '0', '0', '1', '1', '0', 'roomeffect', 1, '0', ''),
(19895, '', 'a2 t', 'i', 1, 1, 1, '1', '0', '0', 3001, '0', '0', '1', '1', '0', 'roomeffect', 1, '0', ''),
(19896, '', 'wallpaper 1', 'i', 1, 1, 1, '1', '0', '0', 3001, '0', '0', '1', '1', '0', 'roomeffect', 1, '0', ''),
(19926, '', 'landscape 10', 'i', 1, 1, 1, '1', '0', '0', 4054, '0', '0', '1', '1', '0', 'roomeffect', 1, '0', ''),
(19938, '', 'hween09_floor', 's', 2, 2, 0, '1', '0', '1', 3288, '0', '0', '1', '1', '1', 'default', 1, '0', ''),
(19939, '', 'hween09_jar', 's', 1, 1, 1, '1', '0', '0', 3287, '0', '0', '1', '1', '1', 'default', 2, '0', ''),
(19940, 'City Bench (Clean)', 'urban_bench_plain', 's', 2, 1, 1, '1', '1', '0', 3284, '1', '1', '1', '1', '1', 'default', 1, '0', ''),
(19941, '', 'hween09_organ', 's', 2, 1, 1, '1', '0', '0', 3282, '0', '0', '1', '1', '1', 'default', 2, '0', ''),
(19942, '', 'byesw_hand', 's', 1, 1, 1.35, '1', '0', '0', 3291, '0', '1', '1', '1', '1', '', 1, '0', ''),
(19943, '', 'byesw_hotel', 's', 1, 1, 1, '1', '0', '0', 3289, '0', '1', '1', '1', '1', 'default', 6, '0', ''),
(19944, '', 'hween09_table', 's', 1, 3, 1, '1', '0', '0', 3286, '0', '0', '1', '1', '1', 'default', 2, '0', ''),
(19945, '', 'hween09_chair', 's', 1, 1, 1, '1', '1', '0', 3295, '0', '0', '1', '1', '1', 'default', 1, '0', ''),
(19946, '', 'hween09_mirror', 's', 1, 1, 1, '1', '1', '0', 3293, '0', '0', '1', '1', '1', 'default', 2, '0', ''),
(19947, 'Trap Door', 'hween09_hatch', 's', 2, 2, 0.001, '1', '0', '1', 3285, '0', '0', '1', '1', '1', 'gate', 2, '0', ''),
(19948, '', 'hween09_ghost', 's', 1, 1, 1, '1', '0', '0', 3290, '0', '0', '1', '1', '1', 'default', 2, '0', ''),
(19949, '', 'hween09_tv', 's', 2, 1, 1, '1', '0', '0', 3292, '0', '0', '1', '1', '1', 'default', 3, '0', ''),
(19950, '', 'hween09_chandelier', 's', 1, 1, 1, '1', '0', '1', 3294, '0', '0', '1', '1', '1', 'default', 3, '0', ''),
(19951, '', 'hween09_crnr1', 'i', 0, 0, 1, '1', '0', '0', 4247, '0', '0', '1', '1', '1', 'default', 4, '0', ''),
(19952, '', 'hween09_paint', 'i', 0, 0, 1, '1', '0', '0', 4263, '0', '0', '1', '1', '1', 'default', 2, '0', ''),
(19953, '', 'hween09_treewall', 'i', 0, 0, 1, '1', '0', '0', 4269, '0', '0', '1', '1', '1', 'default', 2, '0', ''),
(19954, '', 'hween09_wall1', 'i', 0, 0, 1, '1', '0', '0', 4257, '0', '0', '1', '1', '1', 'default', 4, '0', ''),
(19955, '', 'hween09_stonewall', 'i', 0, 0, 1, '1', '0', '0', 4259, '0', '0', '1', '1', '1', 'default', 5, '0', ''),
(19956, '', 'hween09_win', 'i', 0, 0, 1, '1', '0', '0', 4271, '0', '0', '1', '1', '1', 'default', 10, '0', ''),
(19957, '', 'avatar_effect22', 'e', 1, 1, 1, '1', '0', '0', 22, '0', '0', '1', '0', '1', 'default', 1, '0', ''),
(19958, '', 'avatar_effect19', 'e', 1, 1, 1, '1', '0', '0', 19, '0', '0', '1', '0', '1', 'default', 1, '0', ''),
(19959, '', 'avatar_effect20', 'e', 1, 1, 1, '1', '0', '0', 20, '0', '0', '1', '0', '1', 'default', 1, '0', ''),
(19960, '', 'avatar_effect21', 'e', 1, 1, 1, '1', '0', '0', 21, '0', '0', '1', '0', '1', 'default', 1, '0', ''),
(19989, 'Snowman Base', 'xm09_man_a', 's', 1, 1, 1, '1', '0', '0', 3330, '1', '1', '1', '1', '1', 'default', 5, '0', ''),
(19971, 'Snowman Middle', 'xm09_man_b', 's', 1, 1, 0.8, '1', '0', '0', 3328, '1', '1', '1', '1', '1', 'default', 9, '0', ''),
(19972, 'Snowman Head', 'xm09_man_c', 's', 1, 1, 1, '1', '0', '0', 3329, '1', '1', '1', '1', '1', 'default', 8, '0', ''),
(19973, 'Christmas Table', 'xm09_table', 's', 2, 6, 1, '1', '0', '0', 3335, '1', '1', '1', '1', '1', 'default', 2, '0', ''),
(19974, '6-Seater Bench', 'xm09_bench', 's', 6, 1, 1, '1', '1', '0', 3340, '1', '1', '1', '1', '1', 'default', 1, '0', ''),
(19976, 'Snowy Fir Trees', 'xm09_firwall', 'i', 0, 0, 1, '1', '0', '0', 4307, '1', '1', '1', '1', '1', 'default', 1, '0', ''),
(19977, 'Snowy Forest', 'xm09_forestwall', 'i', 0, 0, 1, '1', '0', '0', 4308, '1', '1', '1', '1', '1', 'default', 1, '0', ''),
(19978, 'Lodge Wall', 'xm09_lodgewall', 'i', 0, 0, 1, '1', '0', '0', 4311, '0', '1', '1', '1', '1', 'default', 8, '0', ''),
(19979, 'Gold Heart Bauble', 'xm09_bauble_25', 'i', 0, 0, 1, '1', '0', '0', 4286, '1', '1', '1', '1', '1', 'default', 1, '0', ''),
(19980, 'Silver Heart Bauble', 'xm09_bauble_26', 'i', 0, 0, 1, '1', '0', '0', 4306, '1', '1', '1', '1', '1', 'default', 1, '0', ''),
(19981, 'Pink Heart Bauble', 'xm09_bauble_27', 'i', 0, 0, 1, '1', '0', '0', 4279, '1', '1', '1', '1', '1', 'default', 1, '0', ''),
(19982, 'Pink Heart Bauble', 'xm09_bauble_27', 'i', 0, 0, 1, '1', '0', '0', 4313, '1', '1', '1', '1', '1', 'default', 1, '0', ''),
(19983, 'Blue Heart Bauble', 'xm09_bauble_23', 'i', 0, 0, 1, '1', '0', '0', 4292, '1', '1', '1', '1', '1', 'default', 1, '0', ''),
(19984, 'Green Heart Bauble', 'xm09_bauble_24', 'i', 0, 0, 1, '1', '0', '0', 4278, '1', '1', '1', '1', '1', 'default', 1, '0', ''),
(19985, 'Candy Cane', 'xm09_candyCane', 's', 1, 1, 1, '1', '0', '0', 3314, '1', '1', '1', '1', '1', 'default', 4, '0', ''),
(19986, 'Big Stocking', 'xm09_stocking', 'i', 0, 0, 1, '1', '0', '0', 4280, '1', '1', '1', '1', '1', 'default', 1, '0', ''),
(19994, 'Fountain', 'ads_twi_fountn', 's', 2, 2, 1, '1', '0', '0', 3301, '1', '1', '1', '1', '1', 'default', 2, '0', ''),
(19995, 'Clock Tower wall', 'ads_twi_dvdr2', 's', 2, 1, 1, '1', '0', '0', 3302, '1', '1', '1', '1', '1', 'default', 2, '0', ''),
(19996, 'Standing Rose Bouquet', 'ads_twi_roses', 's', 1, 1, 1, '1', '0', '0', 3304, '1', '1', '1', '1', '1', 'default', 1, '0', ''),
(19997, 'Cake on Table with Presents', 'ads_twi_table', 's', 2, 2, 1, '1', '0', '0', 3297, '1', '1', '1', '1', '1', 'default', 2, '0', ''),
(19998, 'Volturi Royal Chair', 'ads_twi_chair', 's', 1, 1, 1, '1', '1', '0', 3300, '1', '1', '1', '1', '1', 'default', 1, '0', ''),
(19999, 'Half wall', 'ads_twi_dvdr1', 's', 2, 1, 1, '1', '0', '0', 3303, '1', '1', '1', '1', '1', 'default', 1, '0', ''),
(20000, 'Broken Piano', 'ads_twi_piano', 's', 2, 2, 1, '1', '0', '0', 3299, '1', '1', '1', '1', '1', 'default', 1, '0', ''),
(20001, 'ads_twi_tower name', 'ads_twi_tower', 's', 1, 1, 1, '1', '0', '0', 3298, '1', '1', '1', '1', '1', 'default', 1, '0', ''),
(20002, 'Toolbox', 'ads_twi_toolbx', 's', 1, 1, 1, '1', '0', '0', 3296, '1', '1', '1', '1', '1', 'default', 2, '0', ''),
(20003, 'Mist', 'ads_twi_mist', 's', 1, 1, 0, '1', '0', '1', 3308, '1', '1', '1', '1', '1', 'default', 2, '0', ''),
(20011, 'Water Hydrant', 'urban_wpost', 's', 1, 1, 1, '1', '0', '0', 3272, '1', '1', '1', '1', '1', 'default', 2, '0', ''),
(20010, 'Pavement Slab', 'urban_sidewalk', 's', 2, 2, 0.2, '1', '0', '1', 3274, '1', '1', '1', '1', '1', 'default', 4, '0', ''),
(20008, 'City Bench (Dirty)', 'urban_bench', 's', 2, 1, 1, '1', '1', '0', 3269, '1', '1', '1', '1', '1', 'default', 1, '0', ''),
(20007, 'Taxi Sofa', 'urban_carsofa', 's', 2, 1, 1, '1', '1', '0', 3268, '1', '1', '1', '1', '1', 'default', 1, '0', ''),
(20014, 'Concrete Block', 'urban_blocker', 's', 1, 1, 1, '1', '0', '0', 3270, '1', '1', '1', '1', '1', 'default', 1, '0', ''),
(20013, 'Garbage Bin', 'urban_bin', 's', 1, 1, 1, '1', '0', '0', 3266, '1', '1', '1', '1', '1', 'default', 2, '0', ''),
(20012, 'Mesh Fencing', 'urban_fence', 's', 1, 2, 1, '1', '0', '0', 3267, '1', '1', '1', '1', '1', 'default', 1, '0', ''),
(20015, 'Basketball Pole', 'urban_bsktbll', 's', 1, 1, 1, '1', '0', '0', 3271, '1', '1', '1', '1', '1', 'default', 1, '0', ''),
(20025, 'Terracotta Pillar', 'pillar*6', 's', 1, 1, 1, '1', '0', '0', 1609, '1', '1', '1', '1', '1', 'default', 1, '0', ''),
(20026, 'Urban Iced Bookcase', 'shelves_norja*4', 's', 1, 1, 1, '1', '0', '0', 1795, '1', '1', '1', '1', '1', 'default', 1, '0', ''),
(20027, 'Black Mode Double Bed', 'bed_polyfon*2', 's', 2, 3, 1.8, '1', '0', '0', 1895, '1', '1', '1', '1', '1', 'bed', 1, '0', ''),
(20028, 'Blue Iced Angle', 'divider_nor5*6', 's', 1, 1, 1, '1', '0', '0', 1995, '1', '1', '1', '1', '1', 'default', 2, '0', ''),
(20029, 'Valentine''s Cauldron', 'val_cauldron', 's', 1, 1, 1, '1', '0', '0', 2103, '1', '1', '1', '1', '1', 'vendingmachine', 0, '25', ''),
(20030, 'Aqua Pura Module 5', 'pura_mdl5*1', 's', 1, 1, 1, '1', '1', '0', 2509, '1', '1', '1', '1', '1', 'default', 1, '0', ''),
(20031, 'Aqua One Way Gate', 'one_way_door*1', 's', 1, 1, 0.001, '1', '0', '0', 2597, '1', '1', '1', '1', '1', 'onewaygate', 2, '0', ''),
(20032, 'Power Globe', 'exe_globe', 's', 1, 1, 1, '1', '0', '0', 2672, '1', '1', '1', '1', '1', 'default', 10, '0', ''),
(20034, 'Latte Diner Corner', 'diner_bardesk_corner*5', 's', 1, 1, 1, '1', '0', '0', 2874, '1', '1', '1', '1', '1', 'default', 1, '0', ''),
(20035, 'Bubbles', 'fx_bubble', 's', 1, 1, 1, '1', '0', '0', 3012, '0', '0', '1', '0', '1', 'rentals', 2, '0', ''),
(20036, 'Safety Cone', 'bump_tottero', 's', 1, 1, 1, '1', '0', '0', 3087, '1', '1', '1', '0', '1', 'default', 1, '0', ''),
(20037, 'ads_calip_parasol name', 'ads_calip_parasol', 's', 1, 1, 1, '1', '0', '0', 3195, '1', '1', '1', '1', '1', 'default', 2, '0', ''),
(20041, '2010 Poster', 'year2010', 'i', 0, 0, 1, '1', '0', '0', 4313, '1', '1', '1', '1', '1', 'default', 3, '0', ''),
(20042, 'Party Lantern', 'party_lantern', 's', 1, 1, 0, '1', '0', '1', 3327, '1', '1', '1', '1', '1', 'default', 2, '0', ''),
(20043, 'Party Lights', 'party_lights', 'i', 0, 0, 1, '1', '0', '0', 4310, '1', '1', '1', '1', '1', 'default', 2, '0', ''),
(20047, 'Soothing Stick', 'rela_stick', 's', 1, 1, 1, '1', '0', '0', 3240, '1', '1', '1', '1', '1', 'default', 3, '0', ''),
(20048, 'Mall Lift', 'ads_mall_elevator', 's', 1, 1, 0.001, '1', '0', '0', 3306, '1', '1', '0', '1', '1', 'teleport', 1, '0', ''),
(20050, 'Flatscreen TV', 'xm09_infotv', 'i', 0, 0, 1, '1', '0', '0', 4309, '1', '1', '1', '1', '1', 'default', 2, '0', ''),
(20051, 'Twilight Trophy', 'ads_twi_trophy', 's', 1, 1, 1, '1', '0', '0', 3311, '1', '1', '1', '1', '1', 'trophy', 1, '0', ''),
(20053, 'Painting', 'ads_twi_paint', 'i', 0, 0, 1, '1', '0', '0', 4272, '1', '1', '1', '1', '1', 'default', 1, '0', ''),
(20054, 'Window with Candles', 'ads_twi_windw', 'i', 0, 0, 1, '1', '0', '0', 4277, '1', '1', '1', '1', '1', 'default', 2, '0', ''),
(20055, 'Truck and Motorcycles', 'ads_twi_bwall2', 'i', 0, 0, 1, '1', '0', '0', 4276, '1', '1', '1', '1', '1', 'default', 2, '0', ''),
(20056, 'Dream Catcher', 'ads_twi_dreamc', 'i', 0, 0, 1, '1', '0', '0', 4273, '1', '1', '1', '1', '1', 'default', 1, '0', ''),
(20057, 'Barn Wall', 'ads_twi_bwall1', 'i', 0, 0, 1, '1', '0', '0', 4274, '1', '1', '1', '1', '1', 'default', 3, '0', ''),
(20059, 'Arabian Wall', 'arabian_wall', 'i', 0, 0, 1, '1', '0', '0', 4287, '1', '1', '1', '1', '1', '', 2, '0', ''),
(20060, 'DEAL_HC_1', 'DEAL_HC_1', 'h', 0, 0, 0, '1', '0', '0', 0, '0', '0', '1', '0', '0', 'default', 0, '0', ''),
(20072, 'ads_gsArcade_1 name', 'ads_gsArcade_1', 's', 1, 1, 1, '1', '0', '0', 3277, '1', '1', '1', '1', '1', 'default', 2, '0', ''),
(20063, 'Hot Choc Machine', 'xm09_cocoa', 's', 1, 1, 1, '1', '0', '0', 3337, '1', '1', '1', '1', '1', 'vendingmachine', 0, '10', ''),
(20064, 'Astro-Bar', 'sf_mbar', 's', 1, 1, 1, '1', '0', '0', 3273, '1', '1', '1', '1', '1', 'vendingmachine', 0, '44', ''),
(20074, 'Silver MTV EMA Trophy', 'ads_mtvtrophy_silver', 's', 1, 1, 1, '1', '0', '0', 3281, '1', '1', '1', '1', '1', 'default', 1, '0', ''),
(20075, 'ads_spang_sleep', 'ads_spang_sleep', 's', 1, 3, 0.8, '1', '0', '0', 3280, '1', '1', '1', '1', '1', 'bed', 1, '0', ''),
(20076, 'Gold MTV EMA Trophy', 'ads_mtvtrophy_gold', 's', 1, 1, 1, '1', '0', '0', 3279, '1', '1', '1', '1', '1', 'default', 1, '0', ''),
(20077, 'ktchn_hlthNut name', 'ktchn_hlthNut', 's', 1, 1, 1, '1', '0', '0', 3307, '1', '1', '1', '1', '1', 'default', 3, '0', ''),
(20078, 'Chicken', 'petfood8', 's', 1, 1, 1, '1', '0', '0', 3325, '1', '1', '1', '1', '1', 'default', 1, '0', ''),
(20079, 'nest_plow_reg', 'nest_plow_reg', 's', 1, 1, 1, '1', '0', '0', 3318, '1', '1', '1', '1', '1', 'default', 1, '0', ''),
(20080, 'Yellow Pet Snuggle', 'nest_snug_yel', 's', 1, 1, 1, '1', '0', '0', 3319, '1', '1', '1', '1', '1', 'default', 1, '0', ''),
(20081, 'Salmon', 'petfood9', 's', 1, 1, 1, '1', '0', '0', 3322, '1', '1', '1', '1', '1', 'default', 1, '0', ''),
(20082, 'Leveling Cake', 'petfood10', 's', 1, 1, 1, '1', '0', '0', 3326, '1', '1', '1', '1', '1', 'default', 1, '0', ''),
(20083, 'Ice Apples', 'petfood7', 's', 1, 1, 1, '1', '0', '0', 3321, '1', '1', '1', '1', '1', 'default', 1, '0', ''),
(20084, 'Red Apples', 'petfood6', 's', 1, 1, 1, '1', '0', '0', 3323, '1', '1', '1', '1', '1', 'default', 1, '0', ''),
(20085, 'Green Pet Snuggle', 'nest_snug_grn', 's', 1, 1, 1, '1', '0', '0', 3310, '1', '1', '1', '1', '1', 'default', 1, '0', ''),
(20086, 'nest_snug_red', 'nest_snug_red', 's', 1, 1, 1, '1', '0', '0', 3317, '1', '1', '1', '1', '1', 'default', 1, '0', ''),
(20087, 'Green Pet Snuggle', 'nest_snug_grn', 's', 1, 1, 1, '1', '0', '0', 3023, '1', '1', '1', '1', '1', 'default', 1, '0', ''),
(20088, 'nest_plow_bro', 'nest_plow_bro', 's', 1, 1, 1, '1', '0', '0', 3309, '1', '1', '1', '1', '1', 'default', 1, '0', ''),
(20089, 'Red Pet Pillow', 'nest_plow_red', 's', 1, 1, 1, '1', '0', '0', 3320, '1', '1', '1', '1', '1', 'default', 1, '0', ''),
(20090, 'nest_snug_blu', 'nest_snug_blu', 's', 1, 1, 1, '1', '0', '0', 3315, '1', '1', '1', '1', '1', 'default', 1, '0', ''),
(20091, 'Green Apples', 'petfood5', 's', 1, 1, 1, '1', '0', '0', 3324, '1', '1', '1', '1', '1', 'default', 1, '0', ''),
(20092, 'Blue Pet Pillow', 'nest_plow_blu', 's', 1, 1, 1, '1', '0', '0', 3316, '1', '1', '1', '1', '1', 'default', 1, '0', ''),
(20093, 'Giant Bauble', 'xm09_lrgBauble', 's', 1, 1, 1, '1', '0', '0', 3313, '1', '1', '1', '1', '1', 'default', 10, '0', ''),
(20094, 'nest_dirt', 'nest_dirt', 's', 1, 1, 1, '1', '0', '0', 3331, '1', '1', '1', '1', '1', 'default', 1, '0', ''),
(20095, 'nest_snug_prp', 'nest_snug_prp', 's', 1, 1, 1, '1', '0', '0', 3332, '1', '1', '1', '1', '1', 'default', 1, '0', ''),
(20096, 'nest_nest', 'nest_nest', 's', 1, 1, 1, '1', '0', '0', 3334, '1', '1', '1', '1', '1', 'default', 1, '0', ''),
(20097, 'nest_nails', 'nest_nails', 's', 1, 1, 1, '1', '0', '0', 3336, '1', '1', '1', '1', '1', 'default', 1, '0', ''),
(20098, 'nest_basket', 'nest_basket', 's', 1, 1, 1, '1', '0', '0', 3333, '1', '1', '1', '1', '1', 'default', 1, '0', ''),
(20099, 'Polar Bear Nest', 'nest_ice', 's', 1, 1, 1, '1', '0', '0', 3339, '1', '1', '1', '1', '1', 'default', 1, '0', ''),
(20100, 'nest_plow_skl', 'nest_plow_skl', 's', 1, 1, 1, '1', '0', '0', 3341, '1', '1', '1', '1', '1', 'default', 1, '0', ''),
(20101, 'nest_snug_bla', 'nest_snug_bla', 's', 1, 1, 1, '1', '0', '0', 3338, '1', '1', '1', '1', '1', 'default', 1, '0', ''),
(20102, 'The Moodi Machine', 'ads_cl_moodi', 's', 1, 1, 1, '1', '0', '0', 3342, '1', '1', '1', '1', '1', 'vendingmachine', 1, '46,47,45', ''),
(20103, 'org_chairpnk', 'org_chairpnk', 's', 1, 1, 1.2, '1', '1', '0', 3354, '1', '1', '1', '1', '1', 'default', 0, '0', ''),
(20104, 'org_tblpnk', 'org_tblpnk', 's', 1, 1, 1, '1', '0', '0', 3352, '1', '1', '1', '1', '1', 'default', 1, '0', ''),
(20105, 'org_lampblk', 'org_lampblk', 's', 1, 1, 1.2, '1', '0', '0', 3353, '1', '1', '1', '1', '1', '', 2, '0', ''),
(20106, 'org_lamppnk', 'org_lamppnk', 's', 1, 1, 1.2, '1', '0', '0', 3348, '1', '1', '1', '1', '1', '', 2, '0', ''),
(20107, 'org_table', 'org_table', 's', 2, 2, 1, '1', '0', '0', 3356, '1', '1', '1', '1', '1', '', 2, '0', ''),
(20108, 'china_tiger', 'china_tiger', 's', 1, 1, 1, '1', '0', '0', 3344, '1', '1', '1', '1', '1', 'default', 1, '0', ''),
(20109, 'xm09_trophy name', 'xm09_trophy', 's', 1, 1, 1, '1', '0', '0', 3351, '1', '1', '1', '1', '1', 'default', 1, '0', ''),
(20110, 'china_plmTree name', 'china_plmTree', 's', 1, 1, 1, '1', '0', '0', 3355, '1', '1', '1', '1', '1', 'default', 2, '0', ''),
(20111, 'org_chairblk', 'org_chairblk', 's', 1, 1, 1.2, '1', '1', '0', 3349, '1', '1', '1', '1', '1', 'default', 0, '0', ''),
(20112, 'org_tblblk', 'org_tblblk', 's', 1, 1, 1, '1', '0', '0', 3347, '1', '1', '1', '1', '1', 'default', 1, '0', ''),
(20113, 'org_chrblk', 'org_chrblk', 's', 1, 1, 1.2, '1', '1', '0', 3345, '1', '1', '1', '1', '1', 'default', 0, '0', ''),
(20114, 'china_tigrSeat name', 'china_tigrSeat', 's', 1, 2, 1, '1', '0', '0', 3346, '1', '1', '1', '1', '1', 'default', 1, '0', ''),
(20115, 'org_chrpnk', 'org_chrpnk', 's', 1, 1, 1.2, '1', '1', '0', 3350, '1', '1', '1', '1', '1', 'default', 0, '0', ''),
(20116, 'ads_chups name', 'ads_chups', 's', 1, 1, 1, '1', '0', '0', 3367, '1', '1', '1', '1', '1', 'vendingmachine', 1, '48', ''),
(20117, 'bling_fridge', 'bling_fridge', 's', 1, 1, 1, '1', '0', '0', 3366, '1', '1', '1', '1', '1', 'vendingmachine', 0, '50', ''),
(20118, 'petfood12 name', 'petfood12', 's', 1, 1, 1, '1', '0', '0', 3370, '1', '1', '1', '1', '1', 'default', 1, '0', ''),
(20119, 'ads_droetker_paula name', 'ads_droetker_paula', 's', 1, 1, 1, '1', '0', '0', 3365, '1', '1', '1', '1', '1', 'vendingmachine', 1, '49', ''),
(20120, 'petfood11 name', 'petfood11', 's', 1, 1, 1, '1', '0', '0', 3358, '1', '1', '1', '1', '1', 'default', 1, '0', ''),
(20121, 'bling_chair_a', 'bling_chair_a', 's', 1, 1, 1, '1', '1', '0', 3368, '1', '1', '1', '1', '1', 'default', 2, '0', ''),
(20122, 'petfood13 name', 'petfood13', 's', 1, 1, 1, '1', '0', '0', 3359, '1', '1', '1', '1', '1', 'default', 1, '0', ''),
(20123, 'bling_pool', 'bling_pool', 's', 3, 1, 0.01, '1', '1', '0', 3369, '1', '1', '1', '1', '1', 'default', 2, '0', ''),
(20124, 'bling_toilet', 'bling_toilet', 's', 1, 1, 1.2, '1', '1', '0', 3362, '1', '1', '1', '1', '1', 'default', 0, '0', ''),
(20125, 'val09_floor', 'val09_floor', 's', 2, 2, 0, '1', '0', '1', 3363, '1', '1', '1', '1', '1', 'default', 6, '0', ''),
(20126, 'bling_chair_c', 'bling_chair_c', 's', 1, 1, 1, '1', '1', '0', 3361, '1', '1', '1', '1', '1', 'default', 2, '0', ''),
(20127, 'bling_chair_b', 'bling_chair_b', 's', 1, 1, 1, '1', '1', '0', 3360, '1', '1', '1', '1', '1', 'default', 2, '0', ''),
(20128, 'bling_shwr name', 'bling_shwr', 's', 1, 1, 0, '1', '0', '1', 3396, '1', '1', '1', '1', '1', 'default', 2, '0', ''),
(20129, 'bling_bed name', 'bling_bed', 's', 2, 3, 1.6, '1', '1', '0', 3364, '1', '1', '1', '1', '1', 'default', 2, '0', ''),
(20130, 'bling_sofa', 'bling_sofa', 's', 2, 1, 1.5, '1', '1', '0', 3371, '1', '1', '1', '1', '1', 'default', 2, '0', ''),
(20131, 'val09_floor2', 'val09_floor2', 's', 2, 2, 0, '1', '0', '1', 3357, '1', '1', '1', '1', '1', 'default', 6, '0', ''),
(20132, 'teddy_basic', 'teddy_basic', 's', 1, 1, 1, '1', '0', '0', 3393, '1', '1', '1', '1', '1', 'default', 1, '0', ''),
(20133, 'teddy_pendergrass', 'teddy_pendergrass', 's', 1, 1, 1, '1', '0', '0', 3384, '1', '1', '1', '1', '1', 'default', 1, '0', ''),
(20134, 'val_hSeat_1 name', 'val_hSeat*1', 's', 1, 1, 1, '1', '1', '0', 3386, '1', '1', '1', '1', '1', 'default', 1, '0', ''),
(20135, 'val_hSeat_2 name', 'val_hSeat*2', 's', 1, 1, 1, '1', '1', '0', 3387, '1', '1', '1', '1', '1', 'default', 1, '0', ''),
(20136, 'val_hSeat_3 name', 'val_hSeat*3', 's', 1, 1, 1, '1', '1', '0', 3388, '1', '1', '1', '1', '1', 'default', 1, '0', ''),
(20137, 'val_hSeat_4 name', 'val_hSeat*4', 's', 1, 1, 1, '1', '1', '0', 3389, '1', '1', '1', '1', '1', 'default', 1, '0', ''),
(20138, 'val_hSeat_5 name', 'val_hSeat*5', 's', 1, 1, 1, '1', '1', '0', 3390, '1', '1', '1', '1', '1', 'default', 1, '0', ''),
(20139, 'val_hSeat_6 name', 'val_hSeat*6', 's', 1, 1, 1, '1', '1', '0', 3391, '1', '1', '1', '1', '1', 'default', 1, '0', ''),
(20140, 'val_hSeat_7 name', 'val_hSeat*7', 's', 1, 1, 1, '1', '1', '0', 3392, '1', '1', '1', '1', '1', 'default', 1, '0', ''),
(20141, 'Valentines gift basket', 'val_basket', 's', 1, 1, 1, '1', '0', '0', 3382, '1', '1', '1', '1', '1', 'default', 2, '0', ''),
(20142, 'teddy_bear', 'teddy_bear', 's', 1, 1, 1, '1', '0', '0', 3385, '1', '1', '1', '1', '1', 'default', 1, '0', ''),
(20143, 'teddy_pink', 'teddy_pink', 's', 1, 1, 1, '1', '0', '0', 3383, '1', '1', '1', '1', '1', 'default', 1, '0', ''),
(20144, 'bling_fridge_restricted name', 'bling_fridge_restricted', 's', 1, 1, 1, '1', '0', '0', 3394, '1', '1', '1', '1', '1', 'vendingmachine', 0, '50', ''),
(20145, 'ads_percyrock name', 'ads_percyrock', 's', 2, 2, 1, '1', '0', '0', 3395, '1', '1', '1', '1', '1', 'default', 2, '0', ''),
(20146, 'Bubble Juice Can', 'md_can', 'i', 0, 0, 1, '1', '0', '0', 4025, '1', '1', '1', '1', '1', 'default', 2, '0', ''),
(20147, 'ads_idol_l_logo name', 'ads_idol_l_logo', 'i', 0, 0, 1, '1', '0', '0', 4243, '1', '1', '1', '1', '1', 'default', 3, '0', ''),
(20148, 'Latin American Idol TV', 'ads_idol_l_tv', 'i', 0, 0, 1, '1', '0', '0', 4245, '1', '1', '1', '1', '1', 'default', 1, '0', ''),
(20149, 'Big MTV', 'ads_mtv_bigtv', 'i', 0, 0, 1, '1', '0', '0', 4241, '1', '1', '1', '1', '1', 'default', 1, '0', ''),
(20150, 'Small MTV', 'ads_mtv_tv', 'i', 0, 0, 1, '1', '0', '0', 4242, '1', '1', '1', '1', '1', 'default', 1, '0', ''),
(20151, 'flag_singapore', 'flag_singapore', 'i', 0, 0, 1, '1', '0', '0', 4249, '1', '1', '1', '1', '1', 'default', 1, '0', ''),
(20152, 'Old Curtain', 'hween09_curt', 'i', 0, 0, 1, '1', '0', '0', 4266, '1', '1', '1', '1', '1', 'default', 2, '0', ''),
(20153, 'flag_columbia', 'flag_columbia', 'i', 0, 0, 1, '1', '0', '0', 4258, '1', '1', '1', '1', '1', 'default', 1, '0', ''),
(20154, 'flag_chile', 'flag_chile', 'i', 0, 0, 1, '1', '0', '0', 4256, '1', '1', '1', '1', '1', 'default', 1, '0', ''),
(20155, 'flag_ecuador', 'flag_ecuador', 'i', 0, 0, 1, '1', '0', '0', 4268, '1', '1', '1', '1', '1', 'default', 1, '0', ''),
(20156, 'flag_dominicanrepublic', 'flag_dominicanrepublic', 'i', 0, 0, 1, '1', '0', '0', 4265, '1', '1', '1', '1', '1', 'default', 1, '0', ''),
(20157, 'flag_newzealand', 'flag_newzealand', 'i', 0, 0, 1, '1', '0', '0', 4260, '1', '1', '1', '1', '1', 'default', 1, '0', ''),
(20158, 'flag_malaysia', 'flag_malaysia', 'i', 0, 0, 1, '1', '0', '0', 4252, '1', '1', '1', '1', '1', 'default', 1, '0', ''),
(20159, 'Loading Poster', 'byesw_loadscreen', 'i', 0, 0, 1, '1', '0', '0', 4267, '1', '1', '1', '1', '1', 'default', 3, '0', ''),
(20160, 'flag_venezl', 'flag_venezl', 'i', 0, 0, 1, '1', '0', '0', 4254, '1', '1', '1', '1', '1', 'default', 1, '0', ''),
(20161, 'flag_algeria', 'flag_algeria', 'i', 0, 0, 1, '1', '0', '0', 4270, '1', '1', '1', '1', '1', 'default', 1, '0', ''),
(20162, 'flag_tunisia', 'flag_tunisia', 'i', 0, 0, 1, '1', '0', '0', 4248, '1', '1', '1', '1', '1', 'default', 1, '0', ''),
(20163, 'flag_panama', 'flag_panama', 'i', 0, 0, 1, '1', '0', '0', 4262, '1', '1', '1', '1', '1', 'default', 1, '0', ''),
(20164, 'flag_mexico', 'flag_mexico', 'i', 0, 0, 1, '1', '0', '0', 4250, '1', '1', '1', '1', '1', 'default', 1, '0', ''),
(20165, 'flag_argentina', 'flag_argentina', 'i', 0, 0, 1, '1', '0', '0', 4261, '1', '1', '1', '1', '1', 'default', 1, '0', ''),
(20166, 'flag_philippines', 'flag_philippines', 'i', 0, 0, 1, '1', '0', '0', 4251, '1', '1', '1', '1', '1', 'default', 1, '0', ''),
(20167, 'flag_greece', 'flag_greece', 'i', 0, 0, 1, '1', '0', '0', 4253, '1', '1', '1', '1', '1', 'default', 1, '0', ''),
(20168, 'flag_peru', 'flag_peru', 'i', 0, 0, 1, '1', '0', '0', 4246, '1', '1', '1', '1', '1', 'default', 1, '0', ''),
(20169, 'flag_morocco', 'flag_morocco', 'i', 0, 0, 1, '1', '0', '0', 4264, '1', '1', '1', '1', '1', 'default', 1, '0', ''),
(20170, 'flag_turkey', 'flag_turkey', 'i', 0, 0, 1, '1', '0', '0', 4255, '1', '1', '1', '1', '1', 'default', 1, '0', ''),
(20171, 'Blue Long Bauble', 'xm09_bauble_12', 'i', 0, 0, 1, '1', '0', '0', 4304, '1', '1', '1', '1', '1', 'default', 1, '0', ''),
(20172, 'Purple Long Bauble', 'xm09_bauble_16', 'i', 0, 0, 1, '1', '0', '0', 4303, '1', '1', '1', '1', '1', 'default', 1, '0', ''),
(20173, 'Red Long Bauble', 'xm09_bauble_17', 'i', 0, 0, 1, '1', '0', '0', 4281, '1', '1', '1', '1', '1', 'default', 1, '0', ''),
(20174, 'Silver Long Bauble', 'xm09_bauble_15', 'i', 0, 0, 1, '1', '0', '0', 4301, '1', '1', '1', '1', '1', 'default', 1, '0', ''),
(20175, 'Silver Round Bauble', 'xm09_bauble_10', 'i', 0, 0, 1, '1', '0', '0', 4293, '1', '1', '1', '1', '1', 'default', 1, '0', ''),
(20176, 'Gold Round Bauble', 'xm09_bauble_9', 'i', 0, 0, 1, '1', '0', '0', 4294, '1', '1', '1', '1', '1', 'default', 1, '0', ''),
(20177, 'Green Long Bauble', 'xm09_bauble_18', 'i', 0, 0, 1, '1', '0', '0', 4298, '1', '1', '1', '1', '1', 'default', 1, '0', ''),
(20178, 'Green Long Bauble', 'xm09_bauble_13', 'i', 0, 0, 1, '1', '0', '0', 4299, '1', '1', '1', '1', '1', 'default', 1, '0', ''),
(20179, 'Blue Round Bauble', 'xm09_bauble_2', 'i', 0, 0, 1, '1', '0', '0', 4297, '1', '1', '1', '1', '1', 'default', 1, '0', ''),
(20180, 'Red Round Bauble', 'xm09_bauble_1', 'i', 0, 0, 1, '1', '0', '0', 4300, '1', '1', '1', '1', '1', 'default', 1, '0', ''),
(20181, 'Red Heart Bauble', 'xm09_bauble_22', 'i', 0, 0, 1, '1', '0', '0', 4302, '1', '1', '1', '1', '1', 'default', 1, '0', ''),
(20182, 'Green Round Bauble', 'xm09_bauble_3', 'i', 0, 0, 1, '1', '0', '0', 4285, '1', '1', '1', '1', '1', 'default', 1, '0', ''),
(20183, 'Silver Long Bauble', 'xm09_bauble_21', 'i', 0, 0, 1, '1', '0', '0', 4305, '1', '1', '1', '1', '1', 'default', 1, '0', ''),
(20184, 'Green Round Bauble', 'xm09_bauble_8', 'i', 0, 0, 1, '1', '0', '0', 4295, '1', '1', '1', '1', '1', 'default', 1, '0', ''),
(20185, 'Gold Round Bauble', 'xm09_bauble_4', 'i', 0, 0, 1, '1', '0', '0', 4282, '1', '1', '1', '1', '1', 'default', 1, '0', ''),
(20186, 'Silver Round Bauble', 'xm09_bauble_5', 'i', 0, 0, 1, '1', '0', '0', 4288, '1', '1', '1', '1', '1', 'default', 1, '0', ''),
(20187, 'Red Long Bauble', 'xm09_bauble_11', 'i', 0, 0, 1, '1', '0', '0', 4289, '1', '1', '1', '1', '1', 'default', 1, '0', ''),
(20188, 'Gold Long Bauble', 'xm09_bauble_20', 'i', 0, 0, 1, '1', '0', '0', 4296, '1', '1', '1', '1', '1', 'default', 1, '0', ''),
(20190, 'val_table1 name', 'val_table1', 's', 1, 1, 1, '1', '0', '0', 3397, '1', '1', '1', '1', '1', 'default', 0, '0', ''),
(20191, 'Gold Long Bauble', 'xm09_bauble_14', 'i', 0, 0, 1, '1', '0', '0', 4290, '1', '1', '1', '1', '1', 'default', 1, '0', ''),
(20192, 'Blue Round Bauble', 'xm09_bauble_7', 'i', 0, 0, 1, '1', '0', '0', 4291, '1', '1', '1', '1', '1', 'default', 1, '0', ''),
(20193, 'Red Round Bauble', 'xm09_bauble_6', 'i', 0, 0, 1, '1', '0', '0', 4284, '1', '1', '1', '1', '1', 'default', 1, '0', '');
INSERT INTO `furniture` (`id`, `public_name`, `item_name`, `type`, `width`, `length`, `stack_height`, `can_stack`, `can_sit`, `is_walkable`, `sprite_id`, `allow_recycle`, `allow_trade`, `allow_marketplace_sell`, `allow_gift`, `allow_inventory_stack`, `interaction_type`, `interaction_modes_count`, `vending_ids`, `foot_figure`) VALUES
(20194, 'Blue Long Bauble', 'xm09_bauble_19', 'i', 0, 0, 1, '1', '0', '0', 4283, '1', '1', '1', '1', '1', 'default', 1, '0', ''),
(20195, 'china_pstr3 name', 'china_pstr3', 'i', 0, 0, 1, '1', '0', '0', 4314, '1', '1', '1', '1', '1', 'default', 1, '0', ''),
(20196, 'ads_tv_jaapuisto name', 'ads_tv_jaapuisto', 'i', 0, 0, 1, '1', '0', '0', 4315, '1', '1', '1', '1', '1', 'default', 2, '0', ''),
(20197, 'Empire State Building Clock', 'ads_percyw', 'i', 0, 0, 1, '1', '0', '0', 4322, '1', '1', '1', '1', '1', 'default', 1, '0', ''),
(20198, 'val09_wdrobe_b', 'val09_wdrobe_b', 'i', 0, 0, 1, '1', '0', '0', 4320, '1', '1', '1', '1', '1', 'default', 2, '0', ''),
(20199, 'val09_wall2', 'val09_wall2', 'i', 0, 0, 1, '1', '0', '0', 4316, '1', '1', '1', '1', '1', 'default', 5, '0', ''),
(20200, 'bling_sink', 'bling_sink', 'i', 0, 0, 1, '1', '0', '0', 4319, '1', '1', '1', '1', '1', 'default', 2, '0', ''),
(20201, 'val09_wall1', 'val09_wall1', 'i', 0, 0, 1, '1', '0', '0', 4318, '1', '1', '1', '1', '1', 'default', 10, '0', ''),
(20202, 'bling_cabinet', 'bling_cabinet', 'i', 0, 0, 1, '1', '0', '0', 4321, '1', '1', '1', '1', '1', 'default', 3, '0', ''),
(20204, 'val09_wdrobe_g', 'val09_wdrobe_g', 'i', 0, 0, 1, '1', '0', '0', 4317, '1', '1', '1', '1', '1', 'default', 2, '0', ''),
(20207, 'rare_ironmaiden name', 'rare_ironmaiden', 's', 1, 1, 0.001, '1', '0', '0', 3399, '1', '1', '0', '1', '1', 'teleport', 2, '0', ''),
(20208, 'rare_trex name', 'rare_trex', 's', 3, 7, 1, '1', '0', '0', 3398, '1', '1', '1', '1', '1', 'default', 1, '0', ''),
(20209, 'beanstalk', 'beanstalk', 's', 1, 1, 1, '1', '0', '0', 3401, '1', '1', '1', '1', '1', 'default', 6, '0', ''),
(20210, 'rare_vdoll name', 'rare_vdoll', 's', 1, 1, 1, '1', '0', '0', 3403, '1', '1', '1', '1', '1', '', 10, '0', ''),
(20211, 'Sofa Mamut', 'Sofa Mamut', 's', 2, 1, 1, '1', '1', '0', 3402, '1', '1', '1', '1', '1', 'default', 0, '0', ''),
(20212, 'crystal_patch', 'crystal_patch', 's', 3, 3, 0, '1', '0', '1', 3400, '1', '1', '1', '1', '1', 'default', 3, '0', ''),
(20213, 'ads_boost_surfb name', 'ads_boost_surfb', 'i', 0, 0, 1, '1', '0', '0', 4323, '1', '1', '1', '1', '1', '', 0, '0', ''),
(20214, 'ads_tlc_wheel name', 'ads_tlc_wheel', 'i', 0, 0, 1, '1', '0', '0', 4324, '1', '1', '1', '1', '1', 'habbowheel', 1, '0', ''),
(20220, 'Piglet', 'a0 pet5', 's', 1, 1, 1, '1', '0', '0', 1532, '0', '0', '0', '0', '0', 'pet', 0, '0', ''),
(20221, 'White moon lupine', 'garden_lupin4', 's', 1, 1, 1e-09, '1', '0', '0', 3419, '1', '1', '1', '1', '1', 'default', 3, '0', ''),
(20222, 'Gold rush', 'garden_mursu3', 's', 1, 1, 1, '1', '0', '0', 3408, '1', '1', '1', '1', '1', 'default', 0, '0', ''),
(20223, 'Purple Lupine', 'garden_lupin5', 's', 1, 1, 1, '1', '0', '0', 3411, '1', '1', '1', '1', '1', 'default', 3, '0', ''),
(20224, 'Violet Blossom', 'garden_seed', 's', 1, 1, 1, '1', '0', '0', 3406, '1', '1', '1', '1', '1', 'default', 1, '0', ''),
(20225, 'Snapping teleporter', 'garden_flytrap', 's', 1, 1, 0.001, '1', '0', '0', 3420, '1', '1', '1', '1', '1', 'teleport', 1, '0', ''),
(20226, 'Pink pandemic', 'garden_flo3', 's', 1, 1, 1e-15, '1', '0', '1', 3426, '1', '1', '1', '1', '1', 'default', 1, '0', ''),
(20227, 'Belching pod', 'garden_volcano', 's', 2, 2, 1, '1', '0', '0', 3424, '1', '1', '1', '1', '1', 'alert', 2, '0', ''),
(20228, 'Wonder lamp', 'garden_flolamp', 's', 1, 1, 1, '1', '0', '0', 3415, '1', '1', '1', '1', '1', 'default', 2, '0', ''),
(20229, 'Red rush', 'garden_mursu2', 's', 1, 1, 1, '1', '0', '0', 3412, '1', '1', '1', '1', '1', 'default', 1, '0', ''),
(20230, 'Star flower', 'garden_jyrki', 's', 1, 1, 1, '1', '0', '0', 3405, '1', '1', '1', '1', '1', 'default', 8, '0', ''),
(20231, 'White rush', 'garden_mursu4', 's', 1, 1, 1, '1', '0', '0', 3414, '1', '1', '1', '1', '1', 'default', 1, '0', ''),
(20232, 'Garden leaves', 'garden_leaves', 's', 1, 1, 1, '1', '0', '0', 3425, '1', '1', '1', '1', '1', 'default', 3, '0', ''),
(20233, 'Sky blue lupine', 'garden_lupin2', 's', 1, 1, 1, '1', '0', '0', 3416, '1', '1', '1', '1', '1', 'default', 3, '0', ''),
(20234, 'Red lupine', 'garden_lupin3', 's', 1, 1, 1, '1', '0', '0', 3407, '1', '1', '1', '1', '1', 'default', 3, '0', ''),
(20235, 'Pink rush', 'garden_mursu', 's', 1, 1, 1, '1', '0', '0', 3404, '1', '1', '1', '1', '1', 'default', 1, '0', ''),
(20238, 'Bauhinia orchid tree', 'garden_orchtree', 's', 1, 1, 1, '1', '0', '0', 3413, '1', '1', '1', '1', '1', 'default', 2, '0', ''),
(20237, 'Yellow happiness', 'garden_flo2', 's', 1, 1, 0, '1', '0', '1', 3409, '1', '1', '1', '1', '1', 'default', 1, '0', ''),
(20239, 'Orange lupine', 'garden_lupin1', 's', 1, 1, 1, '1', '0', '0', 3421, '1', '1', '1', '1', '1', 'default', 3, '0', ''),
(20240, 'Weird staring bush', 'garden_staringbush', 's', 1, 3, 1, '1', '0', '0', 3417, '1', '1', '1', '1', '1', 'default', 3, '0', ''),
(20241, 'ads_grefusa_yum name', 'ads_grefusa_yum', 's', 1, 1, 1, '1', '0', '0', 3423, '1', '1', '1', '1', '1', 'vendingmachine', 1, '51, 52', ''),
(20242, 'Blue passion', 'garden_flo1', 's', 1, 1, 1e-08, '1', '0', '1', 3418, '1', '1', '1', '1', '1', 'default', 1, '0', ''),
(20243, 'Duck grass', 'garden_jungle', 's', 1, 1, 1, '1', '0', '0', 3422, '1', '1', '1', '1', '1', '', 1, '0', ''),
(20244, 'merger_chest name', 'merger_chest', 's', 2, 1, 1, '1', '0', '0', 3455, '1', '1', '1', '1', '1', 'default', 2, '0', ''),
(20245, 'Suave Fireplace', 'hc2_frplc', 's', 1, 2, 1, '1', '0', '0', 3458, '1', '1', '1', '1', '1', 'default', 2, '0', ''),
(20246, 'Leather Bar Stool', 'hc2_barchair', 's', 1, 1, 1.7, '1', '1', '0', 3439, '1', '1', '1', '1', '1', 'default', 1, '0', ''),
(20247, 'runway_display name', 'runway_display', 's', 1, 1, 1, '1', '0', '0', 3457, '1', '1', '1', '1', '1', 'default', 1, '0', ''),
(20248, 'runway_bigchr_5 name', 'runway_bigchr_5', 's', 1, 1, 0.8, '1', '0', '0', 3463, '1', '1', '1', '1', '1', 'default', 1, '0', ''),
(20249, 'runway_bigchr_4 name', 'runway_bigchr_4', 's', 1, 1, 0.8, '1', '0', '0', 3435, '1', '1', '1', '1', '1', 'default', 1, '0', ''),
(20250, 'VIP Duvan', 'hc3_dc', 's', 1, 3, 1, '1', '0', '0', 3461, '1', '1', '1', '1', '1', 'bed', 1, '0', ''),
(20252, 'Glass Table', 'hc2_sofatbl', 's', 2, 2, 0.5, '1', '0', '0', 3434, '1', '1', '1', '1', '1', 'default', 1, '0', ''),
(20253, 'runway_stool name', 'runway_stool', 's', 1, 1, 1.2, '1', '1', '0', 3442, '1', '1', '1', '1', '1', 'default', 1, '0', ''),
(20254, 'runway_dvdr name', 'runway_dvdr', 's', 2, 1, 1, '1', '0', '0', 3456, '1', '1', '1', '1', '1', 'default', 1, '0', ''),
(20255, 'runway_block_2 name', 'runway_block_2', 's', 2, 2, 0.8, '1', '0', '1', 3443, '1', '1', '1', '1', '1', 'default', 10, '0', ''),
(20256, 'runway_bigchr_1 name', 'runway_bigchr_1', 's', 1, 1, 0.8, '1', '1', '0', 3462, '1', '1', '1', '1', '1', 'default', 1, '0', ''),
(20257, 'Black Lamp', 'hc2_biglamp', 's', 1, 1, 1, '1', '0', '0', 3446, '1', '1', '1', '1', '1', 'default', 2, '0', ''),
(20258, 'Leather Sofa', 'hc2_sofa', 's', 2, 1, 1, '1', '1', '0', 3452, '1', '1', '1', '1', '1', 'default', 1, '0', ''),
(20259, 'Trendy Rug', 'hc2_carpet', 's', 3, 5, 0, '1', '0', '1', 3440, '1', '1', '1', '1', '1', 'default', 1, '0', ''),
(20260, 'runway_block_1 name', 'runway_block_1', 's', 2, 2, 0.8, '1', '0', '1', 3433, '1', '1', '1', '1', '1', 'default', 10, '0', ''),
(20261, 'runway_bench name', 'runway_bench', 's', 2, 1, 1.4, '1', '1', '0', 3464, '1', '1', '1', '1', '1', 'default', 1, '0', ''),
(20262, 'runway_chair_2 name', 'runway_chair_2', 's', 1, 1, 1.4, '1', '1', '0', 3429, '1', '1', '1', '1', '1', 'default', 1, '0', ''),
(20263, 'ads_cheetos name', 'ads_cheetos', 's', 1, 1, 1, '1', '0', '0', 3453, '1', '1', '1', '1', '1', 'vendingmachine', 1, '51, 52', ''),
(20264, 'VIP Coffee Table', 'hc3_table', 's', 2, 2, 0.5, '1', '0', '0', 3466, '1', '1', '1', '1', '1', 'default', 1, '0', ''),
(20265, 'runway_bigchr_3 name', 'runway_bigchr_3', 's', 1, 1, 0.8, '1', '0', '0', 3454, '1', '1', '1', '1', '1', 'default', 1, '0', ''),
(20266, 'VIP Stool', 'hc3_stool', 's', 1, 1, 1.7, '1', '1', '0', 3448, '1', '1', '1', '1', '1', 'default', 1, '0', ''),
(20267, 'VIP Sofa', 'hc3_sofa', 's', 2, 1, 1, '1', '1', '0', 3441, '1', '1', '1', '1', '1', 'default', 1, '0', ''),
(20268, 'runway_bigchr_2 name', 'runway_bigchr_2', 's', 1, 1, 0.8, '1', '0', '0', 3427, '1', '1', '1', '1', '1', 'default', 1, '0', ''),
(20269, 'Leather Armchair', 'hc2_armchair', 's', 1, 1, 1, '1', '1', '0', 3436, '1', '1', '1', '1', '1', 'default', 1, '0', ''),
(20270, 'runway_table_2 name', 'runway_table_2', 's', 2, 1, 1, '1', '0', '0', 3444, '1', '1', '1', '1', '1', 'default', 1, '0', ''),
(20271, 'runway_table_1 name', 'runway_table_1', 's', 3, 2, 1, '1', '0', '0', 3460, '1', '1', '1', '1', '1', 'default', 3, '0', ''),
(20272, 'runway_manqn_1 name', 'runway_manqn_1', 's', 1, 1, 1, '1', '0', '0', 3437, '1', '1', '1', '1', '1', 'default', 5, '0', ''),
(20273, 'Leather Duvan', 'hc2_dvn', 's', 1, 3, 1, '1', '0', '0', 3459, '1', '1', '1', '1', '1', 'bed', 1, '0', ''),
(20274, 'VIP Light', 'hc3_light', 's', 2, 1, 0, '1', '0', '1', 3465, '1', '1', '1', '1', '1', 'default', 2, '0', ''),
(20275, 'VIP Shelves', 'hc3_shelf', 's', 3, 1, 1.75, '1', '0', '0', 3438, '1', '1', '1', '1', '1', 'default', 2, '0', ''),
(20276, 'runway_head name', 'runway_head', 's', 1, 1, 1, '1', '0', '0', 3432, '1', '1', '1', '1', '1', 'default', 7, '0', ''),
(20277, 'runway_manqn_2 name', 'runway_manqn_2', 's', 1, 1, 1, '1', '0', '0', 3467, '1', '1', '1', '1', '1', 'default', 5, '0', ''),
(20278, 'Black Divider', 'hc2_divider', 's', 1, 3, 1, '1', '0', '0', 3449, '1', '1', '1', '1', '1', 'default', 1, '0', ''),
(20279, 'Espresso Machine', 'hc2_coffee', 's', 1, 1, 1, '1', '0', '0', 3450, '1', '1', '1', '1', '1', 'vendingmachine', 0, '9,8,14,15,6,10,11,12,17,13', ''),
(20280, 'Service Trolley', 'hc2_cart', 's', 1, 1, 1, '1', '0', '0', 3430, '1', '1', '1', '1', '1', 'default', 1, '0', ''),
(20281, 'VIP Bar Desk', 'hc3_bard', 's', 2, 1, 1.05, '1', '0', '0', 3445, '1', '1', '1', '1', '1', 'default', 1, '0', ''),
(20282, 'VIP Lamp', 'hc3_hugelamp', 's', 1, 1, 0, '1', '0', '1', 3447, '1', '1', '1', '1', '1', 'default', 2, '0', ''),
(20283, 'VIP Divider', 'hc3_divider', 's', 1, 3, 1, '1', '0', '0', 3431, '1', '1', '1', '1', '1', 'default', 1, '0', ''),
(20284, 'Black Vase', 'hc2_vase', 's', 1, 1, 1, '1', '0', '0', 3428, '1', '1', '1', '1', '1', 'default', 1, '0', ''),
(20285, 'runway_chair_1 name', 'runway_chair_1', 's', 1, 1, 1.4, '1', '1', '0', 3451, '1', '1', '1', '1', '1', 'default', 1, '0', ''),
(20286, 'Green been vines', 'garden_wall', 'i', 0, 0, 1, '1', '0', '0', 4325, '1', '1', '1', '1', '1', 'default', 3, '0', ''),
(20287, 'ads_tv_yle name', 'ads_tv_yle', 'i', 0, 0, 1, '1', '0', '0', 4326, '1', '1', '1', '1', '1', 'default', 2, '0', ''),
(20288, 'VIP Wall Art', 'hc3_walldeco', 'i', 0, 0, 1, '1', '0', '0', 4329, '1', '1', '1', '1', '1', 'default', 10, '0', ''),
(20289, 'runway_shelf name', 'runway_shelf', 'i', 0, 0, 1, '1', '0', '0', 4327, '1', '1', '1', '1', '1', 'default', 4, '0', ''),
(20290, 'ads_nokia_x6 name', 'ads_nokia_x6', 'i', 0, 0, 1, '1', '0', '0', 4330, '1', '1', '1', '1', '1', 'default', 2, '0', ''),
(20291, 'ads_target_wall name', 'ads_target_wall', 'i', 0, 0, 1, '1', '0', '0', 4332, '1', '1', '1', '1', '1', 'default', 1, '0', ''),
(20292, 'runway_fabric name', 'runway_fabric', 'i', 0, 0, 1, '1', '0', '0', 4331, '1', '1', '1', '1', '1', 'default', 8, '0', ''),
(20293, 'ads_latrobe_flag name', 'ads_latrobe_flag', 'i', 0, 0, 1, '1', '0', '0', 4328, '1', '1', '1', '1', '1', '', 1, '0', ''),
(20295, 'Camera', 'camera', 's', 1, 1, 1, '1', '0', '0', 263, '1', '1', '1', '1', '1', '', 1, '0', ''),
(20296, 'Holly', 'holly', 'i', 0, 0, 0, '1', '0', '0', 4001, '1', '1', '1', '1', '1', 'default', 1, '0', ''),
(20299, 'Wetting Ice Sculpture', 'wed_icesculp', 's', 1, 1, 3, '1', '0', '0', 3488, '1', '1', '1', '1', '1', 'default', 2, '0', ''),
(20300, 'Wedding Car', 'wed_carsofa', 's', 2, 1, 1.25, '1', '1', '0', 3493, '1', '1', '1', '1', '1', 'default', 1, '0', ''),
(20297, 'Wedding Arch', 'wed_arch', 's', 3, 1, 0.001, '1', '0', '1', 3483, '1', '1', '1', '1', '1', 'default', 2, '0', ''),
(20298, 'Wedding Plant', 'wed_plant', 's', 1, 1, 1, '1', '0', '0', 3482, '1', '1', '1', '1', '1', 'default', 2, '0', ''),
(20301, 'Terrier', 'a0 pet3', 's', 1, 1, 1, '1', '0', '0', 4026, '0', '0', '0', '0', '0', 'pet', 0, '0', ''),
(20303, 'Bear', 'a0 pet4', 's', 1, 1, 1, '1', '0', '0', 4027, '0', '0', '0', '0', '0', 'pet', 0, '0', ''),
(20304, 'Cats', 'a0 pet1', 's', 1, 1, 1, '1', '0', '0', 453, '0', '0', '0', '0', '0', 'pet', 0, '0', ''),
(20305, 'Dogs', 'a0 pet0', 's', 1, 1, 1, '1', '0', '0', 452, '0', '0', '0', '0', '0', 'pet', 0, '0', ''),
(20306, 'Crocodiles', 'a0 pet2', 's', 1, 1, 1, '1', '0', '0', 1290, '0', '0', '0', '0', '0', 'pet', 0, '0', ''),
(20392, 'Cereal', 'ads_chocapic', 's', 2, 1, 1, '1', '0', '0', 3486, '1', '1', '1', '1', '1', 'default', 1, '0', ''),
(20393, 'TV Chocapic', 'ads_tv_chocapic_01', 'i', 0, 0, 0, '1', '0', '0', 4335, '1', '1', '1', '1', '1', 'default', 1, '0', ''),
(20394, 'Poster Super Pop', 'ads_super_pop', 'i', 0, 0, 0, '1', '0', '0', 4333, '1', '1', '1', '1', '1', 'default', 1, '0', ''),
(20395, 'Caja Fiesta', 'party_crate1_1', 's', 0, 1, 1, '1', '0', '0', 3487, '1', '1', '1', '1', '1', 'default', 1, '0', ''),
(20396, 'Caja Fiesta', 'party_crate1_2', 's', 0, 1, 1, '1', '0', '0', 3489, '1', '1', '1', '1', '1', 'default', 1, '0', ''),
(20397, 'Caja Fiesta', 'party_crate1_3', 's', 0, 1, 1, '1', '0', '0', 3481, '1', '1', '1', '1', '1', 'default', 1, '0', ''),
(20398, 'Caja Fiesta', 'party_crate1_4', 's', 0, 1, 1, '1', '0', '0', 3485, '1', '1', '1', '1', '1', 'default', 1, '0', ''),
(20399, 'Caja Fiesta', 'party_crate2_1', 's', 0, 1, 1, '1', '0', '0', 3480, '1', '1', '1', '1', '1', 'default', 1, '0', ''),
(20400, 'Caja Fiesta', 'party_crate2_2', 's', 0, 1, 1, '1', '0', '0', 3490, '1', '1', '1', '1', '1', 'default', 1, '0', ''),
(20401, 'Caja Fiesta', 'party_crate2_3', 's', 0, 1, 1, '1', '0', '0', 3491, '1', '1', '1', '1', '1', 'default', 1, '0', ''),
(20402, 'Caja Fiesta', 'party_crate2_4', 's', 0, 1, 1, '1', '0', '0', 3492, '1', '1', '1', '1', '1', 'default', 1, '0', ''),
(20403, 'Stereo Fiesta', 'party_djset', 's', 2, 1, 3, '1', '0', '0', 3484, '1', '1', '1', '1', '1', 'default', 1, '0', ''),
(20354, 'fball_score_y', 'fball_score_y', 's', 1, 1, 1, '1', '0', '0', 3506, '1', '1', '1', '1', '1', 'scoreboard', 1, '0', ''),
(20353, 'fball_score_r', 'fball_score_r', 's', 1, 1, 1, '1', '0', '0', 3522, '1', '1', '1', '1', '1', 'scoreboard', 1, '0', ''),
(20352, 'fball_score_g', 'fball_score_g', 's', 1, 1, 1, '1', '0', '0', 3512, '1', '1', '1', '1', '1', 'scoreboard', 1, '0', ''),
(20351, 'fball_score_b', 'fball_score_b', 's', 1, 1, 1, '1', '0', '0', 3496, '1', '1', '1', '1', '1', 'scoreboard', 1, '0', ''),
(20350, 'fball_ptch8 name', 'fball_ptch8', 's', 3, 3, 0, '1', '0', '0', 3502, '1', '1', '1', '1', '1', 'default', 1, '0', ''),
(20349, 'fball_ptch7 name', 'fball_ptch7', 's', 3, 3, 0, '1', '0', '0', 3509, '1', '1', '1', '1', '1', 'default', 1, '0', ''),
(20348, 'fball_ptch6 name', 'fball_ptch6', 's', 3, 3, 0, '1', '0', '0', 3517, '1', '1', '1', '1', '1', 'default', 1, '0', ''),
(20347, 'fball_ptch5 name', 'fball_ptch5', 's', 3, 3, 0, '1', '0', '0', 3498, '1', '1', '1', '1', '1', 'default', 1, '0', ''),
(20346, 'fball_ptch4 name', 'fball_ptch4', 's', 3, 3, 0, '1', '0', '0', 3504, '1', '1', '1', '1', '1', 'default', 1, '0', ''),
(20345, 'fball_ptch3 name', 'fball_ptch3', 's', 3, 3, 0, '1', '0', '0', 3513, '1', '1', '1', '1', '1', 'default', 1, '0', ''),
(20344, 'fball_ptch2 name', 'fball_ptch2', 's', 3, 3, 0, '1', '0', '0', 3511, '1', '1', '1', '1', '1', 'default', 1, '0', ''),
(20343, 'fball_ptch1', 'fball_ptch1', 's', 3, 3, 0, '1', '0', '0', 3524, '1', '1', '1', '1', '1', 'default', 1, '0', ''),
(20342, 'fball_ptch0', 'fball_ptch0', 's', 3, 3, 0, '1', '0', '0', 3520, '1', '1', '1', '1', '1', 'default', 1, '0', ''),
(20341, 'fball_counter name', 'fball_counter', 's', 2, 1, 1, '1', '0', '0', 3525, '1', '1', '1', '1', '1', 'scoreboard', 2, '0', ''),
(20340, 'fball_gate name', 'fball_gate', 's', 1, 0, 1, '1', '0', '0', 3516, '1', '1', '1', '1', '1', 'onewaygate', 1, '0', ''),
(20339, 'fball_light name', 'fball_light', 's', 1, 0, 1, '1', '0', '0', 3499, '1', '1', '1', '1', '1', 'default', 2, '0', ''),
(20338, 'fball_goal_y name', 'fball_goal_y', 's', 3, 0, 1, '1', '0', '0', 3523, '1', '1', '1', '1', '1', 'default', 1, '0', ''),
(20337, 'fball_goal_r name', 'fball_goal_r', 's', 3, 0, 1, '1', '0', '0', 3514, '1', '1', '1', '1', '1', 'default', 1, '0', ''),
(20336, 'fball_goal_g', 'fball_goal_g', 's', 3, 0, 1, '1', '0', '0', 3519, '1', '1', '1', '1', '1', 'default', 1, '0', ''),
(20335, 'fball_goal_b name', 'fball_goal_b', 's', 3, 0, 1, '1', '0', '0', 3515, '1', '1', '1', '1', '1', 'default', 1, '0', ''),
(20334, 'fball_fnc3 name', 'fball_fnc3', 's', 1, 3, 1, '1', '0', '0', 3495, '1', '1', '1', '1', '1', 'default', 1, '0', ''),
(20333, 'fball_fnc1 name', 'fball_fnc1', 's', 1, 0, 1, '1', '0', '0', 3501, '1', '1', '1', '1', '1', 'default', 1, '0', ''),
(20332, 'fball_crnr name', 'fball_crnr', 's', 1, 0, 1, '1', '0', '0', 3503, '1', '1', '1', '1', '1', 'default', 1, '0', ''),
(20331, 'fball_cote name', 'fball_cote', 's', 3, 1, 1, '1', '0', '0', 3507, '1', '1', '1', '1', '1', 'default', 1, '0', ''),
(20330, 'fball_bench name', 'fball_bench', 's', 3, 0, 1, '1', '1', '0', 3494, '1', '1', '1', '1', '1', 'default', 1, '0', ''),
(20329, 'fball_ball5 name', 'fball_ball5', 's', 1, 0, 1, '1', '0', '0', 3518, '1', '1', '1', '1', '1', '', 1, '0', ''),
(20328, 'fball_ball4 name', 'fball_ball4', 's', 1, 0, 1, '1', '0', '0', 3521, '1', '1', '1', '1', '1', '', 1, '0', ''),
(20327, 'fball_ball3 name', 'fball_ball3', 's', 1, 0, 1, '1', '0', '0', 3497, '1', '1', '1', '1', '1', '', 1, '0', ''),
(20326, 'fball_ball2 name', 'fball_ball2', 's', 1, 0, 1, '1', '0', '0', 3510, '1', '1', '1', '1', '1', '', 1, '0', ''),
(20325, 'fball_ball name', 'fball_ball', 's', 1, 0, 1, '1', '0', '0', 3508, '1', '1', '1', '1', '1', '', 2, '0', ''),
(20324, 'fball_audbench name', 'fball_audbench', 's', 4, 1, 1, '1', '1', '0', 3500, '1', '1', '1', '1', '1', 'default', 3, '0', ''),
(20323, 'fball_trophy name', 'fball_trophy', 's', 1, 1, 1, '1', '0', '0', 3505, '1', '1', '1', '1', '1', 'trophy', 1, '0', ''),
(20428, 'Pac-Sun', 'ads_capri_arcade', 's', 2, 1, 1, '1', '0', '0', 3553, '1', '1', '1', '1', '1', 'default', 1, '0', ''),
(20427, 'Arbolito Sun', 'ads_capri_tree', 's', 2, 1, 1, '1', '0', '0', 3546, '1', '1', '1', '1', '1', 'default', 1, '0', ''),
(20426, 'Tubo De Lava Capri', 'ads_capri_lava', 's', 0, 1, 1, '1', '0', '0', 3536, '1', '1', '1', '1', '1', 'default', 1, '0', ''),
(20425, 'Silla CapriSun', 'ads_capri_chair', 's', 0, 1, 1, '1', '1', '0', 3535, '1', '1', '1', '1', '1', 'default', 1, '0', ''),
(20404, 'Efecto Lido', 'avatar_effect29', 'e', 1, 1, 1, '1', '0', '0', 29, '1', '1', '1', '1', '1', 'default', 1, '0', ''),
(20415, 'Vikingo', 'avatar_effect27', 'e', 1, 1, 1, '1', '0', '0', 27, '1', '1', '1', '1', '1', 'default', 1, '0', ''),
(20317, 'cmp_fish_s name', 'cmp_fish_s', 's', 1, 2, 1, '1', '0', '0', 3468, '1', '1', '1', '1', '1', 'default', 2, '0', ''),
(20316, 'cmp_fish_r name', 'cmp_fish_r', 's', 1, 2, 1, '1', '0', '0', 3477, '1', '1', '1', '1', '1', 'default', 2, '0', ''),
(20315, 'cmp_fish_gr name', 'cmp_fish_gr', 's', 1, 2, 1, '1', '0', '0', 3474, '1', '1', '1', '1', '1', 'default', 2, '0', ''),
(20314, 'cmp_fish_g name', 'cmp_fish_g', 's', 1, 2, 1, '1', '0', '0', 3475, '1', '1', '1', '1', '1', 'default', 2, '0', ''),
(20313, 'cmp_fish_bk name', 'cmp_fish_bk', 's', 1, 2, 1, '1', '0', '0', 3469, '1', '1', '1', '1', '1', 'default', 2, '0', ''),
(20917, 'cmp_fish_s name', 'cmp_fish_s', 's', 1, 2, 1, '1', '0', '0', 3468, '1', '1', '1', '1', '1', 'default', 2, '0', ''),
(21217, 'cmp_fish_s name', 'cmp_fish_s', 's', 1, 2, 1, '1', '0', '0', 3468, '1', '1', '1', '1', '1', 'default', 2, '0', ''),
(21216, 'cmp_fish_r name', 'cmp_fish_r', 's', 1, 2, 1, '1', '0', '0', 3477, '1', '1', '1', '1', '1', 'default', 2, '0', ''),
(21215, 'cmp_fish_gr name', 'cmp_fish_gr', 's', 1, 2, 1, '1', '0', '0', 3474, '1', '1', '1', '1', '1', 'default', 2, '0', ''),
(21214, 'cmp_fish_g name', 'cmp_fish_g', 's', 1, 2, 1, '1', '0', '0', 3475, '1', '1', '1', '1', '1', 'default', 2, '0', ''),
(21213, 'cmp_fish_bk name', 'cmp_fish_bk', 's', 1, 2, 1, '1', '0', '0', 3469, '1', '1', '1', '1', '1', 'default', 2, '0', ''),
(21298, 'cmp_fish_b name', 'cmp_fish_b', 's', 1, 2, 1, '1', '0', '0', 3472, '1', '1', '1', '1', '1', 'default', 2, '0', ''),
(95376, 'bw_fnc_p', 'bw_fnc_p', 's', 2, 1, 1, '1', '0', '0', 3569, '1', '1', '1', '1', '1', 'default', 2, '0', ''),
(59939, 'Mandibula', 'bw_jaws', 'i', 0, 0, 0, '1', '0', '0', 4336, '1', '1', '1', '1', '1', 'default', 1, '0', ''),
(59919, 'Mandibula', 'bw_jaws', 'i', 0, 0, 0, '1', '0', '0', 3602, '1', '1', '1', '1', '1', 'default', 1, '0', ''),
(25372, 'bw_fnc', 'bw_fnc', 's', 2, 1, 1, '1', '0', '0', 3552, '1', '1', '1', '1', '1', 'default', 2, '0', ''),
(25371, 'bw_fnc_crnr', 'bw_fnc crnr', 's', 1, 2, 1, '1', '0', '0', 3551, '1', '1', '1', '1', '1', 'default', 2, '0', ''),
(25369, 'bw_van', 'bw_van', 's', 2, 2, 1, '1', '1', '0', 3549, '1', '1', '1', '1', '1', 'default', 1, '0', ''),
(25368, 'bw_mttrss', 'bw_mttrss', 's', 1, 3, 0.8, '1', '1', '0', 3548, '1', '1', '1', '1', '1', 'default', 2, '0', ''),
(25367, 'bw_ball', 'bw_ball', 's', 1, 1, 1, '1', '0', '0', 3547, '1', '1', '1', '1', '1', 'default', 1, '0', ''),
(25366, 'bw_table', 'bw_table', 's', 2, 2, 1, '1', '0', '0', 3545, '1', '1', '1', '1', '1', 'default', 2, '0', ''),
(25365, 'bw_chair', 'bw_chair', 's', 1, 1, 0.8, '1', '1', '0', 3544, '1', '1', '1', '1', '1', 'default', 4, '0', ''),
(25364, 'bw_sboard', 'bw_sboard', 's', 2, 1, 0, '1', '0', '0', 3543, '1', '1', '1', '1', '1', 'default', 1, '0', ''),
(25363, 'bw_croc', 'bw_croc', 's', 1, 3, 1, '1', '1', '0', 3542, '1', '1', '1', '1', '1', 'default', 2, '0', ''),
(25362, 'bw_water_2', 'bw_water_2', 's', 3, 3, 0, '1', '0', '0', 3541, '1', '1', '1', '1', '1', '', 1, '0', ''),
(39911, 'prison_dvdr2', 'prison_dvdr2', 's', 2, 1, 3, '1', '0', '0', 3532, '1', '1', '1', '1', '1', 'default', 4, '0', ''),
(39912, 'prison_gate', 'prison_gate', 's', 1, 1, 1, '1', '0', '0', 3526, '1', '1', '1', '1', '1', 'gate', 1, '0', ''),
(39913, 'prison_dvdr1', 'prison_dvdr1', 's', 1, 1, 3, '1', '0', '0', 3534, '1', '1', '1', '1', '1', 'default', 1, '0', ''),
(39914, 'prison_stone', 'prison_stone', 's', 1, 1, 1, '1', '0', '0', 3537, '1', '1', '1', '1', '1', 'default', 1, '0', ''),
(39915, 'prison_tower', 'prison_tower', 's', 1, 1, 3, '1', '0', '1', 3531, '1', '1', '1', '1', '1', 'default', 2, '0', ''),
(39916, 'prison_crnr', 'prison_crnr', 's', 1, 1, 1, '1', '0', '0', 3528, '1', '1', '1', '1', '1', 'default', 1, '0', ''),
(39917, 'hc3_stereo', 'hc3_stereo', 's', 3, 1, 1, '1', '0', '0', 3470, '1', '1', '1', '1', '1', 'default', 1, '0', ''),
(20450, 'Trofeo Pulgar', 'prizetrophy_thumb', 's', 1, 1, 1, '1', '0', '0', 3410, '1', '1', '1', '1', '0', 'trophy', 1, '0', ''),
(39918, 'Jarr?n VIP', 'hc3_vase', 's', 0, 1, 1, '1', '0', '0', 3479, '1', '1', '1', '1', '1', 'default', 1, '0', ''),
(25361, 'bw_shower', 'bw_shower', 's', 1, 1, 2, '1', '0', '0', 3540, '1', '1', '1', '1', '1', 'default', 2, '0', ''),
(25360, 'bw_ccnuts', 'bw_ccnuts', 's', 1, 1, 1, '1', '0', '0', 3539, '1', '1', '1', '1', '1', 'default', 1, '0', ''),
(25359, 'bw_fin', 'bw_fin', 's', 1, 1, 1, '1', '0', '0', 3538, '1', '1', '1', '1', '1', 'default', 2, '0', ''),
(25354, 'bw_boat', 'bw_boat', 's', 2, 2, 1, '1', '1', '0', 3527, '1', '1', '1', '1', '1', 'default', 2, '0', ''),
(25355, 'bw_lgchair', 'bw_lgchair', 's', 1, 1, 3, '1', '1', '0', 3529, '1', '1', '1', '1', '1', 'default', 1, '0', ''),
(25357, 'bw_sofa', 'bw_sofa', 's', 2, 1, 1, '1', '1', '0', 3533, '1', '1', '1', '1', '1', 'default', 4, '0', ''),
(95397, 'bw_tele', 'bw_tele', 's', 1, 1, 3, '1', '0', '0', 3550, '1', '1', '1', '1', '1', 'teleport', 1, '0', ''),
(95395, 'bw_fnc_g name', 'bw_fnc_g', 's', 2, 1, 1, '1', '0', '0', 3557, '1', '1', '1', '1', '1', 'default', 2, '0', ''),
(95394, 'bw_sofa_p', 'bw_sofa_p', 's', 2, 1, 1, '1', '1', '0', 3561, '1', '1', '1', '1', '1', 'default', 2, '0', ''),
(95393, 'bw_sofa_g', 'bw_sofa_g', 's', 2, 1, 1, '1', '1', '0', 3575, '1', '1', '1', '1', '1', 'default', 2, '0', ''),
(95392, 'bw_van_g', 'bw_van_g', 's', 2, 2, 1, '1', '1', '0', 3574, '1', '1', '1', '1', '1', 'default', 1, '0', ''),
(59918, 'Vase vip', 'hc3_vase', 's', 1, 1, 1, '1', '0', '0', 3479, '1', '1', '1', '1', '1', 'default', 1, '0', ''),
(95391, 'bw_van_p', 'bw_van_p', 's', 2, 2, 1, '1', '1', '0', 3570, '1', '1', '1', '1', '1', 'default', 1, '0', ''),
(95390, 'bw_table_p', 'bw_table_p', 's', 2, 1, 0, '1', '0', '0', 3578, '1', '1', '1', '1', '1', 'default', 2, '0', ''),
(95389, 'bw_table_g', 'bw_table_g', 's', 2, 2, 1, '1', '0', '0', 3566, '1', '1', '1', '1', '1', 'default', 2, '0', ''),
(95388, 'bw_sboard_p', 'bw_sboard_p', 's', 2, 1, 0, '1', '0', '0', 3571, '1', '1', '1', '1', '1', 'default', 1, '0', ''),
(95387, 'bw_sboard_g', 'bw_sboard_g', 's', 2, 1, 0, '1', '0', '0', 3562, '1', '1', '1', '1', '1', 'default', 1, '0', ''),
(95386, 'bw_fnc_crnr_p', 'bw_fnc_crnr_p', 's', 1, 2, 1, '1', '0', '0', 3576, '1', '1', '1', '1', '1', 'default', 1, '0', ''),
(95385, 'bw_pool_b1', 'bw_pool_b1', 's', 1, 1, 1, '1', '0', '0', 3560, '1', '1', '1', '1', '1', 'default', 2, '0', ''),
(95374, 'ads_grefusa_surfb', 'ads_grefusa_surfb', 'i', 0, 0, 0, '1', '0', '0', 4337, '1', '1', '1', '1', '1', 'default', 1, '0', ''),
(95375, 'ads_pepsi0', 'ads_pepsi0', 's', 1, 1, 3, '1', '0', '0', 3554, '1', '1', '1', '1', '1', 'vendingmachine', 1, '55', ''),
(95384, 'bw_pool_a1', 'bw_pool_a1', 's', 1, 1, 1, '1', '1', '0', 3577, '1', '1', '1', '1', '1', 'default', 2, '0', ''),
(95383, 'bw_pool_a3', 'bw_pool_a3', 's', 1, 1, 0, '1', '0', '0', 3556, '1', '1', '1', '1', '1', 'default', 2, '0', ''),
(95382, 'bw_pool_a2', 'bw_pool_a2', 's', 2, 1, 1, '1', '0', '0', 3564, '1', '1', '1', '1', '1', 'default', 2, '0', ''),
(95377, 'bw_fnc_crnr_g', 'bw_fnc_crnr_g', 's', 1, 2, 1, '1', '0', '0', 3563, '1', '1', '1', '1', '1', 'default', 2, '0', ''),
(95378, 'bw_sofa_p', 'bw_sofa_p', 's', 2, 1, 1, '1', '1', '1', 3567, '1', '1', '1', '1', '1', 'default', 2, '0', ''),
(95379, 'bw_boat_g', 'bw_boat_g', 's', 2, 2, 0.8, '1', '1', '0', 3568, '1', '1', '1', '1', '1', 'default', 2, '0', ''),
(95380, 'bw_mttrss_g', 'bw_mttrss_g', 's', 1, 3, 0.8, '1', '0', '0', 3558, '1', '1', '1', '1', '1', 'default', 2, '0', ''),
(95381, 'bw_pool_b2', 'bw_pool_b2', 's', 2, 1, 1, '1', '0', '0', 3565, '1', '1', '1', '1', '1', '', 2, '0', ''),
(95396, 'VIP', 'club.vip', 'v', 0, 0, 0, '1', '0', '0', 10, '1', '1', '1', '1', '1', 'default', 1, '0', ''),
(20412, '', 'avatar_effect26', 'e', 1, 1, 1, '1', '0', '0', 26, '0', '0', '1', '0', '0', 'default', 1, '0', '0'),
(20413, '', 'avatar_effect24', 'e', 1, 1, 1, '1', '0', '0', 24, '0', '0', '1', '0', '0', 'default', 1, '0', '0'),
(20414, '', 'avatar_effect23', 'e', 1, 1, 1, '1', '0', '0', 23, '0', '0', '1', '0', '0', 'default', 1, '0', '0'),
(204129, '', 'avatar_effect26', 'e', 1, 1, 1, '1', '0', '0', 26, '0', '0', '1', '0', '0', 'default', 1, '0', '0'),
(204139, '', 'avatar_effect24', 'e', 1, 1, 1, '1', '0', '0', 24, '0', '0', '1', '0', '0', 'default', 1, '0', '0'),
(204149, '', 'avatar_effect23', 'e', 1, 1, 1, '1', '0', '0', 23, '0', '0', '1', '0', '0', 'default', 1, '0', '0'),
(204159, '', 'avatar_effect25', 'e', 1, 1, 1, '1', '0', '0', 25, '0', '0', '1', '0', '0', 'default', 1, '0', '0'),
(96398, 'Nobox Rojo', 'cmp_nobox', 's', 1, 1, 1, '1', '0', '0', 3476, '1', '1', '1', '1', '1', 'default', 2, '0', ''),
(96399, 'Nobox Azul', 'cmp_nobox_2', 's', 1, 1, 1, '1', '0', '0', 3471, '1', '1', '1', '1', '1', 'default', 2, '0', ''),
(96400, 'Nobox Amarillo', 'cmp_nobox_3', 's', 1, 1, 1, '1', '0', '0', 3473, '1', '1', '1', '1', '1', 'default', 2, '0', ''),
(96401, 'Submarino', 'cmp_sub', 's', 7, 1, 3, '1', '0', '0', 3478, '1', '1', '1', '1', '1', 'default', 2, '0', ''),
(83545, 'a0 pet7', 'a0 pet7', 's', 1, 1, 1, '1', '0', '0', 5354, '0', '0', '0', '0', '0', 'pet', 0, '0', ''),
(84586, 'Leon', 'a0 pet6', 's', 1, 1, 1, '1', '0', '0', 7457, '1', '1', '1', '1', '1', 'pet', 0, '0', ''),
(68000, 'hween10_zombie', 'hween10_zombie', 's', 1, 1, 3, '1', '0', '0', 3636, '1', '1', '1', '1', '1', 'vendingmachine', 2, '58', ''),
(68001, 'hween10_fogwall', 'hween10_fogwall', 'i', 3, 4, 0, '1', '0', '0', 4361, '1', '1', '1', '1', '1', 'default', 2, '0', ''),
(68002, 'hween10_bat', 'hween10_bat', 's', 1, 1, 1, '1', '0', '0', 3662, '1', '1', '1', '1', '1', 'default', 2, '0', ''),
(68003, 'hween10_card_1', 'hween10_card_1', 'i', 2, 3, 3, '1', '0', '0', 4346, '1', '1', '1', '1', '1', 'default', 2, '0', ''),
(68004, 'hween10_card_2', 'hween10_card_2', 'i', 2, 3, 3, '1', '0', '0', 4350, '1', '1', '1', '1', '1', 'default', 2, '0', ''),
(68005, 'hween10_card_3', 'hween10_card_3', 'i', 2, 3, 3, '1', '0', '0', 4345, '1', '1', '1', '1', '1', 'default', 2, '0', ''),
(68006, 'hween10_card_4', 'hween10_card_4', 'i', 2, 3, 3, '1', '0', '0', 4347, '1', '1', '1', '1', '1', 'default', 2, '0', ''),
(68007, 'hween10_card_5', 'hween10_card_5', 'i', 2, 3, 3, '1', '0', '0', 4351, '1', '1', '1', '1', '1', 'default', 2, '0', ''),
(68008, 'hween10_card_6', 'hween10_card_6', 'i', 2, 3, 3, '1', '0', '0', 4348, '1', '1', '1', '1', '1', 'default', 2, '0', ''),
(68009, 'hween10_chicken', 'hween10_chicken', 's', 2, 1, 3, '1', '0', '0', 3658, '1', '1', '1', '1', '1', 'default', 2, '0', ''),
(68010, 'hween10_ffly', 'hween10_ffly', 's', 1, 1, 2, '1', '0', '0', 3657, '1', '1', '1', '1', '1', 'default', 2, '0', ''),
(68011, 'hween10_fog', 'hween10_fog', 's', 3, 3, 2, '1', '0', '0', 3652, '1', '1', '1', '1', '1', 'default', 2, '0', ''),
(68012, 'hween10_jar', 'hween10_jar', 's', 1, 1, 3, '1', '0', '0', 3651, '1', '1', '1', '1', '1', 'default', 2, '0', ''),
(68013, 'hween10_logs', 'hween10_logs', 's', 1, 1, 1, '1', '0', '0', 3656, '1', '1', '1', '1', '1', 'default', 2, '0', ''),
(68014, 'hween10_pond', 'hween10_pond', 's', 3, 3, 0.001, '1', '0', '1', 3650, '1', '1', '1', '1', '1', 'water3', 2, '0', ''),
(68015, 'hween10_portch', 'hween10_potch', 's', 1, 1, 2, '1', '0', '0', 3661, '1', '1', '1', '1', '1', 'default', 2, '0', ''),
(68016, 'hween10_skullpost', 'hween10_skullpost', 's', 1, 1, 3, '1', '0', '0', 3654, '1', '1', '1', '1', '1', 'default', 2, '0', ''),
(68017, 'hween10_swamp', 'hween10_swamp', 's', 2, 2, 0.001, '1', '0', '1', 3649, '1', '1', '1', '1', '1', 'default', 2, '0', ''),
(68018, 'hween10_tarot', 'hween10_tarot', 's', 1, 1, 1, '1', '0', '0', 3646, '1', '1', '1', '1', '1', 'default', 2, '0', ''),
(68019, 'hween10_tele', 'hween10_tele', 's', 1, 1, 0.001, '1', '0', '0', 3659, '1', '1', '1', '1', '1', 'teleport', 2, '0', ''),
(68020, 'hween10_throne', 'hween10_throne', 's', 1, 1, 1.1, '1', '1', '0', 3660, '1', '1', '1', '1', '1', 'default', 2, '0', ''),
(68021, 'hween10_tree', 'hween10_tree', 's', 1, 1, 5, '1', '0', '0', 3648, '1', '1', '1', '1', '1', 'default', 2, '0', ''),
(68022, 'hween10_voodoo1', 'hween10_voodoo1', 's', 1, 1, 3, '1', '0', '0', 3647, '1', '1', '1', '1', '1', 'default', 2, '0', ''),
(68023, 'hween10_voodoo2', 'hween10_voodoo2', 's', 1, 1, 3, '1', '0', '0', 3653, '1', '1', '1', '1', '1', 'default', 2, '0', ''),
(68024, 'hween10_voodoo3', 'hween10_voodoo3', 's', 1, 1, 3, '1', '0', '0', 3655, '1', '1', '1', '1', '1', 'default', 2, '0', ''),
(68025, 'hween10_wallskull', 'hween10_wallskull', 'i', 1, 1, 4, '1', '0', '0', 4349, '1', '1', '1', '1', '1', 'default', 2, '0', ''),
(10355, 'african_tree2', 'african_tree2', 's', 1, 1, 1, '1', '0', '0', 3605, '1', '1', '1', '1', '1', 'default', 3, '0', ''),
(10354, 'african_tree1', 'african_tree1', 's', 1, 1, 1, '1', '0', '0', 3584, '1', '1', '1', '1', '1', 'default', 2, '0', ''),
(10353, 'african_stage', 'african_stage', 's', 2, 2, 1, '1', '0', '1', 3607, '1', '1', '1', '1', '1', 'default', 3, '0', ''),
(10352, 'african_patch', 'african_patch', 's', 2, 2, 1, '1', '0', '1', 3602, '1', '1', '1', '1', '1', 'default', 2, '0', ''),
(10351, 'african_fence', 'african_fence', 's', 1, 2, 1, '1', '0', '0', 3579, '1', '1', '1', '1', '1', 'default', 2, '0', ''),
(10350, 'african_bones', 'african_bones', 's', 1, 1, 1, '1', '0', '0', 3609, '1', '1', '1', '1', '1', 'default', 2, '0', ''),
(10289, 'easel_0', 'easel_0', 's', 1, 1, 1, '1', '0', '0', 3582, '1', '1', '1', '1', '1', 'default', 2, '0', ''),
(10290, 'easel_1', 'easel_1', 's', 1, 1, 1, '1', '0', '0', 3594, '1', '1', '1', '1', '1', 'default', 3, '0', ''),
(10291, 'easel_2', 'easel_2', 's', 1, 1, 1, '1', '0', '0', 3603, '1', '1', '1', '1', '1', 'default', 3, '0', ''),
(10292, 'easel_3', 'easel_3', 's', 1, 1, 1, '1', '0', '0', 3596, '1', '1', '1', '1', '1', 'default', 6, '0', ''),
(10293, 'easel_4', 'easel_4', 's', 1, 1, 1, '1', '0', '0', 3600, '1', '1', '1', '1', '1', 'default', 5, '0', ''),
(10294, 'easel_2', 'easel_2', 's', 1, 1, 1, '1', '0', '0', 3603, '1', '1', '1', '1', '1', 'default', 6, '0', ''),
(2785108, 'bb_painimies2', 'bb_painimies2', 'i', 1, 1, 1, '1', '0', '1', 4342, '1', '1', '1', '1', '1', 'default', 3, '0', ''),
(2785079, 'bb_robo', 'bb_robo', 's', 2, 2, 2, '1', '0', '0', 3616, '1', '1', '1', '1', '1', 'default', 3, '0', ''),
(2785080, 'bb_dragon', 'bb_dragon', 's', 3, 1, 2.5, '1', '0', '0', 3617, '1', '1', '1', '1', '1', 'default', 3, '0', ''),
(2785081, 'bb_ducklight', 'bb_ducklight', 's', 1, 1, 3, '1', '0', '0', 3618, '1', '1', '1', '1', '1', 'default', 8, '0', ''),
(2785082, 'bb_caterhead', 'bb_caterhead', 's', 1, 1, 1, '1', '0', '0', 3619, '1', '1', '1', '1', '1', 'default', 3, '0', ''),
(2785083, 'bb_cargobox', 'bb_cargobox', 's', 2, 1, 1, '1', '0', '0', 3620, '1', '1', '1', '1', '1', 'default', 3, '0', ''),
(2785084, 'bb_gate_g', 'bb_gate_g', 's', 1, 1, 0, '1', '0', '1', 3621, '1', '1', '1', '1', '1', 'bb_green_gate', 2, '0', ''),
(2785085, 'bb_crchair3', 'bb_crchair3', 's', 1, 1, 1, '1', '1', '0', 3622, '1', '1', '1', '1', '1', 'default', 3, '0', ''),
(2785087, 'bb_crchair', 'bb_crchair', 's', 1, 1, 1, '1', '1', '0', 3624, '1', '1', '1', '1', '1', 'default', 3, '0', ''),
(2785088, 'bb_crchair2', 'bb_crchair2', 's', 1, 1, 1, '1', '1', '0', 3625, '1', '1', '1', '1', '1', 'default', 3, '0', ''),
(2785090, 'bb_knj1', 'bb_knj1', 's', 2, 1, 1, '1', '0', '0', 3627, '1', '1', '1', '1', '1', 'default', 3, '0', ''),
(2785091, 'bb_gate_r', 'bb_gate_r', 's', 1, 1, 0, '1', '0', '1', 3628, '1', '1', '1', '1', '1', 'bb_red_gate', 2, '0', ''),
(2785092, 'bb_tddhnd', 'bb_tddhnd', 's', 1, 1, 1, '1', '0', '0', 3629, '1', '1', '1', '1', '1', 'default', 1, '0', ''),
(2785093, 'bb_lightdiv', 'bb_lightdiv', 's', 1, 1, 1, '1', '0', '0', 3630, '1', '1', '1', '1', '1', 'default', 8, '0', ''),
(2785094, 'bb_tddhead', 'bb_tddhead', 's', 2, 2, 2, '1', '0', '0', 3631, '1', '1', '1', '1', '1', 'default', 3, '0', ''),
(2785095, 'bb_pyramid', 'bb_pyramid', 's', 1, 1, 1, '1', '0', '0', 3632, '1', '1', '1', '1', '1', 'bb_piramide', 3, '0', ''),
(2785096, 'bb_patch1', 'bb_patch1', 's', 1, 1, 0.1, '1', '0', '1', 3633, '1', '1', '1', '1', '1', 'bb_patch', 4, '0', ''),
(2785097, 'bb_fnc3', 'bb_fnc3', 's', 1, 3, 1, '1', '0', '0', 3634, '1', '1', '1', '1', '1', 'default', 2, '0', ''),
(2785098, 'bb_gate_y', 'bb_gate_y', 's', 1, 1, 0, '1', '0', '1', 3635, '1', '1', '1', '1', '1', 'bb_yellow_gate', 1, '0', ''),
(2785099, 'bb_apparatus', 'bb_apparatus', 's', 2, 2, 0, '1', '0', '1', 3637, '1', '1', '1', '1', '1', 'default', 8, '0', ''),
(2785100, 'bb_caterbody', 'bb_caterbody', 's', 1, 1, 1.7, '1', '1', '0', 3638, '1', '1', '1', '1', '1', 'default', 3, '0', ''),
(2785101, 'bb_knj2', 'bb_knj2', 's', 1, 1, 2, '1', '0', '0', 3639, '1', '1', '1', '1', '1', 'default', 4, '0', ''),
(2785102, 'bb_fnc1', 'bb_fnc1', 's', 1, 1, 1, '1', '0', '0', 3640, '1', '1', '1', '1', '1', 'default', 2, '0', ''),
(2785103, 'bb_puck', 'bb_puck', 's', 1, 1, 0.6, '1', '0', '0', 3641, '1', '1', '1', '1', '1', '', 3, '0', ''),
(2785104, 'bb_rnd_tele', 'bb_rnd_tele', 's', 1, 1, 0.3, '1', '0', '1', 3642, '1', '1', '1', '1', '1', 'teleport', 1, '0', ''),
(2785105, 'bb_gate_b', 'bb_gate_b', 's', 1, 1, 0, '1', '0', '1', 3643, '1', '1', '1', '1', '1', 'bb_blue_gate', 1, '0', ''),
(2785107, 'bb_painimies1', 'bb_painimies1', 'i', 1, 1, 1, '1', '0', '1', 4341, '1', '1', '1', '1', '1', 'default', 3, '0', ''),
(2785077, 'bb_crnr', 'bb_crnr', 's', 1, 1, 1, '1', '0', '0', 3614, '1', '1', '1', '1', '1', 'default', 1, '0', ''),
(2785076, 'ads_disney_tv', 'ads_disney_tv', 's', 0, 3, 1, '1', '0', '0', 3613, '1', '1', '1', '1', '1', 'default', 2, '0', ''),
(10278, 'hosptl_bbag name', 'hosptl_bbag', 's', 1, 3, 1, '1', '0', '0', 3591, '1', '1', '1', '1', '1', 'bed', 2, '0', ''),
(10279, 'hosptl_bed', 'hosptl_bed', 's', 1, 3, 1, '1', '0', '0', 3590, '1', '1', '1', '1', '1', 'bed', 2, '0', ''),
(10280, 'hosptl_cab1', 'hosptl_cab1', 's', 1, 1, 1, '1', '0', '0', 3586, '1', '1', '1', '1', '1', 'vendingmachine', 2, '35', ''),
(10281, 'hosptl_cab2', 'hosptl_cab2', 's', 2, 1, 1, '1', '0', '0', 3608, '1', '1', '1', '1', '1', 'default', 2, '0', ''),
(10282, 'hosptl_curtain', 'hosptl_curtain', 's', 3, 1, 1, '1', '0', '0', 3588, '1', '1', '1', '1', '1', 'default', 1, '0', ''),
(10283, 'hosptl_defibs', 'hosptl_defibs', 's', 1, 1, 1, '1', '0', '0', 3606, '1', '1', '1', '1', '1', 'default', 2, '0', ''),
(10284, 'hosptl_light', 'hosptl_light', 's', 1, 1, 1, '1', '0', '0', 3610, '1', '1', '1', '1', '1', 'default', 2, '0', ''),
(10285, 'hosptl_seat', 'hosptl_seat', 's', 1, 2, 1, '1', '1', '0', 3611, '1', '1', '1', '1', '1', 'default', 2, '0', ''),
(10286, 'hosptl_skele', 'hosptl_skele', 's', 1, 1, 1, '1', '0', '0', 3604, '1', '1', '1', '1', '1', 'default', 2, '0', ''),
(10287, 'hosptl_xray', 'hosptl_xray', 'i', 0, 0, 0, '1', '0', '0', 4339, '1', '1', '1', '1', '1', 'default', 2, '0', ''),
(3568337, 'wf_trg_at_given_time', 'wf_trg_at_given_time', 's', 1, 1, 1, '1', '0', '0', 3679, '1', '1', '1', '1', '1', 'default', 4, '0', ''),
(3568338, 'wf_trg_enter_room', 'wf_trg_enter_room', 's', 1, 1, 1, '1', '0', '0', 3683, '1', '1', '1', '1', '1', 'default', 4, '0', ''),
(3568339, 'wf_trg_game_ends', 'wf_trg_game_ends', 's', 1, 1, 1, '1', '0', '0', 3680, '1', '1', '1', '1', '1', 'default', 4, '0', ''),
(3568340, 'wf_trg_game_starts', 'wf_trg_game_starts', 's', 1, 1, 1, '1', '0', '0', 3702, '1', '1', '1', '1', '1', 'default', 5, '0', ''),
(3568341, 'wf_trg_periodically', 'wf_trg_periodically', 's', 1, 1, 1, '1', '0', '0', 3671, '1', '1', '1', '1', '1', 'default', 4, '0', ''),
(3568342, 'wf_trg_says_something', 'wf_trg_says_something', 's', 1, 1, 1, '1', '0', '0', 3675, '1', '1', '1', '1', '1', 'default', 4, '0', ''),
(3568343, 'wf_trg_score_achieved', 'wf_trg_score_achieved', 's', 1, 1, 1, '1', '0', '0', 3673, '1', '1', '1', '1', '1', 'default', 4, '0', ''),
(3568344, 'wf_trg_state_changed', 'wf_trg_state_changed', 's', 1, 1, 1, '1', '0', '0', 3668, '1', '1', '1', '1', '1', 'default', 4, '0', ''),
(3568345, 'wf_trg_walks_off_furni', 'wf_trg_walks_off_furni', 's', 1, 1, 1, '1', '0', '0', 3678, '1', '1', '1', '1', '1', 'default', 4, '0', ''),
(3568346, 'wf_trg_walks_on_furni', 'wf_trg_walks_on_furni', 's', 1, 1, 1, '1', '0', '0', 3703, '1', '1', '1', '1', '1', 'default', 4, '0', ''),
(3568347, 'wf_act_give_score', 'wf_act_give_score', 's', 1, 1, 1, '1', '0', '0', 3697, '1', '1', '1', '1', '1', 'default', 5, '0', ''),
(3568348, 'wf_act_match_to_sshot', 'wf_act_match_to_sshot', 's', 1, 1, 1, '1', '0', '0', 3700, '1', '1', '1', '1', '1', 'default', 4, '0', ''),
(3568349, 'wf_act_move_rotate', 'wf_act_move_rotate', 's', 1, 1, 1, '1', '0', '0', 3663, '1', '1', '1', '1', '1', 'default', 4, '0', ''),
(3568350, 'wf_act_reset_timers', 'wf_act_reset_timers', 's', 1, 1, 1, '1', '0', '0', 3691, '1', '1', '1', '1', '1', 'default', 4, '0', ''),
(3568351, 'wf_act_show_message', 'wf_act_show_message', 's', 1, 1, 1, '1', '0', '0', 3681, '1', '1', '1', '1', '1', 'default', 4, '0', ''),
(3568352, 'wf_act_teleport_to', 'wf_act_teleport_to', 's', 1, 1, 1, '1', '0', '0', 3674, '1', '1', '1', '1', '1', 'default', 1, '0', ''),
(3568353, 'wf_act_toggle_state', 'wf_act_toggle_state', 's', 1, 1, 1, '1', '0', '0', 3685, '1', '1', '1', '1', '1', 'default', 4, '0', ''),
(3568354, 'wf_cnd_furnis_hv_avtrs', 'wf_cnd_furnis_hv_avtrs', 's', 1, 1, 1, '1', '0', '0', 3692, '1', '1', '1', '1', '1', 'default', 4, '0', ''),
(3568355, 'wf_cnd_match_snapshot', 'wf_cnd_match_snapshot', 's', 1, 1, 1, '1', '0', '0', 3695, '1', '1', '1', '1', '1', 'default', 4, '0', ''),
(3568356, 'wf_cnd_time_less_than', 'wf_cnd_time_less_than', 's', 1, 1, 1, '1', '0', '0', 3682, '1', '1', '1', '1', '1', 'default', 4, '0', ''),
(3568357, 'wf_cnd_time_more_than', 'wf_cnd_time_more_than', 's', 1, 1, 1, '1', '0', '0', 3665, '1', '1', '1', '1', '1', 'default', 4, '0', ''),
(3568358, 'wf_cnd_trggrer_on_frn', 'wf_cnd_trggrer_on_frn', 's', 1, 1, 1, '1', '0', '0', 3694, '1', '1', '1', '1', '1', 'default', 4, '0', ''),
(3568359, 'wf_arrowplate', 'wf_arrowplate', 's', 1, 1, 0, '1', '0', '1', 3693, '1', '1', '1', '1', '1', 'default', 4, '0', ''),
(3568360, 'wf_pressureplate', 'wf_pressureplate', 's', 1, 1, 0, '1', '0', '1', 3688, '1', '1', '1', '1', '1', 'default', 2, '0', ''),
(3568361, 'wf_ringplate', 'wf_ringplate', 's', 1, 1, 0, '1', '0', '1', 3687, '1', '1', '1', '1', '1', 'default', 2, '0', ''),
(3568362, 'wf_colortile', 'wf_colortile', 's', 1, 1, 0, '1', '0', '1', 3666, '1', '1', '1', '1', '1', 'default', 10, '0', ''),
(3568363, 'wf_colorwheel', 'wf_colorwheel', 's', 1, 1, 1, '1', '0', '0', 3676, '1', '1', '1', '1', '1', 'default', 10, '0', ''),
(3568364, 'wf_floor_switch1', 'wf_floor_switch1', 's', 1, 1, 1, '1', '0', '0', 3701, '1', '1', '1', '1', '1', 'default', 2, '0', ''),
(3568365, 'wf_floor_switch2', 'wf_floor_switch2', 's', 1, 1, 1, '1', '0', '0', 3667, '1', '1', '1', '1', '1', 'default', 5, '0', ''),
(3568366, 'wf_firegate', 'wf_firegate', 's', 1, 1, 0, '1', '0', '1', 3686, '1', '1', '1', '1', '1', 'default', 4, '0', ''),
(3568367, 'wf_glassdoor', 'wf_glassdoor', 's', 1, 1, 0.1, '1', '0', '0', 3699, '1', '1', '1', '1', '1', 'gate', 3, '0', ''),
(3568368, 'wf_xtra_random', 'wf_xtra_random', 's', 1, 1, 0.5, '1', '0', '1', 3669, '1', '1', '1', '1', '1', 'default', 4, '0', ''),
(3568369, 'wf_xtra_unseen', 'wf_xtra_unseen', 's', 1, 1, 0.5, '1', '0', '1', 3670, '1', '1', '1', '1', '1', 'default', 4, '0', ''),
(3568374, 'wf_wire1', 'wf_wire1', 's', 1, 1, 0, '1', '0', '1', 3696, '1', '1', '1', '1', '1', 'default', 2, '0', ''),
(3568375, 'wf_wire2', 'wf_wire2', 's', 1, 1, 0, '1', '0', '1', 3664, '1', '1', '1', '1', '1', 'default', 2, '0', ''),
(3568376, 'wf_wire3', 'wf_wire3', 's', 1, 1, 0, '1', '0', '1', 3698, '1', '1', '1', '1', '1', 'default', 2, '0', ''),
(3568377, 'wf_wire4', 'wf_wire4', 's', 1, 1, 0, '1', '0', '1', 3677, '1', '1', '1', '1', '1', 'default', 2, '0', ''),
(3568378, 'wf_glowball', 'wf_glowball', 's', 1, 1, 0.5, '1', '0', '0', 3689, '1', '1', '1', '1', '1', 'default', 3, '0', ''),
(3568401, 'exe_copier', 'exe_copier', 's', 1, 1, 1, '1', '0', '0', 9215, '1', '1', '1', '1', '1', 'default', 2, '0', ''),
(3568402, 'exe_glassdvdr', 'exe_glassdvdr', 's', 1, 1, 1, '1', '0', '0', 9216, '1', '1', '1', '1', '1', 'default', 2, '0', ''),
(3568403, 'exe_wrkdesk', 'exe_wrkdesk', 's', 1, 1, 1, '1', '0', '0', 9217, '1', '1', '1', '1', '1', 'default', 2, '0', ''),
(3568404, 'exe_seccam', 'exe_seccam', 's', 1, 1, 1, '1', '0', '1', 9218, '1', '1', '1', '1', '1', 'default', 2, '0', ''),
(3568405, 'exe_sensor', 'exe_sensor', 'i', 1, 1, 1, '1', '0', '0', 4355, '1', '1', '1', '1', '1', 'default', 2, '0', ''),
(99000, 'qt_xm10_nest', 'qt_xm10_nest', 's', 1, 1, 1, '1', '0', '0', 3742, '1', '1', '1', '1', '1', 'default', 2, '0', ''),
(99001, 'qt_xm10_icedragon', 'qt_xm10_icedragon', 's', 1, 1, 1, '1', '0', '0', 3746, '1', '1', '1', '1', '1', 'default', 2, '0', ''),
(99002, 'qt_xm10_stone', 'qt_xm10_stone', 's', 2, 1, 1, '1', '0', '0', 3747, '1', '1', '1', '1', '1', 'default', 2, '0', ''),
(99003, 'qt_xm10_icetiger', 'qt_xm10_icetiger', 's', 1, 1, 1, '1', '0', '0', 3728, '1', '1', '1', '1', '1', 'default', 2, '0', ''),
(99004, 'qt_xm10_trex', 'qt_xm10_trex', 's', 3, 7, 1, '1', '0', '0', 3722, '1', '1', '1', '1', '1', 'default', 2, '0', ''),
(99005, 'qt_xm10_palm_tree', 'qt_xm10_palm_tree', 's', 1, 1, 3, '1', '0', '0', 3720, '1', '1', '1', '1', '1', 'default', 2, '0', ''),
(99006, 'qt_xm10_bench', 'qt_xm10_bench', 's', 2, 1, 1, '1', '0', '0', 3750, '1', '1', '1', '1', '1', 'default', 2, '0', ''),
(99007, 'qt_xm10_icelupin', 'qt_xm10_icelupin', 's', 1, 1, 1, '1', '0', '0', 3732, '1', '1', '1', '1', '1', 'default', 2, '0', ''),
(99008, 'qt_xm10_xmduck', 'qt_xm10_xmduck', 's', 1, 1, 1, '1', '0', '0', 3719, '1', '1', '1', '1', '1', 'default', 2, '0', ''),
(99009, 'qt_xm10_iceduck', 'qt_xm10_iceduck', 's', 1, 1, 1, '1', '0', '0', 3727, '1', '1', '1', '1', '1', 'default', 2, '0', ''),
(99010, 'qt_xm10_bauble1', 'qt_xm10_bauble1', 'i', 1, 1, 1, '1', '0', '0', 4365, '1', '1', '1', '1', '1', 'default', 2, '0', ''),
(99011, 'qt_xm10_bauble2', 'qt_xm10_bauble2', 'i', 1, 1, 1, '1', '0', '0', 4361, '1', '1', '1', '1', '1', 'default', 2, '0', ''),
(99012, 'qt_xm10_bauble3', 'qt_xm10_bauble3', 'i', 1, 1, 1, '1', '0', '0', 4368, '1', '1', '1', '1', '1', 'default', 2, '0', ''),
(99013, 'qt_xm10_iceplasto', 'qt_xm10_iceplasto', 's', 1, 1, 1, '1', '1', '0', 3730, '1', '1', '1', '1', '1', 'default', 2, '0', ''),
(99014, 'qt_xm10_ice_fish', 'qt_xm10_ice_fish', 's', 1, 2, 3, '1', '0', '0', 3748, '1', '1', '1', '1', '1', 'default', 2, '0', ''),
(99015, 'qt_xm10_gnome', 'qt_xm10_gnome', 's', 1, 2, 1, '1', '0', '0', 3726, '1', '1', '1', '1', '1', 'default', 2, '0', ''),
(99016, 'qt_xm10_icesilotable', 'qt_xm10_icesilotable', 's', 1, 1, 1, '1', '0', '0', 3743, '1', '1', '1', '1', '1', 'default', 2, '0', ''),
(99017, 'qt_xm10_iceteddy', 'qt_xm10_iceteddy', 's', 1, 1, 1, '1', '0', '0', 3734, '1', '1', '1', '1', '1', 'default', 2, '0', ''),
(99018, 'qt_xm10_elephant', 'qt_xm10_elephant', 's', 1, 1, 1, '1', '0', '0', 3724, '1', '1', '1', '1', '1', 'vendingmachine', 2, '0', ''),
(99019, 'qt_xm10_iceclubsofa', 'qt_xm10_iceclubsofa', 's', 2, 1, 1, '1', '1', '0', 3718, '1', '1', '1', '1', '1', 'default', 2, '0', ''),
(99020, 'es_skating_ice', 'es_skating_ice', 's', 2, 2, 0.01, '1', '0', '1', 3736, '1', '1', '1', '1', '1', 'default', 2, '0', ''),
(99021, 'es_sidewalk', 'es_sidewalk', 's', 2, 2, 0.2, '1', '0', '1', 3716, '1', '1', '1', '1', '1', 'default', 2, '0', ''),
(99022, 'es_wpost', 'es_wpost', 's', 1, 1, 1, '1', '0', '0', 3725, '1', '1', '1', '1', '1', 'default', 2, '0', ''),
(99023, 'es_tagging', 'es_tagging', 's', 1, 1, 3, '1', '0', '0', 3741, '1', '1', '1', '1', '1', 'default', 2, '0', ''),
(99024, 'es_santa', 'es_santa', 's', 1, 1, 1, '1', '0', '0', 3740, '1', '1', '1', '1', '1', 'default', 2, '0', ''),
(99025, 'es_window', 'es_window', 'i', 1, 1, 1, '1', '0', '0', 4367, '1', '1', '1', '1', '1', 'default', 2, '0', ''),
(99026, 'es_bench', 'es_bench', 's', 2, 1, 1, '1', '1', '0', 3712, '1', '1', '1', '1', '1', 'default', 2, '0', ''),
(99027, 'es_fnc_1', 'es_fnc_1', 's', 1, 1, 1, '1', '0', '0', 3729, '1', '1', '1', '1', '1', 'default', 2, '0', ''),
(99028, 'es_fnc_2', 'es_fnc_2', 's', 1, 1, 1, '1', '0', '0', 3714, '1', '1', '1', '1', '1', 'default', 2, '0', ''),
(99029, 'es_fnc_crnr', 'es_fnc_crnr', 's', 1, 1, 1, '1', '0', '0', 3721, '1', '1', '1', '1', '1', 'default', 2, '0', ''),
(99030, 'es_epictree', 'es_epictree', 's', 2, 2, 4, '1', '0', '0', 3723, '1', '1', '1', '1', '1', 'default', 2, '0', ''),
(99031, 'es_icestar_g', 'es_icestar_g', 's', 1, 1, 6, '1', '0', '0', 3731, '1', '1', '1', '1', '1', 'default', 2, '0', ''),
(99032, 'es_icestar_r', 'es_icestar_r', 's', 1, 1, 6, '1', '0', '0', 3745, '1', '1', '1', '1', '1', 'default', 2, '0', ''),
(99033, 'es_icestar_y', 'es_icestar_y', 's', 1, 1, 6, '1', '0', '0', 3749, '1', '1', '1', '1', '1', 'default', 2, '0', ''),
(99034, 'es_icestar', 'es_icestar', 's', 1, 1, 6, '1', '0', '0', 3713, '1', '1', '1', '1', '1', 'default', 2, '0', ''),
(99035, 'es_puck', 'es_puck', 's', 1, 1, 1, '1', '0', '0', 3739, '1', '1', '1', '1', '1', 'ball', 2, '0', ''),
(99036, 'es_roaster', 'es_roaster', 's', 1, 1, 2, '1', '0', '0', 3738, '1', '1', '1', '1', '1', 'default', 2, '0', ''),
(99037, 'es_lmppst', 'es_lmppst', 's', 1, 1, 4, '1', '0', '0', 3735, '1', '1', '1', '1', '1', 'default', 2, '0', ''),
(99038, 'es_statue', 'es_statue', 's', 1, 1, 1, '1', '0', '0', 3717, '1', '1', '1', '1', '1', 'default', 2, '0', ''),
(97222, 'Battle Morado', '¡A saltar se ha dicho!', 'e', 1, 1, 1, '1', '0', '0', 33, '0', '0', '1', '0', '0', 'default', 1, '0', ''),
(97333, 'Battle Azúl', '¡A saltar se ha dicho!', 'e', 1, 1, 1, '1', '0', '0', 34, '0', '0', '1', '0', '0', 'default', 1, '0', ''),
(99039, 'es_build1', 'es_build1', 'i', 1, 1, 1, '1', '0', '0', 4362, '1', '1', '1', '1', '1', 'default', 2, '0', ''),
(99040, 'es_build2', 'es_build2', 'i', 1, 1, 1, '1', '0', '0', 4364, '1', '1', '1', '1', '1', 'default', 2, '0', ''),
(99041, 'es_build3', 'es_build3', 'i', 1, 1, 1, '1', '0', '0', 4366, '1', '1', '1', '1', '1', 'default', 2, '0', ''),
(99042, 'es_build4', 'es_build4', 'i', 1, 1, 1, '1', '0', '0', 4363, '1', '1', '1', '1', '1', 'default', 2, '0', ''),
(99043, 'qt_xm10_icestar', 'qt_xm10_icestar', 'i', 1, 1, 1, '1', '0', '0', 4369, '1', '1', '1', '1', '1', 'default', 2, '0', ''),
(99045, 'xmas10_fireplace', 'xmas10_fireplace', 's', 1, 1, 5, '1', '0', '0', 3752, '1', '1', '1', '1', '1', 'default', 2, '0', ''),
(99046, 'es_geysir', 'es_geysir', 's', 1, 1, 3, '1', '0', '0', 3753, '1', '1', '1', '1', '1', 'default', 2, '0', ''),
(99048, 'qt_xm10_iceelephant', 'qt_xm10_iceelephant', 's', 1, 1, 1, '1', '0', '0', 3755, '1', '1', '1', '1', '1', 'default', 2, '0', ''),
(99049, 'petfood16', 'petfood16', 's', 1, 1, 1, '1', '0', '0', 3744, '1', '1', '1', '1', '1', 'default', 1, '0', ''),
(70000, 'ads_hh_safe', 'ads_hh_safe', 's', 1, 1, 2, '1', '0', '0', 3684, '1', '1', '1', '1', '1', 'default', 2, '0', ''),
(70001, 'bb_lightstrip', 'bb_lightstrip', 's', 1, 1, 0.01, '1', '0', '1', 3690, '1', '1', '1', '1', '1', 'default', 2, '0', '');

-- --------------------------------------------------------

--
-- Structure de la table `fuserights`
--

CREATE TABLE IF NOT EXISTS `fuserights` (
  `rank` int(11) unsigned NOT NULL,
  `fuse` varchar(50) NOT NULL,
  KEY `rank` (`rank`)
) ENGINE=MyISAM DEFAULT CHARSET=latin1;

--
-- Contenu de la table `fuserights`
--

INSERT INTO `fuserights` (`rank`, `fuse`) VALUES
(1, 'fuse_room_queue_default'),
(1, 'fuse_buy_credits'),
(1, 'fuse_login'),
(1, 'default'),
(1, 'fuse_trade'),
(4, 'fuse_mod'),
(6, 'fuse_admin'),
(7, 'fuse_sysadmin'),
(4, 'fuse_enter_any_room'),
(1, 'fuse_club_dances'),
(4, 'fuse_housekeeping_login'),
(4, 'fuse_chatlogs'),
(4, 'fuse_alert'),
(4, 'fuse_kick'),
(4, 'fuse_ban'),
(6, 'fuse_housekeeping_catalog'),
(4, 'fuse_housekeeping_moderation'),
(6, 'fuse_housekeeping_sitemanagement'),
(4, 'fuse_any_room_rights'),
(6, 'fuse_ignore_maintenance'),
(4, 'fuse_mute'),
(4, 'fuse_roomkick'),
(4, 'fuse_roomalert'),
(4, 'fuse_enter_full_rooms');

-- --------------------------------------------------------

--
-- Structure de la table `fuserights_subs`
--

CREATE TABLE IF NOT EXISTS `fuserights_subs` (
  `sub` varchar(120) NOT NULL,
  `fuse` text NOT NULL,
  KEY `sub` (`sub`)
) ENGINE=MyISAM DEFAULT CHARSET=latin1;

--
-- Contenu de la table `fuserights_subs`
--

INSERT INTO `fuserights_subs` (`sub`, `fuse`) VALUES
('habbo_club', 'fuse_can_create_more_rooms'),
('habbo_club', 'fuse_furni_chooser'),
('habbo_club', 'fuse_habbo_chooser'),
('habbo_vip', 'fuse_larger_wardrobe'),
('habbo_club', 'fuse_large_marketplace_token_batch'),
('habbo_vip', 'fuse_priority_access'),
('habbo_club', 'fuse_room_queue_club'),
('habbo_club', 'fuse_super_extended_buddylist'),
('habbo_club', 'fuse_use_club_badge'),
('habbo_club', 'fuse_use_club_catalog'),
('habbo_club', 'fuse_use_club_dance'),
('habbo_club', 'fuse_use_club_outfits'),
('habbo_club', 'fuse_use_special_room_layouts'),
('habbo_club', 'fuse_use_wardrobe'),
('habbo_club', 'pockethabbo_messenger_allowed'),
('habbo_club', 'enter_all_public_rooms'),
('habbo_vip', 'fuse_use_vip_outfits'),
('habbo_vip', 'fuse_use_vip_badge'),
('habbo_vip', 'fuse_use_vip_room_layouts'),
('habbo_vip', 'fuse_use_vip_wardrobe'),
('habbo_vip', 'enter_all_public_rooms_vip'),
('habbo_vip', 'fuse_hide_room_walls'),
('habbo_club', 'default');

-- --------------------------------------------------------

--
-- Structure de la table `groups_details`
--

CREATE TABLE IF NOT EXISTS `groups_details` (
  `id` int(10) NOT NULL AUTO_INCREMENT,
  `name` varchar(45) COLLATE latin1_general_ci NOT NULL,
  `description` varchar(200) COLLATE latin1_general_ci NOT NULL,
  `ownerid` int(10) NOT NULL,
  `roomid` int(10) NOT NULL,
  `created` varchar(50) COLLATE latin1_general_ci NOT NULL,
  `badge` text COLLATE latin1_general_ci NOT NULL,
  `type` int(1) NOT NULL DEFAULT '0',
  `recommended` int(1) NOT NULL DEFAULT '0',
  `views` int(15) NOT NULL,
  `pane` smallint(1) NOT NULL DEFAULT '0',
  `topics` smallint(1) NOT NULL DEFAULT '0',
  PRIMARY KEY (`id`,`name`)
) ENGINE=MyISAM  DEFAULT CHARSET=latin1 COLLATE=latin1_general_ci AUTO_INCREMENT=45 ;

--
-- Contenu de la table `groups_details`
--

INSERT INTO `groups_details` (`id`, `name`, `description`, `ownerid`, `roomid`, `created`, `badge`, `type`, `recommended`, `views`, `pane`, `topics`) VALUES
(1, 'HibboDEV', 'Testeeeeeeeeeeeeeeeeeeeeeeeeeeeeeeeeeeeeeeeeeeeeeeeeeee', 12, 0, 'nov 25, 2010 00:11:19 AM', 'b0711Xs18061s31107s17133', 0, 0, 19, 0, 0),
(2, 'ddddddddddddddddddsssssss', 'ssssssssssssssssssssssssssssssssssssssssssssssssssssssssssssssssssssssssssssssssssssssssssssssssssssssssssssssssssssssssssssssssssssssssssssssssssssssssssssssssssssssssssssssssssssssssssssssssssssssss', 12, 0, 'dic 02, 2010 21:02:45 PM', 'b0711Xs18061s31107s17133', 0, 0, 14, 0, 0),
(3, 'Fan de hibbodev', 'Vous íªtes fan de hibbo dev alors rejoignez ce clan', 23, 0, 'déc 05, 2010 13:01:24 PM', 'b2103Xs22014s11136s10092', 0, 0, 168, 0, 0),
(4, 'Japans', 'Pours les fan de japons,mangas,anime ou hentai<br />\n<br />\n<br />\nbienvenue dans le clans:<br />\n<br />\nJapons', 29, 0, 'déc 05, 2010 13:53:15 PM', 'b0711Xs18061s31107s17133', 0, 0, 13, 0, 0),
(5, 'Sweets', 'Oui ', 24, 0, 'déc 05, 2010 14:49:27 PM', 'b0711Xs18061s31107s17133', 0, 0, 16, 0, 0),
(6, 'Essai ma couille :p', 'MDR4 de la merde, venez sur hobbuo', 60, 0, 'déc 06, 2010 11:50:18 AM', 'b0711Xs18061s31107s17133', 0, 0, 13, 0, 0),
(7, 'Top Dowz', 'Votre hebergement í  petit prix :)', 61, 0, 'déc 06, 2010 12:30:16 PM', 'b0711Xs18061s31107s17133', 0, 0, 13, 0, 0),
(8, 'Teste', 'Teste', 68, 0, 'déc 06, 2010 17:00:46 PM', 'b0711Xs18061s31107s17133', 0, 0, 16, 0, 0),
(9, 'HibboDev Fan', 'Pour tout les fans de HibboDev [ R63 ] Rejoins se clans...', 66, 0, 'déc 06, 2010 19:50:33 PM', 'b0711Xs18061s31107s17133', 0, 0, 13, 0, 0),
(10, '#HibboDEV', 'Ceci est le clan officiel de HibboDEV.', 18, 0, 'déc 06, 2010 19:51:56 PM', 'b0711Xs18061s31107s17133', 0, 0, 17, 0, 0),
(11, 'FANS DES STAFFS', 'Venez si vous aimez beaucoup les staffs :D', 115, 0, 'déc 06, 2010 20:17:59 PM', 'b0711Xs18061s31107s17133', 0, 0, 14, 0, 0),
(12, 'mm', 'mmmm', 122, 0, 'déc 07, 2010 16:07:13 PM', 'b0711Xs18061s31107s17133', 0, 0, 13, 0, 0),
(13, 'testtg', 'gggggggggggggggg', 125, 0, 'déc 07, 2010 16:38:16 PM', 'b0711Xs18061s31107s17133', 0, 0, 13, 0, 0),
(14, 'HibboTheBest', 'HibboTheBestHibboTheBestHibboTheBestHibboTheBestHibboTheBest', 139, 0, 'déc 07, 2010 22:30:50 PM', 's18061s31107', 0, 0, 16, 0, 0),
(15, 'Nippon', 'pour les fan du japon ', 38, 0, 'déc 08, 2010 09:45:50 AM', 'b2409Xs18064', 0, 0, 27, 0, 0),
(16, 'TEST', 'TEST', 130, 0, 'déc 08, 2010 13:48:39 PM', 'b0711Xs18061s31107s17133', 0, 0, 15, 0, 0),
(17, 'Fan de Bleach-dev , Bloon', 'Si tu est fan de nous rejoins nous :)', 26, 0, 'déc 08, 2010 16:01:43 PM', 'b0711Xs18061s31107s17133', 0, 0, 18, 0, 0),
(18, 'Guide !', 'Guide non-officiel', 25, 0, 'déc 08, 2010 19:03:09 PM', 'b0711Xs18061s31107s17133', 0, 0, 14, 0, 0),
(19, 'aaaa', 'aaaa', 185, 0, 'déc 08, 2010 21:54:20 PM', 'b0711Xs18061s31107s17133', 0, 0, 12, 0, 0),
(20, 'Clan', 'clan', 196, 0, 'déc 09, 2010 12:54:12 PM', 'b0711Xs18061s31107s17133', 0, 0, 13, 0, 0),
(21, 'Hacked is no crime!', 'Hacked by scriptox is no crime', 199, 0, 'déc 09, 2010 13:14:19 PM', 'b2309Xs55051s06134s22015s22013', 0, 0, 30, 0, 0),
(22, 'Les X ( PAS OFFICIEL )', 'Ici sont tous les X non officiel', 205, 0, 'déc 09, 2010 14:19:52 PM', 'b1111Xs42024s44011', 0, 0, 14, 0, 0),
(23, 'Le clan des ados', 'Interti au moins de 12ans. Merci', 211, 0, 'déc 09, 2010 16:10:24 PM', 'b0511Xs42107', 0, 0, 29, 0, 0),
(24, '....', ';;;;;', 229, 0, 'déc 09, 2010 18:16:33 PM', 'b0711Xs18061s31107s17133', 0, 0, 11, 0, 0),
(25, 'HibboD', 'Fan club de HibboD !', 233, 0, 'déc 09, 2010 18:43:16 PM', 'b0109Xs05116s05114s05112', 0, 0, 38, 0, 0),
(26, 'Les ZinZin !', 'Les ZinZin font: De la pub pour hibboDev !', 242, 0, 'déc 09, 2010 19:49:03 PM', 'b0711Xs18061s31107s17133', 0, 0, 12, 0, 0),
(27, 'les rastas', 'Pour tous les rastaman!', 180, 5686, 'déc 09, 2010 20:32:14 PM', 'b1003Xs33014s39103s39014s39035', 0, 0, 28, 0, 0),
(28, 'Allez lou i a', 'llllllllllllo', 149, 0, 'déc 10, 2010 14:29:56 PM', 'b0711Xs18061s31107s17133', 0, 0, 14, 0, 0),
(29, 'gabtrix', 'jnhn', 292, 0, 'déc 11, 2010 02:15:49 AM', 'b0913Xs36014s34105s34123', 0, 0, 12, 0, 0),
(30, 'ciclobes', 'venez ici', 299, 0, 'déc 11, 2010 10:15:28 AM', 'b0711Xs18061s31107s17133', 0, 0, 10, 0, 0),
(31, 'staff', '.', 299, 0, 'déc 11, 2010 10:46:55 AM', 'b0711Xs18061s31107s17133', 0, 0, 12, 0, 0),
(32, 'Europa', 'Europa by Spz91', 213, 0, 'déc 11, 2010 13:13:34 PM', 'b0106Xs03014', 0, 0, 12, 0, 0),
(33, 'CAS!NOW', 'Un clan sur les casinos !', 310, 0, 'déc 11, 2010 14:24:53 PM', 'b1411Xs49031s04105s04103', 0, 0, 14, 0, 0),
(34, 'mafia k1 fri', 'hay hay hay', 311, 0, 'déc 11, 2010 14:38:47 PM', 'b0711Xs18061s31107s17133', 0, 0, 6, 0, 0),
(35, 'Sex', 'And the city nn jlol si toi aussi t aimme les sex', 297, 0, 'déc 11, 2010 16:28:02 PM', 's18060s31107s53138s18012', 0, 0, 7, 0, 0),
(36, 'No LIFE DES RETROS :)', 'Si tu est un no life des retros , se clan est fait pour toi .', 351, 0, 'déc 18, 2010 09:07:58 AM', 'b0711Xs18061s31107s17133', 0, 0, 9, 0, 0),
(37, 'Monsters', 'Le clan des monstres et vampires,<br />\nBrrr!<br />\nLe QG est en bobbastruction.<br />\n<br />\nMO0UAHAHAHAHHHHH!!!', 197, 0, 'déc 18, 2010 10:37:11 AM', 'b0310Xs55041s40013s06114', 0, 0, 37, 0, 0),
(38, 'Armée americaine !', 'soldat,sergent,gradé vous etes prés pour combatre bobbatres les terroriste !', 136, 0, 'déc 18, 2010 16:17:52 PM', 'b0709Xs20011s44064', 0, 0, 12, 0, 0),
(39, 'les detectives hibbodev', 'venez-faire-respecter-la-loi-sur-hibbodev-si-vous-avez-les-qualités-pour-etre-detective<br />\n<br />\nroi des detectives:sarashi', 386, 0, 'déc 18, 2010 17:36:32 PM', 'b0801Xs42014', 0, 0, 7, 0, 0),
(40, 'Corleon', 'Rejoignez-nous !', 396, 0, 'déc 18, 2010 20:16:01 PM', 's42014s26094', 0, 0, 14, 1, 0),
(41, ',,,,,,,,,,,,,,,,,,,,,,,,,', 'llllllllllllllllllllllllllllllllllllllllllllllllllll', 53, 0, 'déc 19, 2010 06:51:57 AM', 'b0711Xs18061s31107s17133', 0, 0, 5, 0, 0),
(42, 'AS Bondy Meilleur Club', 'Le meilleur club de foot et arriver', 405, 0, 'déc 19, 2010 09:04:46 AM', 'b0711Xs18061s31107s17133', 0, 0, 4, 0, 0),
(43, '&gt;#Flemards,Flemardes', '...', 425, 0, 'déc 19, 2010 16:26:30 PM', 's20134s29090s29108', 0, 0, 10, 0, 0),
(44, 'Noí«l.2010', 'La définition, aucune rejoins le clan .', 12, 0, 'déc 19, 2010 21:18:12 PM', 'b1110Xs08114', 0, 0, 11, 0, 0);

-- --------------------------------------------------------

--
-- Structure de la table `groups_links`
--

CREATE TABLE IF NOT EXISTS `groups_links` (
  `id` int(20) NOT NULL AUTO_INCREMENT,
  `groupid` int(20) NOT NULL,
  `short` varchar(50) NOT NULL,
  PRIMARY KEY (`id`)
) ENGINE=MyISAM DEFAULT CHARSET=latin1 AUTO_INCREMENT=1 ;

--
-- Contenu de la table `groups_links`
--


-- --------------------------------------------------------

--
-- Structure de la table `groups_memberships`
--

CREATE TABLE IF NOT EXISTS `groups_memberships` (
  `userid` int(10) NOT NULL,
  `groupid` int(10) NOT NULL,
  `member_rank` enum('3','2','1') COLLATE latin1_general_ci NOT NULL DEFAULT '3',
  `is_current` enum('0','1') COLLATE latin1_general_ci NOT NULL DEFAULT '0',
  `is_pending` enum('0','1') COLLATE latin1_general_ci NOT NULL DEFAULT '0'
) ENGINE=MyISAM DEFAULT CHARSET=latin1 COLLATE=latin1_general_ci;

--
-- Contenu de la table `groups_memberships`
--

INSERT INTO `groups_memberships` (`userid`, `groupid`, `member_rank`, `is_current`, `is_pending`) VALUES
(12, 1, '2', '0', '0'),
(12, 2, '2', '0', '0'),
(23, 3, '2', '1', '0'),
(29, 4, '2', '0', '0'),
(24, 5, '2', '0', '0'),
(60, 6, '2', '0', '0'),
(61, 7, '2', '0', '0'),
(68, 8, '2', '0', '0'),
(66, 9, '2', '0', '0'),
(18, 10, '2', '0', '0'),
(115, 11, '2', '0', '0'),
(12, 3, '1', '0', '0'),
(122, 12, '2', '0', '0'),
(125, 13, '2', '0', '0'),
(139, 14, '2', '1', '0'),
(38, 15, '2', '1', '0'),
(57, 3, '1', '0', '0'),
(21, 3, '1', '1', '0'),
(130, 16, '2', '0', '0'),
(113, 3, '1', '1', '0'),
(26, 3, '1', '1', '0'),
(26, 17, '2', '0', '0'),
(25, 18, '2', '1', '0'),
(185, 19, '2', '0', '0'),
(196, 20, '2', '0', '0'),
(169, 1, '1', '0', '0'),
(169, 3, '1', '1', '0'),
(199, 3, '1', '0', '0'),
(199, 21, '2', '1', '0'),
(205, 22, '2', '0', '0'),
(24, 3, '1', '1', '0'),
(211, 23, '2', '1', '0'),
(229, 24, '2', '0', '0'),
(233, 25, '2', '1', '0'),
(242, 26, '2', '0', '0'),
(180, 27, '2', '1', '0'),
(246, 3, '1', '1', '0'),
(48, 3, '1', '0', '0'),
(141, 3, '1', '1', '0'),
(122, 3, '1', '0', '0'),
(149, 28, '2', '1', '0'),
(292, 29, '2', '0', '0'),
(295, 3, '1', '1', '0'),
(299, 30, '2', '0', '0'),
(299, 31, '2', '1', '0'),
(213, 32, '2', '1', '0'),
(310, 33, '2', '1', '0'),
(311, 34, '2', '0', '0'),
(297, 35, '2', '0', '0'),
(351, 36, '2', '0', '0'),
(197, 37, '2', '1', '0'),
(136, 38, '2', '1', '0'),
(386, 39, '2', '1', '0'),
(396, 40, '2', '1', '0'),
(396, 3, '1', '0', '0'),
(53, 41, '2', '0', '0'),
(405, 42, '2', '0', '0'),
(422, 27, '1', '0', '0'),
(422, 3, '1', '0', '0'),
(425, 43, '2', '1', '0'),
(12, 44, '2', '1', '0'),
(422, 44, '1', '1', '0');

-- --------------------------------------------------------

--
-- Structure de la table `help_subjects`
--

CREATE TABLE IF NOT EXISTS `help_subjects` (
  `id` int(11) unsigned NOT NULL AUTO_INCREMENT,
  `caption` varchar(100) NOT NULL,
  PRIMARY KEY (`id`)
) ENGINE=MyISAM  DEFAULT CHARSET=latin1 AUTO_INCREMENT=6 ;

--
-- Contenu de la table `help_subjects`
--

INSERT INTO `help_subjects` (`id`, `caption`) VALUES
(1, 'Comment avoir des crédits ?'),
(2, 'Comment être VIP ?'),
(3, 'Je n''arrive pas a me connecté que faire ?'),
(4, 'Mon animal est bizare, c''est un bug ?'),
(5, 'Infobus');

-- --------------------------------------------------------

--
-- Structure de la table `help_topics`
--

CREATE TABLE IF NOT EXISTS `help_topics` (
  `id` int(11) unsigned NOT NULL AUTO_INCREMENT,
  `subject` int(11) unsigned NOT NULL DEFAULT '1',
  `title` varchar(50) NOT NULL,
  `body` text NOT NULL,
  `known_issue` enum('0','1','2') NOT NULL DEFAULT '0',
  PRIMARY KEY (`id`)
) ENGINE=MyISAM  DEFAULT CHARSET=latin1 AUTO_INCREMENT=14 ;

--
-- Contenu de la table `help_topics`
--

INSERT INTO `help_topics` (`id`, `subject`, `title`, `body`, `known_issue`) VALUES
(1, 1, 'C''est quoi HibboDEV ?', 'HibboDEV est un rétroserveur de habbohotel.com , toute les images et fichier vienne de SULACK nous somme pas responsable de vos actes c''est a vous de choisir soit joué ici ou soit joué sur habbo.fr , bref hibbodev est un hotel en version R59+ basé sur UberEMU modifié ainsi par notre équipe il n''est pas totalement stable mais le sera dans les version à venir !', '2'),
(2, 1, 'Certaine erreur te sont arrivé ?', 'Ok pas de soucie, des bugs du genre déconnexion surprise lors de l''appuie sur un mobi ou l''achat d''un mobis ou autre pas de soucie tout viens de l''émulateur non fixé il le sera dans les prochaine version merci tout de même de le signalé au support.', '2'),
(3, 2, 'Les crédits c''est quoi ?', 'Les crédits sont la monnaie de l''hôtel sans ça tu n''est rien, voici les méthode suivante pour en acquérir d''avantage :\r\n\r\n* En t''inscrivant sur hibbodev tu reçoi la somme new de 50000crédits.\r\n* Un système qui permet de recevoir 3000crédits tout les 24h maximum.\r\n* En participant a des compétition ou des jeu sponsorisé par un Game Manager.\r\n* Ou tout simplement en troquant des tes mobis contre des crédits.', '1'),
(4, 2, 'Les pixels servent à quoi ?', 'Les pixels sont une somme un peu plus différentes des crédits néanmoins un peu plus cool avec tu peut acquérir des objet mystérieux, loué des effet ou encore avoir des mobis moins cher, pour en avoir il te suffi tout simplement de te connecter régulièrement sur hibboDEV ou d''en acheter dans la boutique sécurisé .', '1'),
(5, 2, 'Quels sont les récompense ?', 'Les récompenses sont des Badges au quel tu peut d''identifié et faire ton beau, certains badges sont très rares, il y as les crédits et les pixels !', '1'),
(6, 2, '#', '#not', '0'),
(7, 1, 'Staff', 'Les Staff sont classer par critère en fonction de leur compétences, chaque modérateur s''occupe de la gestion de l''hotel, appel d''aide , bug ou autre, il sont là aussi en cas de non respect des règles en cas de pépin les modérateur de HibboDEV ont le droit de sanctionner l''utilisateur avertie ! ', '2'),
(8, 3, 'J''ai une suggestion pour de nouveau mobis!', 'Malgré les nouvelle version et de nouveau SWF hibboDEV ne dispose plus de fonction permettant de créer nos propre mobi , mais bien sûr chaque fois que habbohotel.com sort de nouveau mobis il seront aussitôt ajouté au catalogue et seront avertis dans un article .', '0'),
(9, 3, 'Pourquoi il manque des mobis ?', 'Des mobis sont mis de côté chaque mois de nouvelle catégorie apparaissent, il peut n''y avoir que 10catégoris maximum , mise à part les VIP il peuvent avoir jusqu''à 15 catégorie et les RARES en plus !', '1'),
(10, 5, 'Où est l''Infobus?', 'L''infobus au-quels tu peut discutait de ta vie d''ado rebelle avec t''es potes, n''est malheureusement indisponible pour le moment mais attention ça ne reste que provisoire !', '1'),
(11, 3, 'J''ai des suggestion , plaintes ect ...', 'Si tu as des question ou autre parle-en aux modérateur de l''hôtel t''écouteront avec plaisir ou bien sur envoi un message si c''est une urgence ! (vol,arnaque)', '1'),
(12, 1, 'Raporté un utilisateur suspet ', 'Si tu découvre une attitude suspecte d''un(e) autre hibbo dis le vite à un modérateur via la box !', '2'),
(13, 1, '#', '#not', '2');

-- --------------------------------------------------------

--
-- Structure de la table `ipn_requests`
--

CREATE TABLE IF NOT EXISTS `ipn_requests` (
  `id` int(11) NOT NULL AUTO_INCREMENT,
  `date` text NOT NULL,
  `ip` text NOT NULL,
  `status` enum('0','1','2','3','4','5','6') NOT NULL DEFAULT '0' COMMENT '0 = Error, 1 = OK, 2 = Forced, 3 = Auth failure, 4 = UID not found, 5 = Forced, 6 = Data failure',
  `request_data` text NOT NULL,
  `user_id` int(10) unsigned NOT NULL DEFAULT '0',
  `balance_diff` int(11) NOT NULL DEFAULT '0',
  PRIMARY KEY (`id`)
) ENGINE=MyISAM DEFAULT CHARSET=latin1 AUTO_INCREMENT=1 ;

--
-- Contenu de la table `ipn_requests`
--


-- --------------------------------------------------------

--
-- Structure de la table `item_id_generator`
--

CREATE TABLE IF NOT EXISTS `item_id_generator` (
  `id_generator` int(10) unsigned NOT NULL,
  KEY `id_generator` (`id_generator`)
) ENGINE=MyISAM DEFAULT CHARSET=latin1;

--
-- Contenu de la table `item_id_generator`
--

INSERT INTO `item_id_generator` (`id_generator`) VALUES
(109685);

-- --------------------------------------------------------

--
-- Structure de la table `messenger_categorys`
--

CREATE TABLE IF NOT EXISTS `messenger_categorys` (
  `id` int(10) NOT NULL AUTO_INCREMENT,
  `name` varchar(50) NOT NULL,
  `owner_id` int(20) NOT NULL,
  PRIMARY KEY (`id`)
) ENGINE=MyISAM DEFAULT CHARSET=latin1 AUTO_INCREMENT=1 ;

--
-- Contenu de la table `messenger_categorys`
--


-- --------------------------------------------------------

--
-- Structure de la table `messenger_friendships`
--

CREATE TABLE IF NOT EXISTS `messenger_friendships` (
  `user_one_id` int(10) unsigned NOT NULL,
  `user_two_id` int(10) unsigned NOT NULL,
  `category` text CHARACTER SET latin1 COLLATE latin1_spanish_ci NOT NULL,
  KEY `user_one_id` (`user_one_id`)
) ENGINE=MyISAM DEFAULT CHARSET=latin1;

--
-- Contenu de la table `messenger_friendships`
--

INSERT INTO `messenger_friendships` (`user_one_id`, `user_two_id`, `category`) VALUES
(10, 11, ''),
(11, 10, ''),
(12, 14, ''),
(14, 12, ''),
(132, 122, ''),
(122, 132, ''),
(132, 134, ''),
(134, 132, ''),
(122, 134, ''),
(134, 122, ''),
(138, 139, ''),
(139, 138, ''),
(139, 141, ''),
(141, 139, ''),
(142, 139, ''),
(139, 142, ''),
(21, 66, ''),
(66, 21, ''),
(21, 17, ''),
(17, 21, ''),
(26, 145, ''),
(145, 26, ''),
(148, 109, ''),
(109, 148, ''),
(38, 23, ''),
(23, 38, ''),
(109, 38, ''),
(38, 109, ''),
(148, 38, ''),
(38, 148, ''),
(139, 152, ''),
(152, 139, ''),
(61, 152, ''),
(152, 61, ''),
(148, 152, ''),
(152, 148, ''),
(61, 31, ''),
(31, 61, ''),
(31, 139, ''),
(139, 31, ''),
(18, 31, ''),
(31, 18, ''),
(18, 30, ''),
(30, 18, ''),
(150, 38, ''),
(38, 150, ''),
(26, 31, ''),
(31, 26, ''),
(133, 28, ''),
(28, 133, ''),
(165, 66, ''),
(66, 165, ''),
(167, 166, ''),
(166, 167, ''),
(163, 66, ''),
(66, 163, ''),
(167, 168, ''),
(168, 167, ''),
(163, 168, ''),
(168, 163, ''),
(166, 168, ''),
(168, 166, ''),
(134, 168, ''),
(168, 134, ''),
(132, 168, ''),
(168, 132, ''),
(166, 169, ''),
(169, 166, ''),
(167, 169, ''),
(169, 167, ''),
(142, 169, ''),
(169, 142, ''),
(163, 169, ''),
(169, 163, ''),
(132, 169, ''),
(169, 132, ''),
(168, 169, ''),
(169, 168, ''),
(132, 31, ''),
(31, 132, ''),
(31, 122, ''),
(122, 31, ''),
(31, 169, ''),
(169, 31, ''),
(133, 31, ''),
(170, 169, ''),
(169, 170, ''),
(23, 169, ''),
(169, 23, ''),
(122, 169, ''),
(169, 122, ''),
(167, 163, ''),
(163, 167, ''),
(31, 133, ''),
(18, 26, ''),
(26, 18, ''),
(30, 12, ''),
(12, 30, ''),
(18, 12, ''),
(12, 18, ''),
(23, 163, ''),
(163, 23, ''),
(12, 166, ''),
(166, 12, ''),
(12, 169, ''),
(169, 12, ''),
(12, 172, ''),
(172, 12, ''),
(17, 169, ''),
(169, 17, ''),
(23, 167, ''),
(167, 23, ''),
(174, 12, ''),
(12, 174, ''),
(173, 178, ''),
(178, 173, ''),
(173, 177, ''),
(177, 173, ''),
(178, 177, ''),
(177, 178, ''),
(172, 178, ''),
(178, 172, ''),
(23, 178, ''),
(178, 23, ''),
(167, 180, ''),
(180, 167, ''),
(177, 180, ''),
(180, 177, ''),
(169, 180, ''),
(180, 169, ''),
(181, 180, ''),
(180, 181, ''),
(28, 180, ''),
(180, 28, ''),
(62, 169, ''),
(169, 62, ''),
(28, 169, ''),
(169, 28, ''),
(177, 169, ''),
(169, 177, ''),
(34, 169, ''),
(169, 34, ''),
(183, 169, ''),
(169, 183, ''),
(183, 180, ''),
(180, 183, ''),
(180, 168, ''),
(168, 180, ''),
(183, 168, ''),
(168, 183, ''),
(58, 169, ''),
(169, 58, ''),
(185, 169, ''),
(169, 185, ''),
(31, 191, ''),
(191, 31, ''),
(31, 163, ''),
(163, 31, ''),
(191, 177, ''),
(177, 191, ''),
(169, 18, ''),
(18, 169, ''),
(200, 169, ''),
(169, 200, ''),
(199, 169, ''),
(169, 199, ''),
(39, 169, ''),
(169, 39, ''),
(211, 212, ''),
(212, 211, ''),
(212, 169, ''),
(169, 212, ''),
(211, 169, ''),
(169, 211, ''),
(213, 169, ''),
(169, 213, ''),
(61, 169, ''),
(169, 61, ''),
(154, 169, ''),
(169, 154, ''),
(214, 169, ''),
(169, 214, ''),
(177, 168, ''),
(168, 177, ''),
(172, 168, ''),
(168, 172, ''),
(23, 168, ''),
(168, 23, ''),
(197, 168, ''),
(168, 197, ''),
(197, 169, ''),
(169, 197, ''),
(209, 169, ''),
(169, 209, ''),
(209, 168, ''),
(168, 209, ''),
(209, 177, ''),
(177, 209, ''),
(18, 209, ''),
(209, 18, ''),
(23, 177, ''),
(177, 23, ''),
(23, 227, ''),
(227, 23, ''),
(180, 228, ''),
(228, 180, ''),
(163, 230, ''),
(230, 163, ''),
(23, 230, ''),
(230, 23, ''),
(131, 180, ''),
(228, 239, ''),
(239, 228, ''),
(209, 239, ''),
(239, 209, ''),
(209, 233, ''),
(233, 209, ''),
(242, 209, ''),
(209, 242, ''),
(242, 239, ''),
(239, 242, ''),
(180, 131, ''),
(48, 141, ''),
(141, 48, ''),
(48, 256, ''),
(256, 48, ''),
(225, 256, ''),
(256, 225, ''),
(119, 141, ''),
(141, 119, ''),
(257, 256, ''),
(256, 257, ''),
(141, 256, ''),
(256, 141, ''),
(260, 257, ''),
(257, 260, ''),
(169, 257, ''),
(257, 169, ''),
(263, 262, ''),
(262, 263, ''),
(262, 257, ''),
(257, 262, ''),
(169, 262, ''),
(262, 169, ''),
(257, 228, ''),
(228, 257, ''),
(260, 228, ''),
(228, 260, ''),
(262, 228, ''),
(228, 262, ''),
(257, 180, ''),
(180, 257, ''),
(260, 180, ''),
(180, 260, ''),
(180, 262, ''),
(262, 180, ''),
(260, 262, ''),
(262, 260, ''),
(197, 180, ''),
(180, 197, ''),
(266, 180, ''),
(180, 266, ''),
(267, 180, ''),
(180, 267, ''),
(268, 180, ''),
(180, 268, ''),
(197, 266, ''),
(266, 197, ''),
(270, 269, ''),
(269, 270, ''),
(268, 266, ''),
(266, 268, ''),
(270, 180, ''),
(180, 270, ''),
(260, 270, ''),
(270, 260, ''),
(149, 180, ''),
(180, 149, ''),
(18, 260, ''),
(260, 18, ''),
(149, 270, ''),
(270, 149, ''),
(270, 271, ''),
(271, 270, ''),
(271, 180, ''),
(180, 271, ''),
(269, 180, ''),
(180, 269, ''),
(271, 260, ''),
(260, 271, ''),
(260, 269, ''),
(269, 260, ''),
(172, 270, ''),
(270, 172, ''),
(271, 269, ''),
(269, 271, ''),
(172, 269, ''),
(269, 172, ''),
(172, 180, ''),
(180, 172, ''),
(278, 270, ''),
(270, 278, ''),
(281, 166, ''),
(166, 281, ''),
(172, 279, ''),
(279, 172, ''),
(166, 270, ''),
(270, 166, ''),
(172, 169, ''),
(169, 172, ''),
(169, 270, ''),
(270, 169, ''),
(285, 169, ''),
(169, 285, ''),
(278, 169, ''),
(169, 278, ''),
(166, 180, ''),
(180, 166, ''),
(287, 169, ''),
(169, 287, ''),
(287, 180, ''),
(180, 287, ''),
(286, 169, ''),
(169, 286, ''),
(286, 180, ''),
(180, 286, ''),
(172, 166, ''),
(166, 172, ''),
(289, 270, ''),
(270, 289, ''),
(183, 209, ''),
(209, 183, ''),
(209, 270, ''),
(270, 209, ''),
(257, 270, ''),
(270, 257, ''),
(166, 257, ''),
(257, 166, ''),
(163, 299, ''),
(299, 163, ''),
(166, 262, ''),
(262, 166, ''),
(163, 262, ''),
(262, 163, ''),
(299, 262, ''),
(262, 299, ''),
(62, 262, ''),
(262, 62, ''),
(282, 299, ''),
(299, 282, ''),
(166, 299, ''),
(299, 166, ''),
(298, 299, ''),
(299, 298, ''),
(302, 262, ''),
(262, 302, ''),
(166, 304, ''),
(304, 166, ''),
(163, 166, ''),
(166, 163, ''),
(172, 211, ''),
(211, 172, ''),
(315, 221, ''),
(221, 315, ''),
(191, 169, ''),
(169, 191, ''),
(148, 169, ''),
(169, 148, ''),
(176, 270, ''),
(270, 176, ''),
(176, 169, ''),
(169, 176, ''),
(148, 270, ''),
(270, 148, ''),
(169, 134, ''),
(134, 169, ''),
(148, 134, ''),
(134, 148, ''),
(172, 134, ''),
(134, 172, ''),
(270, 134, ''),
(134, 270, ''),
(325, 169, ''),
(169, 325, ''),
(269, 169, ''),
(169, 269, ''),
(269, 327, ''),
(327, 269, ''),
(160, 169, ''),
(169, 160, ''),
(331, 270, ''),
(270, 331, ''),
(327, 270, ''),
(270, 327, ''),
(110, 270, ''),
(270, 110, ''),
(345, 344, ''),
(344, 345, ''),
(26, 221, ''),
(221, 26, ''),
(165, 269, ''),
(269, 165, ''),
(355, 269, ''),
(269, 355, ''),
(352, 355, ''),
(172, 357, ''),
(357, 172, ''),
(358, 269, ''),
(269, 358, ''),
(358, 355, ''),
(355, 358, ''),
(355, 352, ''),
(166, 355, ''),
(355, 166, ''),
(166, 269, ''),
(269, 166, ''),
(352, 269, ''),
(269, 352, ''),
(355, 270, ''),
(270, 355, ''),
(26, 166, ''),
(166, 26, ''),
(166, 364, ''),
(364, 166, ''),
(363, 364, ''),
(364, 363, ''),
(163, 352, ''),
(352, 163, ''),
(352, 364, ''),
(364, 352, ''),
(365, 364, ''),
(364, 365, ''),
(197, 364, ''),
(364, 197, ''),
(352, 197, ''),
(197, 352, ''),
(163, 364, ''),
(364, 163, ''),
(136, 197, ''),
(197, 136, ''),
(197, 363, ''),
(363, 197, ''),
(363, 367, ''),
(367, 363, ''),
(352, 367, ''),
(367, 352, ''),
(201, 367, ''),
(367, 201, ''),
(362, 367, ''),
(367, 362, ''),
(368, 367, ''),
(367, 368, ''),
(197, 367, ''),
(367, 197, ''),
(352, 209, ''),
(209, 352, ''),
(30, 209, ''),
(209, 30, ''),
(26, 209, ''),
(209, 26, ''),
(209, 367, ''),
(367, 209, ''),
(373, 367, ''),
(367, 373, ''),
(375, 367, ''),
(367, 375, ''),
(17, 367, ''),
(367, 17, ''),
(17, 376, ''),
(376, 17, ''),
(197, 376, ''),
(376, 197, ''),
(17, 197, ''),
(197, 17, ''),
(375, 197, ''),
(197, 375, ''),
(375, 376, ''),
(363, 376, ''),
(376, 363, ''),
(376, 375, ''),
(376, 367, ''),
(367, 376, ''),
(379, 367, ''),
(367, 379, ''),
(352, 270, ''),
(270, 352, ''),
(136, 270, ''),
(270, 136, ''),
(352, 169, ''),
(169, 352, ''),
(26, 375, ''),
(375, 26, ''),
(136, 384, ''),
(384, 136, ''),
(119, 343, ''),
(343, 119, ''),
(386, 269, ''),
(269, 386, ''),
(384, 270, ''),
(270, 384, ''),
(136, 327, ''),
(327, 136, ''),
(269, 136, ''),
(136, 269, ''),
(165, 270, ''),
(270, 165, ''),
(389, 270, ''),
(270, 389, ''),
(136, 354, ''),
(354, 136, ''),
(269, 354, ''),
(354, 269, ''),
(327, 354, ''),
(354, 327, ''),
(163, 354, ''),
(354, 163, ''),
(163, 327, ''),
(327, 163, ''),
(163, 136, ''),
(136, 163, ''),
(172, 327, ''),
(327, 172, ''),
(327, 271, ''),
(271, 327, ''),
(201, 271, ''),
(271, 201, ''),
(270, 343, ''),
(343, 270, ''),
(327, 343, ''),
(343, 327, ''),
(269, 343, ''),
(343, 269, ''),
(397, 270, ''),
(270, 397, ''),
(345, 270, ''),
(270, 345, ''),
(119, 270, ''),
(270, 119, ''),
(344, 270, ''),
(270, 344, ''),
(345, 119, ''),
(119, 345, ''),
(344, 119, ''),
(119, 344, ''),
(18, 119, ''),
(119, 18, ''),
(163, 344, ''),
(344, 163, ''),
(401, 363, ''),
(363, 401, ''),
(363, 408, ''),
(408, 363, ''),
(26, 354, ''),
(354, 26, ''),
(413, 180, ''),
(180, 413, ''),
(163, 180, ''),
(180, 163, ''),
(363, 180, ''),
(180, 363, ''),
(107, 270, ''),
(270, 107, ''),
(363, 270, ''),
(270, 363, ''),
(413, 270, ''),
(270, 413, ''),
(23, 270, ''),
(270, 23, ''),
(163, 415, ''),
(415, 163, ''),
(270, 415, ''),
(415, 270, ''),
(375, 270, ''),
(270, 375, ''),
(375, 415, ''),
(415, 375, ''),
(352, 415, ''),
(415, 352, ''),
(418, 270, ''),
(270, 418, ''),
(375, 163, ''),
(163, 375, ''),
(419, 270, ''),
(270, 419, ''),
(375, 180, ''),
(180, 375, ''),
(420, 180, ''),
(180, 420, ''),
(413, 169, ''),
(169, 413, ''),
(375, 169, ''),
(169, 375, ''),
(413, 269, ''),
(269, 413, ''),
(421, 169, ''),
(169, 421, ''),
(421, 269, ''),
(269, 421, ''),
(327, 169, ''),
(169, 327, ''),
(327, 180, ''),
(180, 327, ''),
(421, 180, ''),
(180, 421, ''),
(26, 169, ''),
(169, 26, ''),
(31, 327, ''),
(327, 31, ''),
(421, 270, ''),
(270, 421, ''),
(163, 422, ''),
(422, 163, ''),
(422, 180, ''),
(180, 422, ''),
(327, 422, ''),
(422, 327, ''),
(413, 422, ''),
(422, 413, ''),
(375, 422, ''),
(422, 375, ''),
(375, 327, ''),
(327, 375, ''),
(424, 422, ''),
(422, 424, ''),
(424, 26, ''),
(26, 424, ''),
(373, 327, ''),
(327, 373, ''),
(421, 373, ''),
(373, 421, ''),
(119, 424, ''),
(424, 119, ''),
(327, 119, ''),
(119, 327, ''),
(31, 119, ''),
(119, 31, ''),
(31, 424, ''),
(424, 31, ''),
(31, 180, ''),
(180, 31, ''),
(119, 422, ''),
(422, 119, ''),
(119, 180, ''),
(180, 119, ''),
(352, 180, ''),
(180, 352, ''),
(119, 169, ''),
(169, 119, ''),
(424, 169, ''),
(169, 424, ''),
(169, 271, ''),
(271, 169, ''),
(408, 327, ''),
(327, 408, ''),
(119, 30, ''),
(30, 119, ''),
(119, 271, ''),
(271, 119, ''),
(352, 327, ''),
(327, 352, ''),
(408, 421, ''),
(421, 408, ''),
(408, 422, ''),
(422, 408, ''),
(422, 421, ''),
(421, 422, ''),
(421, 163, ''),
(163, 421, ''),
(23, 432, ''),
(432, 23, ''),
(433, 421, ''),
(433, 431, ''),
(431, 433, ''),
(352, 431, ''),
(431, 352, ''),
(433, 422, ''),
(422, 433, ''),
(421, 433, ''),
(431, 421, ''),
(421, 431, ''),
(422, 169, ''),
(169, 422, ''),
(438, 422, ''),
(422, 438, ''),
(438, 421, ''),
(421, 438, ''),
(438, 169, ''),
(169, 438, ''),
(431, 169, ''),
(169, 431, ''),
(195, 422, ''),
(422, 195, ''),
(195, 169, ''),
(169, 195, ''),
(352, 422, ''),
(422, 352, ''),
(209, 415, ''),
(415, 209, ''),
(352, 421, ''),
(421, 352, ''),
(408, 270, ''),
(270, 408, ''),
(408, 271, ''),
(271, 408, ''),
(408, 295, ''),
(295, 408, ''),
(163, 295, ''),
(295, 163, ''),
(169, 441, ''),
(441, 169, ''),
(163, 441, ''),
(441, 163, ''),
(408, 441, ''),
(441, 408, ''),
(396, 441, ''),
(441, 396, ''),
(408, 396, ''),
(396, 408, ''),
(441, 443, ''),
(443, 441, ''),
(441, 270, ''),
(270, 441, ''),
(443, 270, ''),
(270, 443, ''),
(446, 169, ''),
(169, 446, '');

-- --------------------------------------------------------

--
-- Structure de la table `messenger_log`
--

CREATE TABLE IF NOT EXISTS `messenger_log` (
  `username` varchar(30) NOT NULL,
  `receiver` varchar(30) DEFAULT NULL,
  `mtime` time NOT NULL DEFAULT '00:00:00',
  `message` varchar(200) NOT NULL,
  `invite` tinyint(1) NOT NULL DEFAULT '0'
) ENGINE=MyISAM DEFAULT CHARSET=latin1;

--
-- Contenu de la table `messenger_log`
--


-- --------------------------------------------------------

--
-- Structure de la table `messenger_requests`
--

CREATE TABLE IF NOT EXISTS `messenger_requests` (
  `from_id` int(10) unsigned NOT NULL,
  `to_id` int(10) unsigned NOT NULL,
  `id` int(11) unsigned NOT NULL AUTO_INCREMENT,
  PRIMARY KEY (`id`)
) ENGINE=MyISAM  DEFAULT CHARSET=latin1 AUTO_INCREMENT=267 ;

--
-- Contenu de la table `messenger_requests`
--

INSERT INTO `messenger_requests` (`from_id`, `to_id`, `id`) VALUES
(233, 148, 21),
(270, 160, 18),
(270, 154, 24),
(119, 12, 27),
(119, 16, 28),
(119, 36, 29),
(270, 163, 108),
(136, 366, 59),
(269, 163, 110),
(271, 136, 121),
(169, 181, 207),
(270, 329, 128),
(396, 23, 259),
(119, 163, 135),
(270, 399, 130),
(431, 12, 222),
(441, 23, 251);

-- --------------------------------------------------------

--
-- Structure de la table `moderation_forum_replies`
--

CREATE TABLE IF NOT EXISTS `moderation_forum_replies` (
  `id` int(10) unsigned NOT NULL AUTO_INCREMENT,
  `thread_id` int(10) unsigned NOT NULL,
  `poster` varchar(120) NOT NULL,
  `date` varchar(50) NOT NULL,
  `message` text NOT NULL,
  PRIMARY KEY (`id`)
) ENGINE=MyISAM DEFAULT CHARSET=latin1 AUTO_INCREMENT=1 ;

--
-- Contenu de la table `moderation_forum_replies`
--


-- --------------------------------------------------------

--
-- Structure de la table `moderation_forum_threads`
--

CREATE TABLE IF NOT EXISTS `moderation_forum_threads` (
  `id` int(10) unsigned NOT NULL AUTO_INCREMENT,
  `poster` varchar(100) NOT NULL,
  `subject` varchar(120) NOT NULL,
  `date` varchar(50) NOT NULL,
  `timestamp` double NOT NULL,
  `message` text NOT NULL,
  `locked` enum('0','1') NOT NULL DEFAULT '0',
  PRIMARY KEY (`id`)
) ENGINE=MyISAM DEFAULT CHARSET=latin1 AUTO_INCREMENT=1 ;

--
-- Contenu de la table `moderation_forum_threads`
--


-- --------------------------------------------------------

--
-- Structure de la table `moderation_presets`
--

CREATE TABLE IF NOT EXISTS `moderation_presets` (
  `id` int(10) unsigned NOT NULL AUTO_INCREMENT,
  `enabled` enum('0','1') NOT NULL DEFAULT '1',
  `type` enum('message','roommessage') NOT NULL DEFAULT 'message',
  `message` text NOT NULL,
  PRIMARY KEY (`id`)
) ENGINE=MyISAM  DEFAULT CHARSET=latin1 AUTO_INCREMENT=17 ;

--
-- Contenu de la table `moderation_presets`
--

INSERT INTO `moderation_presets` (`id`, `enabled`, `type`, `message`) VALUES
(2, '0', 'message', 'Your language and/or behavior is unacceptable. Please behave appropriately or expect further action.'),
(3, '0', 'roommessage', 'This room is unacceptable to the hotel management.'),
(14, '0', 'message', 'Speaking a foreign language is against hotel policy, if you cotinue you will be banned.'),
(15, '0', 'message', 'Please report this on our UserVoice - http://uber.uservoice.com/forums/45577-general'),
(16, '0', 'roommessage', 'Speaking a foreign language is against hotel policy, if you cotinue you will be banned.');

-- --------------------------------------------------------

--
-- Structure de la table `moderation_tickets`
--

CREATE TABLE IF NOT EXISTS `moderation_tickets` (
  `id` int(10) unsigned NOT NULL AUTO_INCREMENT,
  `score` int(11) NOT NULL,
  `type` int(11) NOT NULL,
  `status` enum('open','picked','resolved','abusive','invalid','deleted') NOT NULL DEFAULT 'open',
  `sender_id` int(10) unsigned NOT NULL,
  `reported_id` int(10) unsigned NOT NULL,
  `moderator_id` int(10) unsigned NOT NULL,
  `message` text NOT NULL,
  `room_id` int(10) unsigned NOT NULL,
  `room_name` varchar(100) NOT NULL,
  `timestamp` double NOT NULL,
  PRIMARY KEY (`id`)
) ENGINE=MyISAM  DEFAULT CHARSET=latin1 AUTO_INCREMENT=18 ;

--
-- Contenu de la table `moderation_tickets`
--

INSERT INTO `moderation_tickets` (`id`, `score`, `type`, `status`, `sender_id`, `reported_id`, `moderator_id`, `message`, `room_id`, `room_name`, `timestamp`) VALUES
(1, 1, 101, 'abusive', 7, 18, 72, ':(:(:(:(:(:(:(:((:(:(:(:(:(:(:(:(:(', 40, 'Habbo 3000', 1284809471.23591),
(2, 1, 106, 'invalid', 27, 0, 72, 'Nosse si decirlo aqui pero cuando pones :news dice "La mi***a que ni siquiera quiero saber!" aparece eso :B', 459310, 'emsaic''s room', 1284840021.69591),
(3, 1, 103, 'picked', 2, 1, 2, 'SOCORROOOOO me VIOLAAAAAAAAAAAAAAAAAAAAAAAAAAAAAAAAAAAA ', 459512, 'Salon :$', 1286637362),
(4, 1, 104, 'picked', 2, 1, 2, 'DARKENENTAL NO ME DEJA EN PAAAAAAAAAAAAAAAAAAAAAAAAAAAZZZZZZZZZZZZZZZZZ SOCOROOOOOOOOOOOOOO HELP!! ', 459512, 'Salon :$', 1286637425),
(5, 1, 106, 'resolved', 5, 0, 1, 'Auxilio Rescatenme aaaaaaaaaaaaaaaaaaaaaaaaaaa', 459594, 'dani y manu y sara', 1287440388),
(6, 1, 102, 'resolved', 8, 5, 1, 'puso su correo su numero de telefono asta se encuero xD ya no se me ocurre nada', 459596, 'AUSENTE HACIENDO TAREA SI ME JODES TE JODO :D', 1287441752),
(7, 1, 105, 'invalid', 10, 0, 10, 'gggggggggggggggggggggggggggggggggggggggggggg', 5532, 'DEV C#', 1290378176),
(8, 1, 106, 'resolved', 17, 0, 18, 'bg accepte amigo s''il te plait.', 5593, 'test', 1291830024),
(9, 1, 106, 'picked', 180, 0, 26, 'On ne peut pas placer de mobi. Est Ã  cause du nouvel emu ou c''est moi qui bug?', 5684, 'jungle (en construction)', 1291896002),
(10, 1, 106, 'picked', 212, 0, 172, 'Comment on Empile ,?,Merci de bein vouloir Repondre', 5697, 'Casino.', 1291907384),
(11, 1, 106, 'open', 167, 0, 172, 'Un staff peut il venir chez moi svp ?', 5704, 'Bureau (Prison)', 1291918891),
(12, 1, 106, 'open', 281, 0, 172, 'Comment on change de nom ? je m''appelle militaire400 j''ai mis pas ce nom j''ai mis l''adresse qui s''appelle militaire40@...... et maintenant je m''appelle militaire400', 5789, 'Tout  Et  Rien ;)', 1292013440),
(13, 1, 106, 'picked', 316, 0, 119, 'bjr ses pour dire que ses moi qui la acheter :) thomaspompier', 5832, 'studio de TUFRADIO', 1292080082),
(14, 1, 101, 'picked', 30, 31, 424, 'il dit que je vais te suceer (teste)', 5838, 'Jeu de l''oie', 1292084749),
(15, 1, 106, 'picked', 378, 0, 31, 'Comment on change de pseudo svp car mon pseudo est le debut de mon email ', 5884, 'toileete restau', 1292679085),
(16, 1, 103, 'open', 413, 31, 172, 'il dis su''il faut que j''enlÃ¨ve mon badje de staff alors oila moi je me sent gener', 5893, '...', 1292767499),
(17, 1, 102, 'open', 270, 424, 0, 'il n arrete pas de dire mon  numeros a tt le monde et tt le monde m appelle et sa se fait pas et parle de rapport sexuelle devant ma soeur mais la elle c deconneter', 5906, 'Centre D''aife [HibboDev]', 1292835756);

-- --------------------------------------------------------

--
-- Structure de la table `navigator_flatcats`
--

CREATE TABLE IF NOT EXISTS `navigator_flatcats` (
  `id` int(11) NOT NULL AUTO_INCREMENT,
  `caption` varchar(100) NOT NULL,
  `enabled` enum('0','1') NOT NULL DEFAULT '1',
  `min_rank` int(11) NOT NULL DEFAULT '1',
  PRIMARY KEY (`id`)
) ENGINE=MyISAM  DEFAULT CHARSET=latin1 AUTO_INCREMENT=16 ;

--
-- Contenu de la table `navigator_flatcats`
--

INSERT INTO `navigator_flatcats` (`id`, `caption`, `enabled`, `min_rank`) VALUES
(15, 'Sin categoría', '1', 1),
(1, 'Salas de Staff ?', '1', 7),
(2, 'Salas de Moderadores ?', '1', 5),
(3, 'CA-Centro de Ayuda', '1', 1),
(4, '5 Planta: Fiestas', '1', 1),
(5, '2 Planta: Juegos', '1', 1),
(6, '4 Planta: Ayuda', '1', 1),
(7, '1 Planta: Charla', '1', 1),
(8, '3 Planta: Cambios', '1', 1);

-- --------------------------------------------------------

--
-- Structure de la table `navigator_pubcats`
--

CREATE TABLE IF NOT EXISTS `navigator_pubcats` (
  `id` int(11) NOT NULL AUTO_INCREMENT,
  `caption` varchar(100) NOT NULL,
  `enabled` enum('0','1') NOT NULL DEFAULT '1',
  PRIMARY KEY (`id`)
) ENGINE=MyISAM  DEFAULT CHARSET=latin1 AUTO_INCREMENT=6 ;

--
-- Contenu de la table `navigator_pubcats`
--

INSERT INTO `navigator_pubcats` (`id`, `caption`, `enabled`) VALUES
(1, 'Cafes and Restaurants', '1'),
(2, 'Lounges and Entertainment', '1'),
(3, 'Pubs and Clubs', '1'),
(4, 'Outside Spaces & Swimming Pools', '1');

-- --------------------------------------------------------

--
-- Structure de la table `navigator_publics`
--

CREATE TABLE IF NOT EXISTS `navigator_publics` (
  `id` int(11) NOT NULL AUTO_INCREMENT,
  `ordernum` int(11) NOT NULL DEFAULT '1',
  `bannertype` enum('0','1') NOT NULL COMMENT '0 = big, 1 = normal',
  `caption` varchar(100) NOT NULL,
  `image` text NOT NULL,
  `image_type` enum('internal','external') NOT NULL DEFAULT 'internal',
  `room_id` int(10) unsigned NOT NULL,
  `category_id` int(11) NOT NULL DEFAULT '0',
  `category_parent_id` int(11) NOT NULL DEFAULT '-1',
  `enabled` enum('0','1') NOT NULL DEFAULT '1' COMMENT '0 = off, 1 = on',
  PRIMARY KEY (`id`)
) ENGINE=MyISAM  DEFAULT CHARSET=latin1 AUTO_INCREMENT=59 ;

--
-- Contenu de la table `navigator_publics`
--

INSERT INTO `navigator_publics` (`id`, `ordernum`, `bannertype`, `caption`, `image`, `image_type`, `room_id`, `category_id`, `category_parent_id`, `enabled`) VALUES
(1, 1, '0', 'Nouveau?', 'welcome_lounge', 'internal', 1, 0, 2, '1'),
(2, 2, '0', 'Théatre', 'officialrooms_us/hh_room_branded_capri_02.png', 'internal', 2, 0, 2, '1'),
(3, 3, '1', 'Orient', '', 'internal', 3, 0, 3, '1'),
(4, 4, '1', 'Picnic', 'picnic', 'internal', 4, 0, 4, '1'),
(5, 5, '1', 'Théatre', 'tearoom', 'internal', 5, 0, 1, '1'),
(6, 6, '1', 'Dusty Lounge', 'dusty_lounge', 'internal', 6, 0, 2, '0'),
(7, 7, '1', 'Cinema', 'habbo_cinema', 'internal', 7, 0, -1, '1'),
(8, 8, '0', 'Infobus', 'officialrooms_hq/hpv_infobus_nav_preview.png', 'external', 8, 0, -1, '1'),
(10, 10, '1', 'Pizzeria Hibbo', 'pizza', 'internal', 10, 0, -1, '1'),
(11, 11, '1', 'CyberCafé', 'netcafe', 'internal', 11, 0, -1, '1'),
(14, 14, '1', 'Bibliothèque', 'library', 'internal', 14, 0, -1, '1'),
(22, 22, '0', 'NRJ Music 2010', 'officialrooms_hq/hh_room_starlounge_nrj.png', 'external', 22, 0, -1, '1'),
(40, 2, '1', 'Battle Banzai', 'officialrooms_hq/battle_banzai_room.png', 'external', 40, 0, -1, '1');

-- --------------------------------------------------------

--
-- Structure de la table `notes`
--

CREATE TABLE IF NOT EXISTS `notes` (
  `id` int(11) NOT NULL AUTO_INCREMENT,
  `content` varchar(500) NOT NULL,
  `date` varchar(100) NOT NULL,
  PRIMARY KEY (`id`)
) ENGINE=MyISAM DEFAULT CHARSET=latin1 AUTO_INCREMENT=1 ;

--
-- Contenu de la table `notes`
--


-- --------------------------------------------------------

--
-- Structure de la table `ranks`
--

CREATE TABLE IF NOT EXISTS `ranks` (
  `id` int(11) unsigned NOT NULL AUTO_INCREMENT,
  `name` varchar(50) NOT NULL,
  `prefix` text NOT NULL,
  `suffix` text NOT NULL,
  PRIMARY KEY (`id`)
) ENGINE=MyISAM  DEFAULT CHARSET=latin1 AUTO_INCREMENT=8 ;

--
-- Contenu de la table `ranks`
--

INSERT INTO `ranks` (`id`, `name`, `prefix`, `suffix`) VALUES
(6, 'Administrateur [C#/php]', '<b style="color: darkred;">', '</b>'),
(5, 'Modérateur [Chef sécurité]', '<b style="color: #04B404;">', '</b>'),
(4, 'Modérateur [Help]', '<b style="color: #04B404;">', '</b>'),
(3, 'Moderadores de Prueba', '<span style="color: #04B404;">', '</span>'),
(1, 'Utilisateur', '', ''),
(2, 'VIP', '<b>', '</b>'),
(7, 'Administrateur', '<b style="color: darkred;">', '</b>');

-- --------------------------------------------------------

--
-- Structure de la table `rooms`
--

CREATE TABLE IF NOT EXISTS `rooms` (
  `id` int(10) unsigned NOT NULL AUTO_INCREMENT,
  `roomtype` enum('public','private') NOT NULL DEFAULT 'private',
  `caption` varchar(100) NOT NULL DEFAULT 'Room',
  `owner` varchar(75) NOT NULL DEFAULT '',
  `description` text NOT NULL,
  `category` int(11) NOT NULL DEFAULT '0',
  `state` enum('open','locked','password') NOT NULL DEFAULT 'open',
  `users_now` int(11) NOT NULL DEFAULT '0',
  `users_max` int(11) NOT NULL DEFAULT '25',
  `model_name` varchar(50) NOT NULL,
  `public_ccts` text NOT NULL,
  `score` int(11) NOT NULL DEFAULT '0',
  `tags` text NOT NULL,
  `icon_bg` int(11) NOT NULL DEFAULT '1',
  `icon_fg` int(11) NOT NULL DEFAULT '0',
  `icon_items` text NOT NULL,
  `password` text NOT NULL,
  `wallpaper` varchar(10) NOT NULL DEFAULT '0.0',
  `floor` varchar(10) NOT NULL DEFAULT '0.0',
  `landscape` varchar(10) NOT NULL DEFAULT '0.0',
  `allow_pets` enum('0','1') NOT NULL DEFAULT '1',
  `allow_pets_eat` enum('0','1') NOT NULL DEFAULT '0',
  `allow_walkthrough` enum('0','1') NOT NULL DEFAULT '0',
  `allow_hidewall` enum('0','1') NOT NULL,
  PRIMARY KEY (`id`)
) ENGINE=MyISAM  DEFAULT CHARSET=latin1 AUTO_INCREMENT=6008 ;

--
-- Contenu de la table `rooms`
--

INSERT INTO `rooms` (`id`, `roomtype`, `caption`, `owner`, `description`, `category`, `state`, `users_now`, `users_max`, `model_name`, `public_ccts`, `score`, `tags`, `icon_bg`, `icon_fg`, `icon_items`, `password`, `wallpaper`, `floor`, `landscape`, `allow_pets`, `allow_pets_eat`, `allow_walkthrough`, `allow_hidewall`) VALUES
(1, 'public', 'El Recibidor', '', 'Pasa, pasa, no tengas miedo...', 0, 'open', 0, 50, 'newbie_lobby', 'hh_room_nlobby', 0, '', 1, 0, '', '', '0.0', '0.0', '0.0', '1', '0', '0', ''),
(2, 'public', 'Théàtre', '', '', 0, 'open', 0, 50, 'theater', 'hh_room_theater', 0, '', 1, 0, '', '', '0.0', '0.0', '0.0', '1', '0', '0', ''),
(3, 'public', 'Club Oriente', '', 'De lo más chic. Sólo para miembros del Habbo Club', 0, 'open', 0, 30, 'orient', 'hh_room_orient', 0, '', 1, 0, '', '', '0.0', '0.0', '0.0', '1', '0', '0', ''),
(4, 'public', 'Sala SúperPOP', '', '¡Entra en la Sala SúperPOP y diviértete con tus Habbo-colegas!', 0, 'open', 0, 50, 'picnic', 'hh_room_picnic', 0, '', 1, 0, '', '', '0.0', '0.0', '0.0', '1', '0', '0', ''),
(5, 'public', 'Salón de Té Chino', '', 'Relájate al máximo', 0, 'open', 0, 30, 'tearoom', 'hh_room_tearoom', 0, '', 1, 0, '', '', '0.0', '0.0', '0.0', '1', '0', '0', ''),
(6, 'public', 'Café Retro Cool', '', '?Alérgic@ al polvo?', 0, 'open', 0, 30, 'dusty_lounge', 'hh_room_dustylounge', 0, '', 1, 0, '', '', '0.0', '0.0', '0.0', '1', '0', '0', ''),
(8, 'public', 'Buttsechs Bus', '', '¡Buttsechs en tour!', 0, 'open', 0, 50, 'park_b', 'hh_room_park_hpv,hh_room_park_hpv2', 0, '', 1, 0, '', '', '0.0', '0.0', '0.0', '1', '0', '0', ''),
(7, 'public', 'Habbo Cine', '', 'Atent@ a la pantalla', 0, 'open', 0, 50, 'cinema_a', 'hh_room_cinema', 0, '', 1, 0, '', '', '0.0', '0.0', '0.0', '1', '0', '0', ''),
(12, 'public', 'La Azotea', '', 'Desde lo m?s alto de Habbo', 0, 'open', 0, 30, 'rooftop', 'hh_room_rooftop', 0, '', 1, 0, '', '', '0.0', '0.0', '0.0', '1', '0', '0', ''),
(11, 'public', 'C?ber', '', '¡Quiero una habitaci?n bestial!', 0, 'open', 0, 30, 'netcafe', 'hh_room_netcafe', 0, '', 1, 0, '', '', '0.0', '0.0', '0.0', '1', '0', '0', ''),
(9, 'public', 'Sala del Emperador', '', '¡Una atm?sfera repleta de tranquilidad!', 0, 'open', 0, 30, 'emperors', 'hh_room_emperors', 0, '', 1, 0, '', '', '0.0', '0.0', '0.0', '1', '0', '0', ''),
(10, 'public', 'Pizza Nuestra', '', 'Las pizzas m?s sabrosas de todo Habbo', 0, 'open', 0, 30, 'pizza', 'hh_room_pizza', 0, '', 1, 0, '', '', '0.0', '0.0', '0.0', '1', '0', '0', ''),
(13, 'public', 'La Azotea 2', '', 'Desde lo m?s alto de Habbo', 0, 'open', 0, 30, 'rooftop_2', 'hh_room_rooftop', 0, '', 1, 0, '', '', '0.0', '0.0', '0.0', '1', '0', '0', ''),
(17, 'public', 'Grefusa', '', '?Quieres Pipas?', 0, 'open', 0, 25, 'branded', 'hh_room_brgrefusa', 0, '', 1, 0, '', '', '0.0', '0.0', '0.0', '1', '0', '0', ''),
(14, 'public', 'La Habbo Biblioteca', '', 'Siente la atm?sfera g?tica de este templo del conocimiento. ?Qu? misterios encierran estos libros polvorientos?', 0, 'open', 0, 30, 'library', 'hh_room_library', 0, '', 1, 0, '', '', '0.0', '0.0', '0.0', '1', '0', '0', ''),
(15, 'public', 'Cheetolab', '', 'Entra y descubre como conseguir tu entrada doble para la pr?miere de Eclipse en Madrid', 0, 'open', 0, 30, 'branded', 'hh_room_branded_cheetos', 0, '', 1, 0, '', '', '0.0', '0.0', '0.0', '1', '0', '0', ''),
(16, 'public', 'Shrek, Felices para Siempre', '', 'Se estrena el 8 de julio en cines de toda Espa?a', 0, 'open', 0, 30, 'floatinggarden', 'hh_room_floatinggarden', 0, '', 1, 0, '', '', '0.0', '0.0', '0.0', '1', '0', '0', ''),
(18, 'public', 'Vikingos', '', '?Unas Birras?', 0, 'open', 0, 25, 'branded', 'hh_room_branded_dragon', 0, '', 1, 0, '', '', '0.0', '0.0', '0.0', '1', '0', '0', ''),
(19, 'public', 'Ice Age', '', 'Brr...?Que frio!', 0, 'open', 0, 25, 'branded', 'hh_room_branded_iceage', 0, '', 1, 0, '', '', '0.0', '0.0', '0.0', '1', '0', '0', ''),
(20, 'public', 'CapriSun', '', 'CapriSun es una empresa de refrescos veraniegos y de todo tipo. ?Has probado alguno?', 0, 'open', 0, 25, 'branded', 'hh_room_branded_capri', 0, '', 1, 0, '', '', '0.0', '0.0', '0.0', '1', '0', '0', ''),
(21, 'public', 'Chupa Chups', '', 'Un Chupa Chups, lo mejor para disfrutar. ?Has chupado un Chupa Chups? ?Yo s?, y es tan delicioso!', 0, 'open', 0, 25, 'branded', 'hh_room_branded_chupa', 0, '', 1, 0, '', '', '0.0', '0.0', '0.0', '1', '0', '0', ''),
(22, 'public', 'NRJ', '', 'Para reuniones masivas y todo tipo de eventos y concursos, ?entra y divi?rtete!', 0, 'open', 0, 50, 'star_lounge', 'hh_room_starlounge_nrj', 0, '', 1, 0, '', '', '0.0', '0.0', '0.0', '1', '0', '0', ''),
(23, 'public', 'Templo Griego', '', 'Zeus te vigila...', 0, 'open', 0, 25, 'branded', 'hh_room_branded_percy', 0, '', 1, 0, '', '', '0.0', '0.0', '0.0', '1', '0', '0', ''),
(24, 'public', 'Parque', '', 'Disfrute del aire fresco en el parque', 0, 'open', 0, 25, 'park_a', 'hh_room_park,hh_room_park_fi', 0, '', 1, 0, '', '', '0.0', '0.0', '0.0', '1', '0', '0', ''),
(25, 'public', 'Star Lounge', '', 'Venga y conozca a su Estrella', 0, 'open', 0, 25, 'star_lounge', 'hh_room_starlounge', 0, '', 1, 0, '', '', '0.0', '0.0', '0.0', '1', '0', '0', ''),
(26, 'public', 'Lluvia de Hamburguesas', '', 'Lluvia de Hamburguesas de Columbia Pictures y Sony Pictures Animation ser? el suceso m?s delicioso desde que los macarrones se encontraron con el queso.', 0, 'open', 0, 25, 'star_lounge', 'hh_room_starlounge_cloudy', 0, '', 1, 0, '', '', '0.0', '0.0', '0.0', '1', '0', '0', ''),
(5562, 'private', '[Kal]', 'Anis', '', 0, 'open', 0, 25, 'model_a', '', 0, '', 1, 0, '', '', '0.0', '0.0', '0.0', '1', '0', '0', '0'),
(5560, 'private', 'ertyu', 'lesueur.j', '', 0, 'open', 0, 25, 'model_a', '', 0, '', 1, 0, '', '', '0.0', '0.0', '0.0', '1', '0', '0', '0'),
(5561, 'private', 'essai', 'dimitri54', '', 0, 'open', 0, 25, 'model_a', '', 0, '', 1, 0, '', '', '0.0', '0.0', '0.0', '1', '0', '0', '0'),
(5554, 'private', '#TYTY', 'TYTY', '', 1, 'open', 0, 25, 'model_c', '', 0, '', 1, 0, '', '', '0.0', '0.0', '0.0', '1', '0', '0', '1'),
(5555, 'private', 'Dj-Vrip Appart', 'x-rap-trash-x', '', 0, 'open', 0, 25, 'model_a', '', 0, '', 1, 0, '', '', '0.0', '0.0', '0.0', '1', '0', '0', '0'),
(5556, 'private', 'Chez moi :)', 'Sweets', '', 0, 'open', 0, 25, 'model_k', '', 0, '', 1, 0, '', '', '0.0', '0.0', '0.0', '1', '0', '0', '0'),
(5557, 'private', 'Test', 'ivrinh', '', 0, 'open', 0, 25, 'model_a', '', 0, '', 1, 0, '', '', '0.0', '0.0', '0.0', '1', '0', '0', '0'),
(5559, 'private', 'BrudeDarek''sRoom', '.:Brude:.', '', 0, 'open', 0, 25, 'model_a', '', -1, '', 1, 0, '', '', '0.0', '0.0', '0.0', '1', '0', '0', '0'),
(40, 'public', 'Battle Banzai', '', 'Sí, el Habbo Futuro está aquí', 0, 'open', 0, 50, 'branded', 'hh_room_branded_create', 0, '', 1, 0, '', '', '0.0', '0.0', '0.0', '1', '0', '0', '0'),
(5576, 'private', 'test', 'dimitri32', '', 0, 'open', 0, 25, 'model_a', '', 0, '', 1, 0, '', '', '0.0', '0.0', '0.0', '1', '0', '0', '0'),
(5575, 'private', 'reyer', 'Xn4rz0', '', 0, 'open', 0, 25, 'model_a', '', 0, '', 1, 0, '', '', '0.0', '0.0', '0.0', '1', '0', '0', '0'),
(5573, 'private', '...', 'Acraws', '', 0, 'open', 0, 25, 'model_a', '', 0, '', 1, 0, '', '', '0.0', '0.0', '0.0', '1', '0', '0', '0'),
(5572, 'private', 'trouve la chaise :)', 'walid27', '', 0, 'open', 0, 25, 'model_h', '', -1, '', 1, 0, '', '', '0.0', '0.0', '0.0', '1', '0', '0', '0'),
(5571, 'private', '#HibboDEV ~ TYTY', 'TYTY', '', 1, 'open', 0, 25, 'model_e', '', 0, '', 1, 0, '', '', '0.0', '', '0.0', '1', '0', '0', '1'),
(5570, 'private', 'hjk', 'John', '', 0, 'open', 0, 25, 'model_a', '', 0, '', 1, 0, '', '', '0.0', '0.0', '0.0', '1', '0', '0', '0'),
(5569, 'private', 'slt', 'fvgf34', '', 0, 'open', 0, 25, 'model_a', '', 0, '', 1, 0, '', '', '0.0', '0.0', '0.0', '1', '0', '0', '0'),
(5568, 'private', '...', 'sunhabbohotel', '', 0, 'open', 0, 25, 'model_a', '', 0, '', 1, 0, '', '', '0.0', '0.0', '0.0', '1', '0', '0', '0'),
(5567, 'private', '::TEST ROOM::', 'kevindbz2009', '', 3, 'open', 0, 25, 'model_a', '', 0, '', 15, 4, '4,16', '', '0.0', '0.0', '0.0', '1', '0', '0', '0'),
(5566, 'private', 'Shi', 'Shi', '', 0, 'open', 0, 25, 'model_a', '', 0, '', 1, 0, '', '', '0.0', '', '0.0', '1', '0', '0', '1'),
(5565, 'private', 'eeee', 'lol', '', 0, 'open', 0, 25, 'model_a', '', 0, '', 1, 0, '', '', '0.0', '0.0', '0.0', '1', '0', '0', '0'),
(5564, 'private', 'xthe92', 'xthe92000', '', 0, 'open', 0, 25, 'model_a', '', 0, '', 1, 0, '', '', '0.0', '0.0', '0.0', '1', '0', '0', '0'),
(5577, 'private', 'azdsf', '1', '', 0, 'open', 0, 25, 'model_a', '', 0, '', 1, 0, '', '', '0.0', '0.0', '0.0', '1', '0', '0', '0'),
(5578, 'private', 'jjjjjj', 'BigBignoob', '', 1, 'locked', 0, 25, 'model_a', '', 0, '', 2, 0, '', '', '0.0', '0.0', '0.0', '1', '0', '0', '1'),
(5579, 'private', 'Blah bLAH', 'xHariibÃ´', '', 0, 'open', 0, 25, 'model_a', '', 0, '', 1, 0, '', '', '0.0', '0.0', '0.0', '1', '0', '0', '0'),
(5580, 'private', 'Test', 'XYZ', '', 0, 'locked', 0, 25, 'model_c', '', 1, '', 1, 0, '', '', '0.0', '0.0', '0.0', '1', '0', '0', '0'),
(5581, 'private', 'cher moi', 'luca.marseille06', '', 0, 'open', 0, 25, 'model_p', '', 1, '', 1, 0, '', '', '0.0', '0.0', '0.0', '1', '0', '0', '0'),
(5582, 'private', 'hgjh', 'repoubelle', '', 0, 'open', 0, 25, 'model_a', '', 0, '', 1, 0, '', '', '0.0', '0.0', '0.0', '1', '0', '0', '0'),
(5583, 'private', 'test', 'saren-91', '', 0, 'open', 0, 25, 'model_a', '', 0, '', 1, 0, '', '', '0.0', '0.0', '0.0', '1', '0', '0', '0'),
(5584, 'private', 'Merci -Bloon ;)', 'Moon', '', 0, 'open', 0, 25, 'model_z', '', 0, '', 1, 0, '', '', '0.0', '0.0', '0.0', '1', '0', '0', '0'),
(5585, 'private', '[Appart]', 'Abused', '', 0, 'open', 0, 25, 'model_a', '', 0, '', 1, 0, '', '', '0.0', '0.0', '0.0', '1', '0', '0', '0'),
(5586, 'private', 'dfgfg', 'Norman', '', 0, 'open', 0, 25, 'model_z', '', 1, '', 1, 0, '', '', '0.0', '0.0', '0.0', '1', '0', '0', '0'),
(5587, 'private', '[Depot]', 'Dieu', '', 0, 'locked', 0, 25, 'model_a', '', 0, '', 24, 6, '', '', '0.0', '0.0', '0.0', '1', '0', '0', '0'),
(5588, 'private', 'LeParc', 'Dieu', '', 0, 'open', 0, 25, 'model_i', '', 0, '', 1, 0, '', '', '0.0', '0.0', '0.0', '1', '0', '0', '0'),
(5589, 'private', 'aaa', 'daryl-971', '', 0, 'locked', 0, 25, 'model_a', '', 0, '', 1, 0, '', '', '0.0', '0.0', '0.0', '1', '0', '0', '0'),
(5590, 'private', 'Pas Touche >=D', 'Moon', '', 0, 'locked', 0, 25, 'model_i', '', 0, '', 1, 0, '', '', '0.0', '0.0', '0.0', '1', '0', '0', '0'),
(5591, 'private', 'test', 'skateurs', '', 0, 'open', 0, 25, 'model_a', '', 0, '', 1, 0, '', '', '0.0', '0.0', '0.0', '1', '0', '0', '0'),
(5592, 'private', 'cddc', 'TheOne', '', 0, 'open', 0, 10, 'model_a', '', 0, '', 1, 0, '', '', '0.0', '0.0', '0.0', '1', '0', '0', '0'),
(5593, 'private', 'test', 'leny56', '', 0, 'open', 0, 25, 'model_a', '', 0, '', 1, 0, '', '', '0.0', '0.0', '0.0', '1', '0', '0', '0'),
(5594, 'private', 'Bleach-dev', 'bleach-dev', '', 0, 'open', 0, 25, 'model_a', '', 0, '', 1, 0, '', '', '2001', '301', '0.0', '1', '0', '0', '0'),
(5595, 'private', 'ssssssssss', 'rax95z4', '', 0, 'open', 0, 25, 'model_a', '', 0, '', 1, 0, '', '', '0.0', '0.0', '0.0', '1', '0', '0', '0'),
(5596, 'private', 'Test', 'k.turpin69', '', 0, 'open', 0, 25, 'model_a', '', 0, '', 1, 0, '', '', '0.0', '0.0', '0.0', '1', '0', '0', '0'),
(5597, 'private', 'Gurvan :)', 'gurvandu22', '', 0, 'open', 0, 25, 'model_b', '', 0, '', 1, 0, '', '', '0.0', '0.0', '0.0', '1', '0', '0', '0'),
(5598, 'private', '| KevKev _', 'Bigael', '', 0, 'open', 0, 25, 'model_a', '', 1, '', 1, 0, '', '', '709', '205', '0.0', '1', '0', '0', '0'),
(5600, 'private', 'YEP', 'Ayaka', '', 0, 'open', 0, 25, 'model_b', '', 0, '', 1, 0, '', '', '0.0', '0.0', '0.0', '1', '0', '0', '0'),
(5599, 'private', 'SSSS', 'a', '', 0, 'open', 0, 25, 'model_b', '', 0, '', 1, 0, '', '', '0.0', '0.0', '0.0', '1', '0', '0', '0'),
(5601, 'private', 'Xmas City', 'Ayaka', 'Merci pour l''aide de Saren.', 0, 'open', 0, 25, 'model_m', '', 1, '', 12, 0, '0,25|5,25|3,25|9,25', '', '0.0', '103', '0.0', '1', '0', '1', '0'),
(5602, 'private', '[0 CRED]Â¥ PATINOIRE OFFICIEL Â¥[GRATOS]', 'xKRiiMO', '', 0, 'locked', 0, 25, 'model_j', '', 0, 'patinoire,officiel', 12, 0, '', '', '0.0', '0.0', '0.0', '0', '0', '1', '0'),
(5603, 'private', 'tetr', 'johann51100', '', 0, 'open', 0, 25, 'model_a', '', 0, '', 1, 0, '', '', '0.0', '0.0', '0.0', '1', '0', '0', '0'),
(5604, 'private', 'test', 'ch.marseillais.leio', '', 0, 'open', 0, 25, 'model_a', '', 0, '', 1, 0, '', '', '0.0', '0.0', '0.0', '1', '0', '0', '0'),
(5606, 'private', 'DÃªy- Â® WiRED.', 'Dey-', '', 0, 'open', 0, 25, 'model_a', '', 0, '', 1, 0, '', '', '0.0', '0.0', '0.0', '1', '0', '0', '0'),
(5607, 'private', 'DÃªy- Â® NÃ´Ãªl.', 'Dey-', '', 0, 'open', 0, 25, 'model_m', '', 0, '', 1, 0, '', '', '0.0', '0.0', '0.0', '1', '0', '0', '0'),
(5609, 'private', '[D-] Happy Christmas! | `', 'Dey-', '', 0, 'open', 0, 25, 'model_j', '', 0, '', 1, 0, '', '', '0.0', '0.0', '0.0', '1', '0', '0', '0'),
(5608, 'private', 'Mon chez moi', 'piksouz', '', 0, 'open', 0, 25, 'model_f', '', 0, '', 24, 1, '', '', '0.0', '0.0', '0.0', '1', '0', '0', '0'),
(5610, 'private', 'Nippon world [resto]', 'Shi', '', 0, 'open', 0, 25, 'model_a', '', 0, '', 1, 0, '', '', '0.0', '0.0', '0.0', '1', '0', '0', '0'),
(5611, 'private', 'saint', 'saint', '', 0, 'open', 0, 25, 'model_a', '', 0, '', 1, 0, '', '', '0.0', '0.0', '0.0', '1', '0', '0', '0'),
(5612, 'private', 'WC [Nippon world]', 'Shi', '', 0, 'locked', 0, 25, 'model_a', '', 0, '', 1, 0, '', '', '0.0', '0.0', '0.0', '1', '0', '0', '0'),
(5613, 'private', '[ L.J ] Prince [ L.J ] ', 'louis.joel', '', 0, 'open', 0, 25, 'model_i', '', 0, '', 1, 0, '', '', '0.0', '0.0', '0.0', '1', '0', '0', '0'),
(5614, 'private', '              ', 'hugues.brignon', '', 0, 'open', 0, 25, 'model_a', '', 0, '', 1, 0, '', '', '0.0', '0.0', '0.0', '1', '0', '0', '0'),
(5615, 'private', 'Jeux [Nippon World]', 'Shi', '', 0, 'open', 0, 25, 'model_b', '', 0, '', 1, 0, '', '', '0.0', '0.0', '0.0', '1', '0', '0', '0'),
(5616, 'private', 'â€¢Testâ€¢', 'BestAdidas', '', 0, 'open', 0, 25, 'model_a', '', 0, '', 1, 0, '', '', '0.0', '0.0', '0.0', '1', '0', '0', '0'),
(5617, 'private', 'Jeux By Bgdu80 ; RARE a gagnÃ© :D', 'BigBignoob', '', 1, 'open', 0, 25, 'model_a', '', -1, '', 1, 0, '', '', '2206', '406', '0.0', '1', '0', '0', '0'),
(5618, 'private', 'GLOBO'' Race', 'XYZ', 'Choisis ta couleur, arrive le premier et repars avec des badges ou des cadeaux :D', 5, 'open', 0, 25, 'model_d', '', 2, 'couleurs,badges et cadeaux', 16, 4, '4,16|5,16', '', '2301', '110', '0.0', '0', '0', '0', '0'),
(5619, 'private', 'Studio NboxRadio', 'Skyblog__2', '', 4, 'open', 0, 25, 'model_b', '', 0, '', 1, 0, '', '', '1901', '301', '0.0', '1', '1', '0', '0'),
(5620, 'private', 'Dave', 'Dave123rap', '', 0, 'open', 0, 25, 'model_a', '', 0, '', 1, 0, '', '', '2504', '205', '0.0', '1', '0', '0', '0'),
(5621, 'private', 'Disco Dams', 'Dams1996', '', 0, 'open', 0, 25, 'model_a', '', 0, '', 1, 0, '', '', '211', '409', '0.0', '1', '0', '0', '0'),
(5622, 'private', 'TheTwo room', 'TheTwo', '', 0, 'open', 0, 25, 'model_c', '', 0, 'noir,noir', 3, 3, '', '', '0.0', '0.0', '0.0', '1', '1', '1', '1'),
(5861, 'private', ':) :) ', 'xROHFF', '', 0, 'open', 0, 25, 'model_a', '', 0, '', 1, 0, '', '', '0.0', '0.0', '0.0', '1', '0', '0', '0'),
(5860, 'private', 'cher moi ', 'marvin60', '', 0, 'open', 0, 25, 'model_a', '', 0, '', 1, 0, '', '', '0.0', '0.0', '0.0', '1', '0', '0', '0'),
(5881, 'private', 'my home ', 'martingallant', '', 0, 'open', 0, 25, 'model_f', '', 0, '', 1, 0, '', '', '2603', '303', '0.0', '1', '0', '0', '0'),
(5626, 'private', '.:TEST:.', 'bleach-dev', '', 0, 'open', 0, 25, 'model_a', '', 1, '', 1, 0, '', '', '0.0', '0.0', '0.0', '1', '0', '0', '0'),
(5627, 'private', 'Disco', 'Dave123rap', '', 0, 'open', 0, 25, 'model_a', '', -1, '', 1, 0, '', '', '2504', '205', '0.0', '1', '0', '0', '0'),
(5882, 'private', 'hello', 'DaiVIs', '', 0, 'open', 0, 25, 'model_a', '', 0, '', 1, 0, '', '', '0.0', '0.0', '0.0', '1', '0', '0', '0'),
(5885, 'private', 'my home', 'martingallant', '', 0, 'open', 0, 25, 'model_d', '', -1, '', 1, 0, '', '', '2604', '201', '0.0', '1', '0', '0', '0'),
(5925, 'private', 'hg,fhg,j', 'azerty', '', 0, 'open', 0, 25, 'model_a', '', 0, '', 1, 0, '', '', '0.0', '0.0', '0.0', '1', '0', '0', '0'),
(5632, 'private', ':: Cadeaux Tombant :: ', 'k3vin', 'Cadeau Tombant ! :)', 3, 'locked', 0, 25, 'model_a', '', -1, 'game', 15, 4, '4,16', '', '3103', '301', '0.0', '0', '0', '1', '0'),
(5631, 'private', 'f,hgjg', 'samy-yans18', '', 0, 'open', 0, 25, 'model_a', '', 0, '', 1, 0, '', '', '0.0', '0.0', '0.0', '1', '0', '0', '0'),
(5878, 'private', 'non', 'sami_le_boss_94', '', 0, 'locked', 0, 25, 'model_a', '', 0, '', 1, 0, '', '', '0.0', '0.0', '0.0', '1', '0', '0', '0'),
(5637, 'private', 'Jungle', 'Dams1996', '', 0, 'open', 0, 25, 'model_p', '', 0, '', 1, 0, '', '', '107', '201', '0.0', '1', '0', '0', '0'),
(5636, 'private', 'Partie [1] Wired', 'Dave123rap', '', 0, 'locked', 0, 25, 'model_y', '', 0, '', 1, 0, '', '', '202', '504', '0.0', '1', '0', '0', '0'),
(5639, 'private', 'Mon chez moi', 'k', '', 0, 'open', 0, 25, 'model_a', '', 0, '', 1, 0, '', '', '0.0', '0.0', '0.0', '1', '0', '0', '0'),
(5638, 'private', 'Afrique', 'Dave123rap', '', 0, 'open', 0, 25, 'model_i', '', 0, '', 1, 0, '', '', '102', '210', '0.0', '1', '0', '0', '0'),
(5641, 'private', '111', 'morgan163', '', 0, 'open', 0, 25, 'model_a', '', 0, '', 1, 0, '', '', '0.0', '0.0', '0.0', '1', '0', '0', '0'),
(5877, 'private', 'Restaurant', 'jorisdimitri', '', 0, 'open', 0, 25, 'model_i', '', 3, '', 1, 0, '', '', '0.0', '205', '0.0', '1', '0', '0', '1'),
(5642, 'private', 'Chez Tet', 'prohibitive', '', 0, 'open', 0, 25, 'model_a', '', 0, '', 1, 0, '', '', '0.0', '0.0', '0.0', '1', '0', '0', '0'),
(5644, 'private', 'HIBBODEV OFFICIEL', 'Bloondev', '', 1, 'open', 0, 25, 'model_a', '', -1, '', 2, 0, '', '', '0.0', '0.0', '0.0', '1', '0', '0', '0'),
(5645, 'private', 'Che Moi', 'ninoo49400', '', 0, 'locked', 0, 25, 'model_a', '', 0, '', 1, 0, '', '', '0.0', '0.0', '0.0', '1', '0', '0', '0'),
(5646, 'private', 'QG  brek dance', 'TheTwo', '', 0, 'open', 0, 25, 'model_a', '', 0, '', 3, 11, '0,2|6,7|7,11|2,12|9,25|5,26', '', '0.0', '0.0', '0.0', '1', '0', '0', '1'),
(5647, 'private', 'test', 'tamerlan75', '', 0, 'open', 0, 25, 'model_a', '', 0, '', 1, 0, '', '', '0.0', '0.0', '0.0', '1', '0', '0', '0'),
(5648, 'private', 'Battle BanzaÃ¯', 'Dams1996', '', 0, 'open', 0, 25, 'model_i', '', 0, '', 1, 0, '', '', '0.0', '0.0', '0.0', '1', '0', '0', '0'),
(5649, 'private', 'Prison', 'Dams1996', '', 0, 'open', 0, 25, 'model_v', '', 2, '', 22, 11, '0,2|6,7|1,1|10,19', '', '202', '404', '0.0', '0', '0', '0', '0'),
(5650, 'private', 'Entrer de Xmas City', 'TheOne', '', 0, 'open', 0, 25, 'model_b', '', 0, '', 1, 0, '', '', '0.0', '507', '0.0', '1', '0', '0', '0'),
(5651, 'private', 'Ville de Xmas City', 'TheOne', '', 0, 'open', 0, 25, 'model_t', '', 0, '', 1, 0, '', '', '0.0', '507', '0.0', '1', '0', '0', '0'),
(5713, 'private', 'nnoo', 'r.ayan.ben', '', 0, 'open', 0, 25, 'model_a', '', 0, '', 1, 0, '', '', '0.0', '0.0', '0.0', '1', '0', '0', '0'),
(5653, 'private', 'salon', 'Zina', '', 0, 'open', 0, 25, 'model_0', '', 0, '', 1, 0, '', '', '0.0', '0.0', '0.0', '1', '0', '0', '0'),
(5654, 'private', 'Bla Bla Bla', 'Stigmat3', '', 0, 'open', 0, 25, 'model_a', '', 0, '', 1, 0, '', '', '0.0', '0.0', '0.0', '1', '0', '0', '0'),
(5655, 'private', 'test', 'Adrien-du-88', '', 0, 'open', 0, 25, 'model_a', '', 0, '', 1, 0, '', '', '809', '205', '0.0', '1', '0', '0', '0'),
(5656, 'private', 'foot de zina', 'Zina', '', 0, 'open', 0, 25, 'model_u', '', -1, '', 1, 0, '', '', '0.0', '0.0', '0.0', '1', '0', '0', '0'),
(5657, 'private', 'Sall Boss kamel rafabifi', 'Zina', '', 0, 'open', 0, 25, 'model_a', '', 0, '', 1, 0, '', '', '0.0', '0.0', '0.0', '1', '0', '0', '0'),
(5658, 'private', 'Maison boss', 'dridri26', '', 1, 'locked', 0, 25, 'model_v', '', 0, '', 19, 6, '', '', '0.0', '0.0', '0.0', '1', '0', '1', '0'),
(5659, 'private', ':: Street Of HibboDev ::', 'k3vin', 'Street of HibboDev ! :)', 3, 'locked', 0, 25, 'model_a', '', 0, 'game', 15, 4, '4,16', '', '709', '205', '0.0', '0', '0', '1', '0'),
(5660, 'private', 'Test mobis !', 'H-obbaworld', '', 0, 'open', 0, 25, 'model_a', '', 0, '', 1, 0, '', '', '0.0', '0.0', '0.0', '1', '0', '0', '0'),
(5662, 'private', 'Salle de Bain.', 'dridri26', '', 0, 'locked', 0, 25, 'model_c', '', 0, '', 4, 5, '', '', '0.0', '0.0', '0.0', '1', '0', '0', '0'),
(5663, 'private', 'maison du boss', 'dridri26', '', 0, 'open', 0, 25, 'model_w', '', 0, '', 1, 0, '', '', '0.0', '0.0', '0.0', '1', '0', '0', '0'),
(5664, 'private', 'aaa', 'Airkong', '', 0, 'open', 0, 25, 'model_a', '', 0, '', 1, 0, '', '', '0.0', '0.0', '0.0', '1', '0', '0', '0'),
(5665, 'private', ':: Juste prix ::', 'k3vin', 'Trouve le bon prix ! :)', 3, 'locked', 0, 25, 'model_a', '', 0, 'game', 15, 4, '4,16', '', '809', '301', '0.0', '0', '0', '1', '0'),
(5666, 'private', ':: SauvÃ© moi ::', 'k3vin', 'Sauve moi a temps ! :)', 3, 'locked', 0, 10, 'model_a', '', 0, 'game', 15, 4, '4,16', '', '2301', '501', '0.0', '0', '0', '1', '0'),
(5667, 'private', 'trock', 'dridri26', '', 0, 'open', 0, 25, 'model_b', '', 0, '', 1, 0, '', '', '0.0', '0.0', '0.0', '1', '0', '0', '0'),
(5668, 'private', 'Appart', 'minitigro', '', 0, 'open', 0, 25, 'model_a', '', 0, '', 1, 0, '', '', '0.0', '0.0', '0.0', '1', '0', '0', '0'),
(5669, 'private', 'hey Hey', 'samuel.proteau', '', 0, 'open', 0, 25, 'model_a', '', 0, '', 1, 0, '', '', '0.0', '0.0', '0.0', '1', '0', '0', '0'),
(5670, 'private', 'test', 'crazygraph', '', 0, 'open', 0, 25, 'model_a', '', 0, '', 1, 0, '', '', '0.0', '0.0', '0.0', '1', '0', '0', '0'),
(5671, 'private', 'CHEZ THEONE RT THETWO', 'TheTwo', '', 0, 'open', 0, 25, 'model_w', '', 0, '', 1, 0, '', '', '1401', '405', '0.0', '1', '0', '0', '1'),
(5672, 'private', '....', 'alexis.beucher', '', 0, 'open', 0, 25, 'model_a', '', 0, '', 1, 0, '', '', '0.0', '0.0', '0.0', '1', '0', '0', '0'),
(5673, 'private', 'Le coin du vent ', 'coucou', '', 0, 'open', 0, 25, 'model_a', '', 0, '', 1, 0, '', '', '0.0', '0.0', '0.0', '1', '0', '0', '0'),
(5675, 'private', '//!\\\\ BATTLE BANZAI GEANT', 'coucou', '', 0, 'open', 0, 25, 'model_z', '', 0, '', 1, 0, '', '', '0.0', '0.0', '0.0', '1', '0', '0', '0'),
(5879, 'private', 'Ma maison <3', 'kenza', '', 0, 'locked', 0, 10, 'model_w', '', 0, '', 19, 6, '', '', '0.0', '206', '0.0', '1', '1', '0', '0'),
(5876, 'private', 'Battle BanzaÃ¯', 'martingallant', '', 0, 'open', 0, 25, 'model_a', '', 0, '', 1, 0, '', '', '0.0', '0.0', '0.0', '1', '0', '0', '0'),
(5678, 'private', '#HibboDEV - C# - EMU - ', 'TYTY', '', 1, 'open', 0, 25, 'model_a', '', -1, '', 1, 0, '', '', '0.0', '0.0', '0.0', '1', '0', '0', '1'),
(5679, 'private', 'Nom', 'Narut0', '', 0, 'open', 0, 25, 'model_a', '', 0, '', 1, 0, '', '', '0.0', '0.0', '0.0', '1', '0', '0', '0'),
(5680, 'private', 'Test', 'Ronaldo', '', 0, 'open', 0, 25, 'model_a', '', 0, '', 1, 0, '', '', '0.0', '0.0', '0.0', '1', '0', '0', '0'),
(5681, 'private', 'gfxn cfhn, c', 'grignyretro', '', 0, 'open', 0, 25, 'model_a', '', 0, '', 1, 0, '', '', '0.0', '0.0', '0.0', '1', '0', '0', '0'),
(5928, 'private', 'train fantome', 'TheTwo', '', 0, 'open', 0, 25, 'model_k', '', 0, '', 1, 0, '', '', '3103', '205', '0.0', '1', '0', '0', '0'),
(5714, 'private', 'TEST', 'kid663', '', 0, 'locked', 0, 25, 'model_n', '', 0, '', 1, 0, '', '', '0.0', '0.0', '0.0', '1', '0', '0', '0'),
(5683, 'private', '#TombÃ© des Rares#', 'TYTY', '', 1, 'open', 0, 25, 'model_a', '', 2, '', 15, 7, '', '', '0.0', '0.0', '0.0', '1', '0', '1', '1'),
(5686, 'private', 'Jungle', 'Nicolas2912', '', 7, 'open', 0, 25, 'model_i', '', 0, 'jungle', 4, 0, '', '', '0.0', '0.0', '0.0', '1', '0', '0', '0'),
(5685, 'private', 'room', 'Privated', '', 0, 'open', 0, 25, 'model_c', '', 0, '', 1, 0, '', '', '0.0', '0.0', '0.0', '1', '0', '0', '0'),
(5689, 'private', 'test', 'samka_retro', '', 0, 'open', 0, 25, 'model_b', '', 0, '', 1, 0, '', '', '0.0', '0.0', '0.0', '1', '0', '0', '0'),
(5687, 'private', 'Ask me for this ? ', 'D!rty.B!t', '', 0, 'open', 0, 25, 'model_c', '', 0, '', 1, 0, '', '', '0.0', '0.0', '0.0', '1', '0', '0', '0'),
(5688, 'private', 'ddd', 'Scriptox', '', 0, 'open', 0, 25, 'model_a', '', 0, '', 1, 0, '', '', '0.0', '0.0', '0.0', '1', '0', '0', '0'),
(5693, 'private', 'Sa marche', 'Mr.T4k0r', '', 1, 'open', 0, 25, 'model_a', '', 0, '', 5, 8, '', '', '0.0', '0.0', '0.0', '1', '0', '0', '0'),
(5690, 'private', 'Casino', 'Olaf', '', 0, 'locked', 0, 25, 'model_a', '', 0, '', 1, 0, '', '', '0.0', '0.0', '0.0', '1', '0', '0', '0'),
(5694, 'private', 'Appart', 'Senny', '', 0, 'open', 0, 25, 'model_a', '', 0, '', 1, 0, '', '', '0.0', '0.0', '0.0', '1', '0', '0', '0'),
(5691, 'private', ':: QUIZZ ::', 'k3vin', 'Un petit quizz ? :)', 3, 'locked', 0, 10, 'model_a', '', 0, 'game', 15, 4, '4,16', '', '0.0', '302', '0.0', '1', '0', '1', '1'),
(5696, 'private', 'Cher moi', 'Dorian', '', 0, 'open', 0, 25, 'model_a', '', 0, '', 1, 0, '', '', '2603', '301', '0.0', '1', '0', '0', '0'),
(5695, 'private', 'testt', 'aymeric054', '', 0, 'open', 0, 25, 'model_b', '', 0, '', 1, 0, '', '', '0.0', '0.0', '0.0', '1', '0', '0', '0'),
(5697, 'private', 'Casino.', 'Napoleon', '', 0, 'locked', 0, 25, 'model_a', '', 0, '', 1, 0, '', '', '0.0', '0.0', '0.0', '1', '0', '0', '0'),
(5698, 'private', 'test', 'Spz91', '', 0, 'open', 0, 25, 'model_a', '', 0, '', 1, 0, '', '', '0.0', '0.0', '0.0', '1', '0', '0', '0'),
(5704, 'private', 'Bureau (Prison)', 'Dams1996', '', 0, 'password', 0, 25, 'model_a', '', 0, '', 1, 0, '', 'doudou', '107', '201', '0.0', '1', '0', '0', '0'),
(5699, 'private', 'test', 'Spz91', '', 0, 'open', 0, 25, 'model_a', '', 1, '', 1, 0, '', '', '0.0', '0.0', '0.0', '1', '0', '0', '0'),
(5700, 'private', 'DÃ©pot Rares', 'Saren', '', 0, 'open', 0, 25, 'model_c', '', 0, '', 1, 0, '', '', '0.0', '0.0', '0.0', '1', '0', '0', '0'),
(5701, 'private', 'Test', 'CRAZI34', '', 0, 'open', 0, 25, 'model_y', '', 0, '', 1, 0, '', '', '0.0', '0.0', '0.0', '1', '0', '0', '0'),
(5703, 'private', 'Battle banzaÃ¯ en construc', 'CRAZI34', '', 0, 'open', 0, 25, 'model_z', '', 0, '', 1, 0, '', '', '0.0', '0.0', '0.0', '1', '0', '0', '1'),
(5702, 'private', 'vbbbbb', 'Noemiee', '', 0, 'open', 0, 25, 'model_a', '', -1, '', 1, 0, '', '', '0.0', '0.0', '0.0', '1', '0', '0', '0'),
(5705, 'private', 'Salle de contrÃ´le', 'Dave123rap', '', 0, 'locked', 0, 25, 'model_a', '', 0, '', 1, 0, '', '', '2504', '205', '0.0', '0', '0', '0', '0'),
(5707, 'private', 'cher moi', 'Kalzion', '', 0, 'open', 0, 25, 'model_a', '', 0, '', 1, 0, '', '', '0.0', '0.0', '0.0', '1', '0', '0', '0'),
(5706, 'private', '...', 'xx-0p3r4t1oN-hobbie-hotel-xx', '', 0, 'open', 0, 25, 'model_a', '', 0, '', 1, 0, '', '', '0.0', '0.0', '0.0', '1', '0', '0', '0'),
(5709, 'private', 'Zac', 'zac', '', 0, 'open', 0, 25, 'model_a', '', 0, '', 1, 0, '', '', '0.0', '0.0', '0.0', '1', '0', '0', '0'),
(5708, 'private', 'ggggg', 'ggggg', '', 0, 'open', 0, 25, 'model_a', '', 0, '', 1, 0, '', '', '0.0', '0.0', '0.0', '1', '0', '0', '0'),
(5710, 'private', 'Jeux du frigo Credit Ã  GG', 'Dave123rap', '', 0, 'open', 0, 25, 'model_a', '', 0, '', 1, 0, '', '', '2604', '205', '0.0', '1', '0', '0', '0'),
(5712, 'private', 'chez moi', 'ronaldo94', '', 0, 'open', 0, 25, 'model_a', '', 0, '', 1, 0, '', '', '0.0', '0.0', '0.0', '1', '0', '0', '0'),
(5711, 'private', '[AG]', 'M4xim3', '', 1, 'open', 0, 25, 'model_a', '', 0, '', 1, 0, '', '', '0.0', '0.0', '0.0', '1', '0', '0', '0'),
(5721, 'private', 'Chalet de noel', 'tetedebxte', '', 0, 'open', 0, 25, 'model_a', '', 1, '', 1, 0, '', '', '0.0', '0.0', '0.0', '1', '0', '0', '0'),
(5716, 'private', 'chope ta sorb', 'Zina', '', 5, 'open', 0, 25, 'model_a', '', 0, '', 5, 0, '', '', '0.0', '0.0', '0.0', '1', '0', '0', '0'),
(5715, 'private', 'pojo', 'Locarbe', '', 0, 'open', 0, 25, 'model_a', '', 0, '', 1, 0, '', '', '0.0', '0.0', '0.0', '1', '0', '0', '0'),
(5717, 'private', 'Ludovic ', 'Lulu09400', '', 0, 'open', 0, 25, 'model_v', '', 0, '', 1, 0, '', '', '0.0', '0.0', '0.0', '1', '0', '0', '0'),
(5718, 'private', 'Club VIP', 'kid663', '', 0, 'locked', 0, 25, 'model_u', '', 0, '', 1, 0, '', '', '0.0', '', '0.0', '1', '0', '0', '0'),
(5719, 'private', 'test de wired', 'tetedebxte', '', 0, 'open', 0, 25, 'model_a', '', 0, '', 1, 0, '', '', '0.0', '0.0', '0.0', '1', '0', '0', '0'),
(5720, 'private', '...........', 'SxN', '', 0, 'open', 0, 25, 'model_c', '', 0, '', 1, 0, '', '', '0.0', '0.0', '0.0', '1', '0', '0', '0'),
(5722, 'private', 'By Bgdu80', 'BigBignoob', '', 1, 'locked', 0, 25, 'model_c', '', 0, '', 1, 0, '', '', '2804', '301', '0.0', '1', '0', '0', '0'),
(5728, 'private', 'Wired ', 'samylebonois', '', 0, 'open', 0, 25, 'model_a', '', 0, '', 1, 0, '', '', '0.0', '0.0', '0.0', '1', '0', '0', '0'),
(5725, 'private', 'naporte koi', 'CazBabar', '', 0, 'open', 0, 25, 'model_a', '', 0, '', 1, 0, '', '', '0.0', '0.0', '0.0', '1', '0', '0', '0'),
(5724, 'private', 'gdfhh', 'Bart', '', 0, 'open', 0, 25, 'model_a', '', 0, '', 1, 0, '', '', '0.0', '0.0', '0.0', '1', '0', '0', '0'),
(5731, 'private', '::: Lac GelÃ© :::', 'kirouk', '', 0, 'locked', 0, 25, 'model_i', '', -1, '', 1, 0, '', '', '304', '205', '0.0', '1', '0', '0', '0'),
(5726, 'private', 'lolo', 'samylebonois', '', 0, 'open', 0, 25, 'model_a', '', 0, '', 1, 0, '', '', '0.0', '0.0', '0.0', '1', '0', '0', '0'),
(5727, 'private', 'entrer de la patinoire (bureau)', 'SxN', '', 0, 'open', 0, 25, 'model_a', '', 0, '', 1, 0, '', '', '304', '205', '0.0', '1', '0', '0', '0'),
(5736, 'private', 'Mon bureau', 'Nicolas2912', '', 0, 'locked', 0, 15, 'model_h', '', 0, '', 8, 0, '', '', '0.0', '102', '0.0', '1', '0', '0', '0'),
(5730, 'private', 'Lac HantÃ© ', 'samylebonois', '', 0, 'open', 0, 25, 'model_c', '', 0, '', 1, 0, '', '', '0.0', '0.0', '0.0', '1', '0', '0', '0'),
(5732, 'private', 'Cable de HibboDev', 'samylebonois', '', 0, 'open', 0, 25, 'model_a', '', 0, '', 1, 0, '', '', '0.0', '0.0', '0.0', '1', '0', '0', '0'),
(5733, 'private', 'Mon cher  moi', 'Cam0x', '', 0, 'open', 0, 25, 'model_a', '', 0, '', 1, 0, '', '', '0.0', '0.0', '0.0', '1', '0', '0', '0'),
(5734, 'private', 'Hauberge "Au vieux PAIN"', 'xHariibÃ´', '', 0, 'open', 0, 25, 'model_a', '', 0, '', 1, 0, '', '', '0.0', '0.0', '0.0', '1', '0', '0', '0'),
(5735, 'private', 'Hauberge "Au Vieux Pain"', 'xHariibÃ´', '', 0, 'open', 0, 25, 'model_g', '', 0, '', 1, 0, '', '', '2101', '307', '0.0', '1', '0', '0', '0'),
(5739, 'private', 'Wilou''s room', 'Wilou', '', 0, 'open', 0, 25, 'model_a', '', 0, '', 1, 0, '', '', '0.0', '0.0', '0.0', '1', '0', '0', '0'),
(5737, 'private', 'ma maison', 'zombie', '', 0, 'open', 0, 25, 'model_c', '', 0, '', 1, 0, '', '', '0.0', '0.0', '0.0', '1', '0', '0', '0'),
(5738, 'private', 'salle du trÃ©sor', 'Nicolas2912', '', 0, 'password', 0, 10, 'model_c', '', 0, '', 9, 0, '', '', '202', '102', '0.0', '1', '0', '0', '0'),
(5740, 'private', 'Dev', 'Dev', '', 0, 'open', 0, 25, 'model_a', '', 0, '', 1, 0, '', '', '0.0', '0.0', '0.0', '1', '0', '0', '0'),
(5743, 'private', 'skouat', 'emeric77940', '', 0, 'open', 0, 25, 'model_a', '', 0, '', 1, 0, '', '', '0.0', '0.0', '0.0', '1', '0', '0', '0'),
(5741, 'private', 'moi', 'Norman', '', 0, 'open', 0, 25, 'model_a', '', 0, '', 1, 0, '', '', '0.0', '0.0', '0.0', '1', '0', '0', '0'),
(5742, 'private', 'yyyyyyyyyy', 'dimitri32', '', 0, 'open', 0, 25, 'model_b', '', 0, '', 1, 0, '', '', '0.0', '0.0', '0.0', '1', '0', '0', '0'),
(5744, 'private', 'ccc ', 'Jarso', '', 0, 'open', 0, 25, 'model_c', '', 0, '', 1, 0, '', '', '0.0', '0.0', '0.0', '1', '0', '0', '0'),
(5745, 'private', 'nouveaux mec ;D', 'rap-sky77940', '', 0, 'open', 0, 25, 'model_a', '', 0, '', 1, 0, '', '', '0.0', '0.0', '0.0', '1', '0', '0', '0'),
(5746, 'private', 'Village de NoÃªl ', 'xADiiiDAS', '', 0, 'open', 0, 25, 'model_i', '', 0, '', 1, 0, '', '', '0.0', '0.0', '0.0', '1', '0', '0', '0'),
(5747, 'private', 'Noel Village', 'Pastis', '', 0, 'open', 0, 25, 'model_j', '', 0, '', 1, 0, '', '', '0.0', '0.0', '0.0', '1', '0', '0', '0'),
(5750, 'private', 'Yeaah ', 'golliot62', '', 0, 'open', 0, 25, 'model_a', '', 0, '', 1, 0, '', '', '0.0', '0.0', '0.0', '1', '0', '0', '0'),
(5749, 'private', 'Salle Artic', 'Dave123rap', '', 0, 'open', 0, 25, 'model_0', '', 0, '', 1, 0, '', '', '2503', '202', '0.0', '1', '0', '0', '0'),
(5748, 'private', 'test', 'sebxlyonnais', '', 0, 'locked', 0, 25, 'model_a', '', 0, '', 1, 0, '', '', '0.0', '0.0', '0.0', '1', '0', '0', '0'),
(5752, 'private', 'SWAGG GiiRL | ', 'Swagg-Giirl', '', 0, 'open', 0, 25, 'model_a', '', 1, '', 1, 0, '', '', '0.0', '0.0', '0.0', '1', '0', '0', '0'),
(5751, 'private', 'Skouat :D', 'Dave123rap', '', 0, 'open', 0, 25, 'model_a', '', 0, '', 24, 11, '', '', '3004', '205', '0.0', '1', '0', '0', '0'),
(5753, 'private', 'SQUAATE ||', 'Swagg-Giirl', '', 0, 'open', 0, 25, 'model_a', '', 0, '', 1, 0, '', '', '0.0', '205', '0.0', '1', '0', '0', '1'),
(5755, 'private', 'Nom', 'xADiiiDAS', '', 0, 'open', 0, 25, 'model_a', '', -1, '', 1, 0, '', '', '0.0', '0.0', '0.0', '1', '0', '0', '0'),
(5759, 'private', 'My home away!', 'angel1998', '', 4, 'locked', 0, 25, 'model_r', '', 0, '', 11, 5, '0,2|4,3|5,7|6,4', '', '0.0', '0.0', '0.0', '1', '0', '0', '0'),
(5756, 'private', '.| Chez moi ', 'NaturalxPoupei', '', 0, 'open', 0, 25, 'model_p', '', 0, '', 24, 7, '', '', '2201', '301', '0.0', '1', '1', '1', '0'),
(5757, 'private', 'Test', 'Bgdu80', '', 0, 'open', 0, 25, 'model_a', '', 0, '', 1, 0, '', '', '0.0', '0.0', '0.0', '1', '0', '0', '0'),
(5758, 'private', 'DiiSCO', 'Swagg-Giirl', '', 0, 'open', 0, 25, 'model_a', '', 0, '', 1, 0, '', '', '709', '205', '0.0', '1', '0', '0', '1'),
(6002, 'private', 'Mon couloir ', 'kawtar.sarah', '', 0, 'open', 0, 10, 'model_e', '', 0, '', 1, 0, '', '', '0.0', '0.0', '0.0', '1', '1', '1', '0'),
(5760, 'private', 'battle banzai', 'h.abbo63', '', 0, 'open', 0, 25, 'model_z', '', 0, '', 1, 0, '', '', '0.0', '0.0', '0.0', '1', '0', '0', '0'),
(5761, 'private', '.........', 'alg-mon-bled', '', 0, 'open', 0, 25, 'model_c', '', 0, '', 1, 0, '', '', '0.0', '0.0', '0.0', '1', '0', '0', '0'),
(6004, 'private', 'Mon couloir', 'xDOLiiPRANE.', '', 0, 'locked', 0, 25, 'model_a', '', 1, '', 1, 0, '', '', '0.0', '0.0', '0.0', '0', '0', '1', '0'),
(5763, 'private', ';;;', 'alg-mon-bled', '', 0, 'open', 0, 25, 'model_c', '', 0, '', 1, 0, '', '', '0.0', '0.0', '0.0', '1', '0', '0', '0'),
(5764, 'private', 'salle de dÃ©tante', 'Nicolas2912', '', 0, 'open', 0, 25, 'model_g', '', 0, '', 4, 0, '', '', '2501', '101', '0.0', '1', '0', '0', '0'),
(5767, 'private', 'TERRAiiN DE BASQUET |', 'Swagg-Giirl', '', 0, 'open', 0, 25, 'model_a', '', 0, '', 1, 0, '', '', '0.0', '0.0', '0.0', '1', '0', '0', '0'),
(6003, 'private', 'hotel', 'crazitor', '', 0, 'open', 0, 10, 'model_k', '', 0, '', 1, 0, '', '', '0.0', '302', '0.0', '1', '0', '0', '1'),
(5769, 'private', 'ma chambre', 'Nicolas2912', '', 0, 'open', 0, 25, 'model_b', '', 0, '', 1, 0, '', '', '202', '204', '0.0', '1', '0', '0', '0'),
(6001, 'private', 'lui', 'Norman', '', 0, 'password', 0, 10, 'model_a', '', 0, '', 1, 0, '', 'aa', '0.0', '0.0', '0.0', '1', '0', '0', '0'),
(5776, 'private', 'Patinoire', 'Pomme-Noire', '', 0, 'open', 0, 25, 'model_u', '', 0, '', 12, 5, '', '', '0.0', '0.0', '0.0', '1', '0', '0', '0'),
(5777, 'private', 'ma maison :)', 'angel1998', '', 4, 'locked', 0, 25, 'model_w', '', 0, '', 2, 0, '0,7|3,2|2,8', '', '2101', '307', '0.0', '1', '1', '0', '0'),
(5774, 'private', 'Ma home :D |', 'angel1998', '', 4, 'locked', 0, 25, 'model_y', '', 0, '', 2, 9, '2,25|0,23|1,12|7,3', '', '0.0', '0.0', '0.0', '1', '1', '0', '0'),
(5779, 'private', 'SALLE DE BAiiN ||', 'Swagg-Giirl', '', 0, 'open', 0, 25, 'model_a', '', 0, '', 1, 0, '', '', '0.0', '205', '0.0', '1', '0', '0', '1'),
(5781, 'private', 'ma batle banzai', 'eva.172002', '', 0, 'locked', 0, 25, 'model_l', '', 0, 'yes,now', 2, 0, '4,1', '', '0.0', '0.0', '0.0', '1', '0', '0', '0'),
(5780, 'private', 'mafia ratsa', 'Nicolas2912', '', 0, 'open', 0, 25, 'model_a', '', 0, '', 1, 0, '', '', '0.0', '102', '0.0', '1', '0', '0', '0'),
(5782, 'private', 'disco', 'ayouye', '', 0, 'open', 0, 25, 'model_a', '', 0, '', 1, 0, '', '', '0.0', '0.0', '0.0', '1', '0', '0', '0'),
(5783, 'private', 'CHAMBRE || .', 'Swagg-Giirl', '', 0, 'open', 0, 25, 'model_a', '', 0, '', 1, 0, '', '', '0.0', '205', '0.0', '1', '0', '0', '1'),
(5793, 'private', 'Ville', 'Nicolas2912', '', 1, 'open', 0, 25, 'model_i', '', 0, '', 1, 0, '', '', '0.0', '0.0', '0.0', '1', '0', '0', '0'),
(5784, 'private', 'test', 'Saren', '', 0, 'open', 0, 25, 'model_c', '', 0, '', 1, 0, '', '', '0.0', '0.0', '0.0', '1', '0', '0', '0'),
(5786, 'private', 'Noob', 'william3475', '', 0, 'open', 0, 25, 'model_a', '', 0, '', 1, 0, '', '', '0.0', '0.0', '0.0', '1', '0', '0', '0'),
(5787, 'private', 'Appartement de Widase', 'militaire400', '', 0, 'open', 0, 25, 'model_a', '', 0, '', 1, 0, '', '', '0.0', '0.0', '0.0', '1', '0', '0', '0'),
(5791, 'private', 'fdfdfs', 'cxkjgs', '', 0, 'open', 0, 25, 'model_a', '', 0, '', 1, 0, '', '', '0.0', '0.0', '0.0', '1', '0', '0', '0'),
(5947, 'private', 'chez moi', 'jonatt0408', '', 0, 'open', 0, 10, 'model_a', '', 0, '', 1, 0, '', '', '0.0', '0.0', '0.0', '1', '0', '0', '0'),
(5943, 'private', 'redha', 'redhachark2', '', 0, 'open', 0, 25, 'model_a', '', 0, '', 1, 0, '', '', '0.0', '0.0', '0.0', '1', '0', '0', '0'),
(5790, 'private', 'kjk', 'obito_69', '', 0, 'open', 0, 25, 'model_a', '', 0, '', 1, 0, '', '', '0.0', '0.0', '0.0', '1', '0', '0', '0'),
(5789, 'private', 'Tout  Et  Rien ;)', 'xPrevius', '', 0, 'open', 0, 25, 'model_a', '', 0, '', 1, 0, '', '', '0.0', '0.0', '0.0', '1', '0', '0', '0'),
(5846, 'private', 'lljlm', 'missikrame', '', 0, 'open', 0, 25, 'model_a', '', 0, '', 1, 0, '', '', '0.0', '0.0', '0.0', '1', '0', '0', '0'),
(5805, 'private', 'LOL', 'titi4503', '', 0, 'open', 0, 25, 'model_a', '', 0, '', 1, 0, '', '', '0.0', '0.0', '0.0', '1', '0', '0', '0'),
(5794, 'private', '...', 'bubble-flo', '', 0, 'open', 0, 25, 'model_a', '', 0, '', 1, 0, '', '', '0.0', '0.0', '0.0', '1', '0', '0', '0'),
(5796, 'private', 'test', 'comte.voyage', '', 0, 'open', 0, 25, 'model_c', '', 0, '', 1, 0, '', '', '0.0', '0.0', '0.0', '1', '0', '0', '0'),
(5797, 'private', 'Ville Xmas', 'Dave123rap', '', 0, 'open', 0, 25, 'model_i', '', 0, '', 1, 0, '', '', '0.0', '0.0', '0.0', '1', '0', '0', '0'),
(5798, 'private', 'cher moi', 'tan44habbo', 'relax', 0, 'locked', 0, 25, 'model_v', '', 0, 'cher moi', 4, 0, '', '', '0.0', '0.0', '0.0', '1', '0', '1', '0'),
(6006, 'private', 'N0YEL', 'PR0ODxLi2ah', '', 0, 'open', 0, 25, 'model_c', '', 0, '', 1, 0, '', '', '0.0', '0.0', '0.0', '1', '0', '0', '0'),
(6000, 'private', 'assenseur', 'crazitor', '', 0, 'open', 0, 25, 'model_c', '', 0, '', 1, 0, '', '', '2302', '302', '0.0', '1', '0', '0', '0'),
(5811, 'private', 'Incroyable Talent', 'Dave123rap', '', 0, 'open', 0, 25, 'model_u', '', 0, '', 1, 0, '', '', '304', '205', '0.0', '1', '0', '0', '0'),
(6005, 'private', 'Salut', '-Hitachix', '', 0, 'open', 0, 25, 'model_u', '', 0, '', 1, 0, '', '', '0.0', '0.0', '0.0', '1', '0', '0', '0'),
(5804, 'private', 'Quatier', 'xADiiiDAS', '', 0, 'open', 0, 25, 'model_a', '', 0, '', 1, 0, '', '', '0.0', '0.0', '0.0', '1', '0', '0', '0'),
(5806, 'private', 'ecran mtv', 'thomastimmers21', '', 0, 'open', 0, 25, 'model_0', '', 0, '', 1, 0, '', '', '401', '301', '0.0', '1', '0', '0', '0'),
(5808, 'private', '. Quartier de nÃ¶el :D .', 'NaturalxPoupei', 'Empire State of Mind |', 0, 'open', 0, 25, 'model_i', '', 0, '', 15, 7, '', '', '0.0', '0.0', '0.0', '1', '1', '1', '1'),
(5809, 'private', 'Plage', 'Dave123rap', '', 0, 'open', 0, 25, 'model_i', '', 0, '', 4, 1, '', '', '103', '210', '0.0', '1', '0', '0', '0'),
(5810, 'private', 't''zH4', 'vincent_de_lyon', '', 0, 'open', 0, 25, 'model_h', '', 0, '', 1, 0, '', '', '0.0', '0.0', '0.0', '1', '0', '0', '0'),
(5812, 'private', 'aaaaaaaaaaaaaaaaaaaaaaaaa', 'gautier.1978', '', 0, 'locked', 0, 25, 'model_a', '', 0, '', 1, 0, '', '', '0.0', '0.0', '0.0', '1', '0', '0', '0'),
(5813, 'private', '::: Dalle Tueuse :::', 'Chitti', '', 0, 'open', 0, 25, 'model_a', '', 0, '', 1, 0, '', '', '0.0', '0.0', '0.0', '1', '0', '0', '1'),
(5814, 'private', 'teste', 'Japonium', '', 0, 'open', 0, 25, 'model_a', '', 0, '', 1, 0, '', '', '0.0', '0.0', '0.0', '1', '0', '0', '0'),
(5815, 'private', 'Appartement de Widase', 'Widase', '', 0, 'open', 0, 25, 'model_a', '', 2, '', 8, 2, '', '', '304', '205', '0.0', '1', '0', '0', '0'),
(5816, 'private', 'Salle de Mariage', 'Dave123rap', '', 0, 'open', 0, 25, 'model_a', '', 0, '', 20, 8, '', '', '305', '101', '0.0', '0', '0', '0', '0'),
(5820, 'private', 'Cache-Cache', 'Dave123rap', '', 0, 'open', 0, 25, 'model_i', '', 0, '', 1, 0, '', '', '2504', '205', '0.0', '1', '0', '0', '0'),
(5817, 'private', 'lplm', 'gabtrix', '', 0, 'open', 0, 25, 'model_b', '', 0, '', 1, 0, '', '', '0.0', '0.0', '0.0', '1', '0', '0', '0'),
(5818, 'private', 'Mes animaux', 'Widase', '', 0, 'open', 0, 25, 'model_v', '', 1, '', 14, 10, '', '', '0.0', '0.0', '0.0', '1', '0', '0', '0'),
(5824, 'private', 'SECRET', 'TheOne', '', 0, 'open', 0, 25, 'model_q', '', 0, '', 1, 0, '', '', '406', '401', '0.0', '1', '0', '0', '0'),
(5822, 'private', 'cazino gold by mj1', 'kalimeromusique', '', 0, 'open', 0, 15, 'model_j', '', 0, '', 1, 0, '', '', '0.0', '0.0', '0.0', '0', '0', '0', '0'),
(5821, 'private', 'La roue fortune', 'Widase', '', 8, 'password', 0, 25, 'model_a', '', 0, '', 19, 6, '', 'lol12345', '304', '205', '0.0', '1', '0', '0', '0'),
(5823, 'private', '- ` Galcial Christmas ` -', 'Autentification', '', 0, 'open', 0, 25, 'model_a', '', 0, '', 1, 0, '', '', '0.0', '0.0', '0.0', '1', '0', '0', '0'),
(5828, 'private', 'keenv', 'jeronimo1996', '', 0, 'open', 0, 25, 'model_a', '', 0, '', 1, 0, '', '', '0.0', '0.0', '0.0', '1', '0', '0', '0'),
(5825, 'private', 'xLimonade,', 'Mimilavavache', '', 0, 'open', 0, 25, 'model_a', '', 0, '', 1, 0, '', '', '0.0', '0.0', '0.0', '1', '0', '0', '0'),
(5826, 'private', 'PLAAGE ||', 'Swagg-Giirl', '', 0, 'open', 0, 25, 'model_i', '', 0, '', 1, 0, '', '', '0.0', '0.0', '0.0', '1', '0', '0', '1'),
(5827, 'private', 'Test des mobis', 'glaburgh', '', 5, 'open', 0, 25, 'model_a', '', 0, '', 1, 0, '', '', '0.0', '0.0', '0.0', '1', '1', '1', '0'),
(5830, 'private', 'Bgdu80', 'Bgdu80', '', 1, 'locked', 0, 25, 'model_i', '', 0, '', 1, 0, '', '', '0.0', '0.0', '0.0', '1', '0', '0', '0'),
(5829, 'private', '...', '3mul4t0r', '', 0, 'open', 0, 25, 'model_a', '', 0, '', 1, 0, '', '', '0.0', '0.0', '0.0', '1', '0', '0', '0'),
(5831, 'private', 'Hey', 'tutur06', '', 0, 'open', 0, 25, 'model_u', '', 0, '', 1, 0, '', '', '0.0', '0.0', '0.0', '1', '0', '0', '0'),
(5832, 'private', 'studio de TUFRADIO', 'thomaspompier', '', 0, 'open', 0, 25, 'model_a', '', 0, '', 7, 8, '', '', '0.0', '0.0', '0.0', '1', '0', '0', '0'),
(5833, 'private', 'HiBBODEV', 'xboy_florian17', '', 0, 'open', 0, 25, 'model_a', '', 0, '', 1, 0, '', '', '0.0', '0.0', '0.0', '1', '0', '0', '0'),
(5834, 'private', 'WIRED', 'zrdarkjuju', '', 0, 'open', 0, 25, 'model_a', '', 0, '', 1, 0, '', '', '0.0', '0.0', '0.0', '1', '0', '0', '0'),
(5835, 'private', 'labo wired', 'maxholohotel', '', 0, 'password', 0, 25, 'model_y', '', 0, '', 1, 0, '', 'frofrofro', '0.0', '0.0', '0.0', '1', '0', '0', '0'),
(5837, 'private', 'Battle', 'antoinesoff59', '', 0, 'open', 0, 25, 'model_d', '', 0, '', 1, 0, '', '', '0.0', '0.0', '0.0', '1', '0', '0', '0'),
(5836, 'private', 'Bonjour', 'faresdu75018', '', 0, 'open', 0, 25, 'model_a', '', 0, '', 1, 0, '', '', '0.0', '0.0', '0.0', '1', '0', '0', '0'),
(5838, 'private', 'interdit de rentrer jusqu''au prochain redemarage du serveur', 'XYZ', '', 5, 'password', 0, 25, 'model_e', '', 0, '', 15, 10, '4,15', 'aaaaaaaaaaaaaaaaaaaaaaaaaaaaaa', '1801', '0.0', '0.0', '0', '0', '0', '0'),
(5839, 'private', 'Moi-', 'saouti_93', '', 0, 'password', 0, 25, 'model_a', '', 0, '', 1, 0, '', '789', '0.0', '0.0', '0.0', '1', '0', '0', '1'),
(5841, 'private', 'Ma maison', 'fashion--manon', '', 4, 'open', 0, 25, 'model_w', '', 1, '', 12, 9, '', '', '2201', '301', '0.0', '1', '0', '0', '0'),
(5843, 'private', 'xxxx', 'TGGGG', '', 0, 'open', 0, 25, 'model_d', '', 0, '', 1, 0, '', '', '0.0', '0.0', '0.0', '1', '0', '0', '0'),
(5842, 'private', 'teste', 'camille.viki986', '', 0, 'open', 0, 25, 'model_c', '', 0, '', 1, 0, '', '', '0.0', '0.0', '0.0', '1', '0', '0', '0'),
(5844, 'private', 'test', 'toto-souris', '', 0, 'open', 0, 25, 'model_b', '', 0, '', 1, 0, '', '', '0.0', '0.0', '0.0', '1', '0', '0', '0'),
(5847, 'private', 'Nouveau nenuque HRW !', 'yanis-3001', '', 0, 'open', 0, 25, 'model_a', '', 0, '', 1, 0, '', '', '0.0', '0.0', '0.0', '1', '0', '0', '0'),
(5850, 'private', '..kkk', 'cle26', '', 0, 'open', 0, 25, 'model_a', '', 0, '', 1, 0, '', '', '0.0', '0.0', '0.0', '1', '0', '0', '0'),
(5848, 'private', 'Stade de Hockey !!', 'soudan.james', '', 0, 'open', 0, 25, 'model_a', '', 0, '', 1, 0, '', '', '0.0', '0.0', '0.0', '1', '0', '0', '0'),
(5849, 'private', 'DiscothÃ¨que', 'angel1998', 'VÂ£NÂ£Z V0US AMUSÂ£R , DANSSÂ£R ;) |-|-|          ', 4, 'open', 0, 25, 'model_o', '', 1, 'p0ur t0us,danssã¢â£r', 11, 0, '0,5|2,7|1,4|9,25', '', '0.0', '401', '0.0', '0', '0', '0', '0'),
(5851, 'private', 'bvbcvbvc', 'm1l4n0x', '', 0, 'open', 0, 25, 'model_a', '', 0, '', 1, 0, '', '', '0.0', '0.0', '0.0', '1', '0', '0', '0'),
(5852, 'private', 'ffffff', 'dylan', '', 0, 'open', 0, 25, 'model_a', '', 0, '', 1, 0, '', '', '0.0', '0.0', '0.0', '1', '0', '0', '0'),
(5853, 'private', 'Chez moi !!!', 'jesse_goulet', '', 0, 'open', 0, 25, 'model_g', '', 0, '', 1, 0, '', '', '0.0', '0.0', '0.0', '1', '0', '0', '0'),
(5854, 'private', 'Camille''s Room', 'Camille', '', 0, 'locked', 0, 10, 'model_c', '', 0, '', 1, 0, '', '', '110', '307', '0.0', '1', '0', '0', '0'),
(5855, 'private', 'Laa Hooouse Dee Paauline ', 'Lucie', '', 0, 'open', 0, 25, 'model_a', '', 0, '', 6, 5, '', '', '3104', '104', '0.0', '1', '0', '0', '0'),
(5856, 'private', '# 01 #Â¨Projet "', 'lotfiboulefaa', '', 0, 'locked', 0, 25, 'model_a', '', 0, '', 1, 0, '', '', '0.0', '0.0', '0.0', '1', '0', '0', '0'),
(5858, 'private', 'house', 'peanuthero', '', 0, 'open', 0, 25, 'model_b', '', 0, '', 1, 0, '', '', '0.0', '0.0', '0.0', '1', '0', '0', '0'),
(5868, 'private', 'Salle de mariage | ', 'Mastercle94', '', 0, 'open', 0, 25, 'model_a', '', 0, '', 1, 0, '', '', '1201', '205', '0.0', '1', '0', '0', '0'),
(5862, 'private', 'Mister Habbo 2011', 'Skyblog__2', '', 0, 'open', 0, 10, 'model_n', '', 1, '', 1, 0, '', '', '2301', '0.0', '0.0', '1', '0', '0', '1'),
(5863, 'private', 'Tro Cool', 'guillaumeazard', '', 0, 'open', 0, 25, 'model_v', '', 0, '', 1, 0, '', '', '0.0', '0.0', '0.0', '1', '1', '1', '1'),
(5865, 'private', 'TEST2', 'kid663', '', 0, 'open', 0, 25, 'model_0', '', 0, '', 1, 0, '', '', '0.0', '', '0.0', '1', '0', '0', '0'),
(5864, 'private', 'Staff', 'jorisdimitri', '', 0, 'open', 0, 25, 'model_o', '', 0, '', 24, 6, '4,17', '', '0.0', '205', '0.0', '1', '0', '0', '1'),
(5866, 'private', '[Test] #v.1.2', 'B1G', '', 0, 'locked', 0, 25, 'model_c', '', 0, '', 1, 0, '', '', '0.0', '0.0', '0.0', '1', '0', '0', '0'),
(5867, 'private', 'Ali', 'alan-a', '', 0, 'open', 0, 25, 'model_c', '', 0, '', 1, 0, '', '', '0.0', '0.0', '0.0', '1', '0', '0', '0'),
(5875, 'private', 'Thibot', 'martingallant', '', 0, 'open', 0, 25, 'model_a', '', 0, '', 1, 0, '', '', '0.0', '0.0', '0.0', '1', '0', '0', '0'),
(5870, 'private', 'slt gro con', 'wwe_help', '', 0, 'open', 0, 25, 'model_a', '', 0, '', 1, 0, '', '', '0.0', '0.0', '0.0', '1', '0', '0', '0'),
(5869, 'private', 'REUNION KING OF WEB', 'Skyblog__2', '', 0, 'open', 0, 25, 'model_a', '', 0, '', 1, 0, '', '', '0.0', '0.0', '0.0', '1', '0', '0', '0'),
(5874, 'private', 'Skouat Glacial >:)', 'loito62680', '', 0, 'open', 0, 25, 'model_a', '', 0, '', 1, 0, '', '', '0.0', '0.0', '0.0', '1', '0', '0', '0'),
(5872, 'private', 'test', 'loito62680', '', 0, 'open', 0, 25, 'model_a', '', 0, '', 1, 0, '', '', '0.0', '0.0', '0.0', '1', '0', '0', '0'),
(5873, 'private', 'QG Clan MONSTERS', 'kid663', 'En C.O.N.S.T.R.U.C.T.I.O.N!!!', 0, 'open', 0, 25, 'model_d', '', 0, '', 1, 0, '', '', '2502', '201', '0.0', '1', '0', '0', '0'),
(5883, 'private', 'QG mopnsters2', 'kid663', '', 0, 'locked', 0, 25, 'model_x', '', 0, '', 1, 0, '', '', '0.0', '0.0', '0.0', '1', '0', '0', '0'),
(5884, 'private', 'toileete restau', 'TheTwo', '', 0, 'open', 0, 25, 'model_e', '', 0, '', 1, 0, '', '', '406', '0.0', '0.0', '1', '0', '0', '0'),
(5886, 'private', 'toilette restau', 'TheTwo', '', 0, 'open', 0, 25, 'model_e', '', 0, '', 1, 0, '', '', '404', '0.0', '0.0', '1', '0', '0', '0'),
(5887, 'private', 'ma maison <3', 'sheryfa', '', 0, 'open', 0, 10, 'model_w', '', 0, '', 19, 6, '', '', '0.0', '206', '0.0', '1', '1', '0', '0'),
(5888, 'private', 'tyrhytruj', 'aurelien.069', '', 0, 'open', 0, 25, 'model_a', '', 0, '', 1, 0, '', '', '0.0', '0.0', '0.0', '1', '0', '0', '0'),
(5889, 'private', 'ddd', 'Nioz', '', 0, 'open', 0, 25, 'model_a', '', 0, '', 1, 0, '', '', '0.0', '0.0', '0.0', '1', '0', '0', '0'),
(5890, 'private', 'Casino', 'jorisdimitri', '', 0, 'open', 0, 25, 'model_f', '', 0, '', 1, 0, '', '', '0.0', '205', '0.0', '1', '0', '0', '1'),
(5895, 'private', 'cher moi', 'alexandre.perdoux', '', 0, 'open', 0, 25, 'model_b', '', 0, '', 1, 0, '', '', '801', '110', '0.0', '1', '0', '0', '0'),
(5891, 'private', '...', 'BeingMajestic', '', 0, 'password', 0, 25, 'model_c', '', 0, '', 1, 0, '', 'AaronWalter', '0.0', '0.0', '0.0', '1', '0', '0', '0'),
(5892, 'private', 'home', 'bl4ckr4in', '', 0, 'locked', 0, 25, 'model_v', '', 0, '', 1, 0, '', '', '0.0', '0.0', '0.0', '1', '0', '0', '0'),
(5899, 'private', 'test', 'H3x0r-s', '', 0, 'open', 0, 25, 'model_a', '', 0, '', 1, 0, '', '', '0.0', '0.0', '0.0', '1', '0', '0', '0'),
(5893, 'private', '...', 'babamartins', '', 0, 'open', 0, 25, 'model_a', '', 0, '', 1, 0, '', '', '0.0', '0.0', '0.0', '1', '0', '0', '0'),
(5894, 'private', 'mes wc', 'sheryfa', '', 0, 'open', 0, 10, 'model_c', '', 0, '', 18, 3, '', '', '113', '102', '0.0', '1', '1', '0', '0'),
(5896, 'private', 'Battle foot |:  ', 'sofiane.du.06200', '', 0, 'open', 0, 25, 'model_a', '', 0, '', 14, 6, '', '', '0.0', '0.0', '0.0', '1', '0', '0', '0'),
(5898, 'private', 'Test', 'micks322', '', 0, 'open', 0, 25, 'model_o', '', 0, '', 1, 0, '', '', '0.0', '0.0', '0.0', '1', '0', '0', '0'),
(5901, 'private', 'QG ArmÃ©e AmÃ©ricaine !', 'luca.marseille06', '', 0, 'open', 0, 25, 'model_i', '', 0, '', 1, 0, '', '', '1901', '301', '0.0', '1', '0', '0', '0');
INSERT INTO `rooms` (`id`, `roomtype`, `caption`, `owner`, `description`, `category`, `state`, `users_now`, `users_max`, `model_name`, `public_ccts`, `score`, `tags`, `icon_bg`, `icon_fg`, `icon_items`, `password`, `wallpaper`, `floor`, `landscape`, `allow_pets`, `allow_pets_eat`, `allow_walkthrough`, `allow_hidewall`) VALUES
(5900, 'private', 'Salle telepo', 'jorisdimitri', '', 0, 'open', 0, 25, 'model_c', '', 0, '', 1, 0, '', '', '0.0', '0.0', '0.0', '1', '0', '0', '0'),
(5912, 'private', 'ddddd', 'Speedox', '', 0, 'open', 0, 25, 'model_a', '', 0, '', 1, 0, '', '', '0.0', '0.0', '0.0', '1', '0', '0', '0'),
(5908, 'private', 'Bre3kTeam', 'djantholive', '', 0, 'open', 0, 25, 'model_a', '', 0, '', 1, 0, '', '', '0.0', '0.0', '0.0', '1', '0', '0', '0'),
(5906, 'private', 'Centre D''aife [HibboDev]', 'n4sm3n', '', 1, 'open', 0, 10, 'model_e', '', 0, '', 1, 0, '', '', '0.0', '0.0', '0.0', '1', '0', '0', '1'),
(5904, 'private', 'infirmerie', 'luca.marseille06', '', 0, 'locked', 0, 25, 'model_b', '', 0, '', 1, 0, '', '', '0.0', '0.0', '0.0', '1', '0', '0', '0'),
(5905, 'private', 'ma chambre', 'kevin.surf', '', 0, 'open', 0, 25, 'model_g', '', 0, '', 1, 0, '', '', '0.0', '0.0', '0.0', '1', '0', '0', '0'),
(5909, 'private', 'chez moi', 'kevin.surf', '', 0, 'open', 0, 25, 'model_w', '', 0, '', 1, 0, '', '', '2904', '303', '0.0', '1', '0', '0', '0'),
(5913, 'private', 'chambre cuistot', 'TheTwo', '', 0, 'locked', 0, 25, 'model_c', '', 0, '', 24, 9, '1,17|7,14|6,7|0,1|3,10|9,10', '', '0.0', '0.0', '0.0', '1', '0', '0', '1'),
(5907, 'private', 'a moi', 'rick72747', '', 0, 'locked', 0, 25, 'model_a', '', 0, '', 1, 0, '', '', '0.0', '0.0', '0.0', '1', '0', '0', '0'),
(5910, 'private', 'ffddddddddd', 'aaaaaaaaaaaaatamere', '', 0, 'open', 0, 25, 'model_a', '', 0, '', 1, 0, '', '', '0.0', '0.0', '0.0', '1', '0', '0', '0'),
(5914, 'private', '::: Le concour :::', 'Speedox', '', 0, 'password', 0, 25, 'model_i', '', 0, '', 1, 0, '', 'f', '0.0', '0.0', '0.0', '1', '0', '0', '0'),
(6007, 'private', 'mon mien', 'lea.ledorze', '', 0, 'open', 2, 10, 'model_p', '', -1, '', 1, 0, '', '', '0.0', '0.0', '0.0', '1', '0', '0', '0'),
(5917, 'private', 'H4X0R T3AM H4CK', 'axell97', '', 0, 'open', 0, 25, 'model_0', '', 0, '', 1, 0, '', '', '801', '307', '0.0', '1', '1', '1', '1'),
(5916, 'private', 'c''est cher moi ;p', 'luca.marseille06', '', 0, 'open', 0, 25, 'model_p', '', 0, '', 1, 0, '', '', '1901', '501', '0.0', '1', '0', '0', '0'),
(5919, 'private', 'Noo !! Pas possible !!!!', 'xIzat', '', 4, 'locked', 0, 25, 'model_g', '', 0, '', 1, 0, '', '', '0.0', '0.0', '0.0', '1', '0', '0', '0'),
(5920, 'private', 'Âº TEST Âº', 'jojodu56600', '', 8, 'open', 0, 25, 'model_a', '', 0, '', 5, 3, '', '', '0.0', '0.0', '0.0', '1', '1', '1', '1'),
(5921, 'private', 'Testeur de beta ', 'asena01', '', 0, 'open', 0, 25, 'model_a', '', 0, '', 1, 0, '', '', '304', '205', '0.0', '1', '0', '0', '0'),
(5922, 'private', 'cafetaria', 'TheTwo', '', 0, 'open', 0, 25, 'model_b', '', 0, '', 1, 0, '', '', '2301', '301', '0.0', '1', '0', '0', '0'),
(5923, 'private', 'Famille Corleon : Hall', 'xIzat', '', 0, 'open', 0, 25, 'model_j', '', 0, '', 18, 2, '', '', '0.0', '0.0', '0.0', '1', '0', '0', '0'),
(5924, 'private', 'Palace En Construction !', 'xIzat', '', 0, 'locked', 0, 25, 'model_v', '', 0, '', 1, 0, '', '', '0.0', '0.0', '0.0', '1', '0', '0', '0'),
(5926, 'private', 'fflkkhg', 'willi', '', 0, 'open', 0, 25, 'model_a', '', 0, '', 1, 0, '', '', '0.0', '0.0', '0.0', '1', '0', '0', '0'),
(5927, 'private', 'My HoÃ¹Ã¹se <3', 'Camille', '', 0, 'open', 0, 25, 'model_b', '', 0, '', 12, 5, '', '', '3104', '104', '0.0', '1', '0', '0', '0'),
(5932, 'private', '# Hibbo - EMU - v2', 'TYTY', '', 1, 'open', 0, 10, 'model_a', '', 0, '', 1, 0, '', '', '0.0', '0.0', '0.0', '1', '0', '0', '1'),
(5929, 'private', 'oups', 'mousaa-lamignoone', '', 0, 'open', 0, 25, 'model_a', '', 0, '', 1, 0, '', '', '0.0', '0.0', '0.0', '1', '0', '0', '0'),
(5930, 'private', 'Gar17 !', 'gar17', '', 0, 'open', 0, 10, 'model_c', '', 0, '', 1, 0, '', '', '0.0', '0.0', '0.0', '1', '0', '0', '0'),
(5931, 'private', 'Appart au cadeau', 'Camille', '', 0, 'open', 0, 25, 'model_a', '', 0, '', 1, 0, '', '', '0.0', '0.0', '0.0', '1', '0', '0', '0'),
(5933, 'private', 'appart', 'gobindesbois', '', 0, 'open', 0, 10, 'model_e', '', 0, '', 1, 0, '', '', '0.0', '0.0', '0.0', '1', '0', '0', '0'),
(5935, 'private', 'resto de l''enfer', 'crazitor', '', 0, 'open', 0, 10, 'model_a', '', 0, '', 9, 1, '', '', '2603', '303', '0.0', '1', '0', '0', '0'),
(5934, 'private', 'Mega Disco Dams et Dave', 'Dams1996', '', 0, 'open', 0, 25, 'model_z', '', 0, '', 1, 0, '', '', '0.0', '0.0', '0.0', '1', '0', '0', '0'),
(5936, 'private', 'ne tombe pas', 'crazitor', '', 0, 'open', 0, 10, 'model_f', '', 0, '', 1, 0, '', '', '0.0', '302', '0.0', '1', '0', '0', '1'),
(5937, 'private', 'ouÃ©', 'bonndev24', '', 0, 'open', 0, 25, 'model_a', '', 0, '', 1, 0, '', '', '0.0', '0.0', '0.0', '1', '0', '0', '0'),
(5938, 'private', 'QG mafia rasta', 'Nicolas2912', '', 7, 'open', 0, 10, 'model_w', '', 2, '', 8, 6, '', '', '202', '102', '0.0', '1', '0', '0', '0'),
(5939, 'private', 'Ma Maison.', 'Amin84', '', 7, 'open', 0, 10, 'model_f', '', 0, '', 8, 0, '', '', '0.0', '0.0', '0.0', '1', '1', '0', '0'),
(5940, 'private', 'mon bureau ', 'martingallant', '', 0, 'open', 0, 25, 'model_c', '', 0, '', 1, 0, '', '', '1401', '303', '0.0', '1', '0', '0', '0'),
(5941, 'private', 'vrai QG mafia', 'pierre-louis-55', '', 0, 'open', 0, 10, 'model_l', '', 0, '', 1, 0, '', '', '0.0', '303', '0.0', '1', '0', '0', '1'),
(5942, 'private', 'tock', 'ayouye', '', 3, 'open', 0, 10, 'model_u', '', 0, '', 1, 0, '', '', '0.0', '0.0', '0.0', '1', '0', '0', '0'),
(5944, 'private', 'ddddd', 'ff', '', 0, 'open', 0, 10, 'model_a', '', 0, '', 1, 0, '', '', '0.0', '0.0', '0.0', '1', '0', '0', '0'),
(5946, 'private', 'chez toi', 'theomace', '', 0, 'open', 0, 25, 'model_v', '', 0, '', 1, 0, '', '', '0.0', '0.0', '0.0', '1', '0', '0', '0'),
(5948, 'private', 'hall', 'redhachark2', '', 0, 'open', 0, 25, 'model_i', '', 0, '', 1, 0, '', '', '0.0', '0.0', '0.0', '1', '0', '0', '0'),
(5952, 'private', 'JEU DU CÂ£LIB  Â¬', 'fashion--manon', 'vener jouer au jeu du celib fashion', 0, 'open', 0, 25, 'model_u', '', 0, '', 2, 0, '', '', '2201', '307', '0.0', '1', '1', '0', '1'),
(5949, 'private', '.::LaFabriqueDeCadeaux::.', 'koalixnet', '', 0, 'open', 0, 25, 'model_i', '', 0, '', 1, 0, '', '', '0.0', '0.0', '0.0', '1', '0', '0', '0'),
(5951, 'private', 'Quartier des Flow''s', 'xHouda', 'Ici C''est le quartier des flow''s le plus beau !', 0, 'locked', 0, 25, 'model_l', '', 0, '', 1, 0, '', '', '0.0', '0.0', '0.0', '1', '0', '0', '0'),
(5957, 'private', 'Jeu de l''habit[Officiel]', 'xKRiiMO', '', 0, 'open', 0, 10, 'model_f', '', 0, '', 4, 0, '', '', '304', '205', '0.0', '1', '0', '0', '0'),
(5953, 'private', 'parc dattraction(Two One)', 'TheTwo', '', 0, 'open', 0, 10, 'model_a', '', 0, '', 8, 6, '1,5|4,8|2,6|0,3|6,4|7,17|9,23|5,22', '', '2301', '205', '0.0', '1', '0', '0', '0'),
(5959, 'private', 'Jeu Du Celib''', 'angel1998', '', 0, 'locked', 0, 25, 'model_o', '', 0, '', 1, 8, '7,7|0,4|2,5|3,23|1,25|9,26', '', '215', '0.0', '0.0', '0', '0', '0', '0'),
(5955, 'private', 'Tapis tueur', 'bleach-dev', '', 0, 'open', 0, 25, 'model_a', '', 0, '', 1, 0, '', '', '101', '101', '0.0', '1', '0', '0', '0'),
(5961, 'private', 'Test de MOBI', 'oscarp2010', '', 0, 'open', 0, 25, 'model_b', '', 0, '', 1, 0, '', '', '0.0', '0.0', '0.0', '1', '0', '0', '0'),
(5956, 'private', 'ma maison <3 ', 'juliana', 'bienvenue a tous', 0, 'open', 0, 25, 'model_h', '', 0, '', 10, 4, '', '', '204', '301', '0.0', '1', '1', '0', '0'),
(5980, 'private', 'salle', 'BlackOps', '', 0, 'open', 0, 10, 'model_a', '', 2, 'troc', 8, 3, '4,7|1,13|7,12', '', '2604', '205', '0.0', '1', '0', '0', '0'),
(5958, 'private', 'ma maison', 'pierre-louis-55', '', 0, 'locked', 0, 10, 'model_n', '', 1, '', 1, 0, '', '', '2602', '302', '0.0', '1', '0', '0', '0'),
(5960, 'private', 'Ma maison .', 'xHouda', 'Ici c''est chez moi :)', 0, 'locked', 0, 25, 'model_v', '', 0, '', 1, 0, '', '', '0.0', '0.0', '0.0', '1', '0', '0', '0'),
(5962, 'private', 'Concour !!', 'jorisdimitri', '', 7, 'open', 0, 10, 'model_o', '', 0, '', 3, 5, '4,17', '', '0', '205', '0.0', '1', '0', '0', '0'),
(5964, 'private', 'Mon Ã©cole', 'xHouda', '', 0, 'locked', 0, 10, 'model_a', '', 0, '', 1, 0, '', '', '0.0', '0.0', '0.0', '1', '0', '0', '0'),
(5963, 'private', 'sfsfs', 'a', '', 0, 'open', 0, 25, 'model_b', '', 0, '', 1, 0, '', '', '0.0', '0.0', '0.0', '1', '0', '0', '0'),
(5965, 'private', 'La rÃ©crÃ©ation .', 'xHouda', '', 0, 'locked', 0, 10, 'model_d', '', 0, '', 1, 0, '', '', '0.0', '0.0', '0.0', '1', '0', '0', '0'),
(5968, 'private', 'ptite rencontre simpas', 'fashion--manon', '', 0, 'open', 0, 10, 'model_d', '', -1, '', 2, 8, '', '', '2401', '307', '0.0', '1', '0', '0', '0'),
(5967, 'private', 'Toillettes de l''Ã©cole .', 'xHouda', '', 0, 'locked', 0, 10, 'model_b', '', 0, '', 1, 0, '', '', '0.0', '0.0', '0.0', '1', '0', '0', '0'),
(5970, 'private', 'lool', 'crazitor', '', 0, 'open', 0, 25, 'model_m', '', 0, '', 1, 0, '', '', '0.0', '0.0', '0.0', '1', '0', '0', '0'),
(5969, 'private', 'Ma garderie . ', 'xHouda', '', 0, 'locked', 0, 10, 'model_p', '', 0, '', 1, 0, '', '', '0.0', '0.0', '0.0', '1', '0', '0', '0'),
(5973, 'private', 'QG MAFIA !', 'crazitor', '', 0, 'open', 0, 10, 'model_l', '', 0, '', 1, 0, '', '', '2602', '302', '0.0', '0', '0', '0', '1'),
(5972, 'private', 'joyeuse fete', 'fashion--manon', '', 0, 'open', 0, 10, 'model_i', '', 0, '', 12, 7, '', '', '109', '110', '0.0', '1', '1', '0', '1'),
(5971, 'private', '[S>New Road<S]', 'shaboloth', '', 0, 'open', 0, 25, 'model_b', '', 0, '', 1, 0, '', '', '0.0', '0.0', '0.0', '1', '0', '0', '0'),
(5974, 'private', 'mon de glace', 'fashion--manon', '', 0, 'open', 0, 10, 'model_x', '', 0, '', 12, 7, '', '', '0.0', '0.0', '0.0', '1', '0', '0', '1'),
(5975, 'private', 'ViiRUS', 'HibboViiRUS', '', 0, 'open', 0, 25, 'model_a', '', 0, '', 1, 0, '', '', '0.0', '0.0', '0.0', '1', '0', '0', '0'),
(5977, 'private', 'spec banzai', 'crazitor', '', 0, 'locked', 0, 10, 'model_e', '', 0, '', 1, 0, '', '', '0.0', '303', '0.0', '1', '0', '0', '1'),
(5979, 'private', 'ViiRUS', 'ViiRUS', '', 5, 'locked', 0, 10, 'model_a', '', 0, '', 1, 0, '', '', '0.0', '0.0', '0.0', '1', '0', '0', '0'),
(5978, 'private', 'vvvvvvv', 'xFlash', '', 0, 'open', 0, 10, 'model_a', '', 0, '', 1, 0, '', '', '0.0', '0.0', '0.0', '1', '0', '0', '0'),
(5985, 'private', 'maison de famille |', 'juliana', '', 0, 'locked', 0, 10, 'model_v', '', 0, '', 2, 6, '', '', '113', '204', '0.0', '1', '1', '0', '0'),
(5986, 'private', 'bureau', 'BlackOps', '', 0, 'locked', 0, 10, 'model_b', '', 0, '', 1, 0, '', '', '2604', '205', '0.0', '1', '0', '0', '0'),
(5982, 'private', 'labo', 'TheTwo', '', 0, 'open', 0, 25, 'model_b', '', 0, '', 1, 0, '', '', '0.0', '0.0', '0.0', '1', '0', '0', '0'),
(5984, 'private', 'Ma plage .', 'xHouda', '', 0, 'locked', 0, 10, 'model_i', '', 0, '', 1, 0, '', '', '0.0', '0.0', '0.0', '1', '0', '0', '0'),
(5987, 'private', '|chez moi|', 'BlackOps', '', 0, 'open', 0, 10, 'model_r', '', -1, '', 1, 0, '', '', '302', '503', '0.0', '1', '0', '0', '0'),
(5988, 'private', 'DÃ©pot .', 'xHouda', '', 0, 'locked', 0, 10, 'model_a', '', 0, '', 1, 0, '', '', '0.0', '0.0', '0.0', '1', '0', '0', '0'),
(5989, 'private', '|Lost city|', 'BlackOps', '', 0, 'locked', 0, 10, 'model_a', '', 0, '', 1, 0, '', '', '2604', '205', '0.0', '1', '0', '0', '0'),
(5991, 'private', ',,,', 'devise3000', '', 0, 'locked', 0, 10, 'model_a', '', 0, '', 1, 0, '', '', '0.0', '0.0', '0.0', '1', '0', '0', '0'),
(5990, 'private', 'Â¥Chpoe ton jus le plus vite possible !!!Â¥', 'jorisdimitri', '', 0, 'open', 0, 10, 'model_a', '', 0, '', 1, 0, '', '', '0.0', '0.0', '0.0', '1', '0', '0', '0'),
(5997, 'private', '|cuntry|', 'BlackOps', '', 0, 'open', 0, 25, 'model_a', '', 0, '', 1, 0, '', '', '0.0', '0.0', '0.0', '1', '0', '0', '0'),
(5993, 'private', 'muc', 'andre.2001', '', 6, 'open', 0, 25, 'model_a', '', 0, '', 1, 0, '', '', '0.0', '0.0', '0.0', '1', '0', '0', '0'),
(5996, 'private', 'Patinoire . [ En construction ]', 'xHouda', '', 0, 'locked', 0, 10, 'model_i', '', 0, '', 1, 0, '', '', '0.0', '0.0', '0.0', '1', '0', '0', '0'),
(5995, 'private', '|Sci Fi|', 'BlackOps', '', 0, 'locked', 0, 10, 'model_b', '', 0, '', 1, 0, '', '', '2604', '205', '0.0', '1', '0', '0', '0'),
(5998, 'private', 'qssqsqsq', 'AK59-HRW', '', 0, 'open', 0, 25, 'model_a', '', 0, '', 1, 0, '', '', '0.0', '0.0', '0.0', '1', '0', '0', '0'),
(5999, 'private', 'Bureau de [ Oscarp2010 ]', 'oscarp2010', 'Mon Bureau PrivÃ©e..', 0, 'locked', 0, 25, 'model_a', '', 0, '', 1, 0, '', '', '0.0', '0.0', '0.0', '1', '0', '1', '1');

-- --------------------------------------------------------

--
-- Structure de la table `room_ads`
--

CREATE TABLE IF NOT EXISTS `room_ads` (
  `id` int(10) unsigned NOT NULL AUTO_INCREMENT,
  `ad_image` text NOT NULL,
  `ad_image_orig` text NOT NULL,
  `ad_link` text NOT NULL,
  `views` int(11) NOT NULL DEFAULT '0',
  `views_limit` int(11) NOT NULL DEFAULT '0' COMMENT '0 = unlimited',
  `enabled` enum('0','1') NOT NULL DEFAULT '1',
  PRIMARY KEY (`id`)
) ENGINE=MyISAM DEFAULT CHARSET=latin1 AUTO_INCREMENT=1 ;

--
-- Contenu de la table `room_ads`
--


-- --------------------------------------------------------

--
-- Structure de la table `room_items`
--

CREATE TABLE IF NOT EXISTS `room_items` (
  `id` int(10) unsigned NOT NULL,
  `room_id` int(10) unsigned NOT NULL,
  `base_item` int(10) unsigned NOT NULL,
  `extra_data` text NOT NULL,
  `x` int(11) NOT NULL,
  `y` int(11) NOT NULL,
  `z` double NOT NULL,
  `rot` int(11) NOT NULL,
  `wall_pos` varchar(100) NOT NULL,
  `bb_state` varchar(500) NOT NULL DEFAULT '0',
  `bb_state1` int(255) NOT NULL DEFAULT '0',
  `look_m` varchar(500) NOT NULL DEFAULT 'none',
  `look_f` varchar(500) NOT NULL DEFAULT 'none',
  KEY `id` (`id`)
) ENGINE=MyISAM DEFAULT CHARSET=latin1;

--
-- Contenu de la table `room_items`
--

INSERT INTO `room_items` (`id`, `room_id`, `base_item`, `extra_data`, `x`, `y`, `z`, `rot`, `wall_pos`, `bb_state`, `bb_state1`, `look_m`, `look_f`) VALUES
(92838, 5523, 330, '', 8, 17, 0, 0, '', '0', 0, 'none', 'none'),
(114359, 6004, 1540, '', 10, 2, 0, 0, '', '0', 0, 'none', 'none');

-- --------------------------------------------------------

--
-- Structure de la table `room_items_moodlight`
--

CREATE TABLE IF NOT EXISTS `room_items_moodlight` (
  `item_id` int(10) unsigned NOT NULL,
  `enabled` enum('0','1') NOT NULL DEFAULT '0',
  `current_preset` int(11) NOT NULL,
  `preset_one` text NOT NULL,
  `preset_two` text NOT NULL,
  `preset_three` text NOT NULL,
  KEY `item_id` (`item_id`)
) ENGINE=MyISAM DEFAULT CHARSET=latin1;

--
-- Contenu de la table `room_items_moodlight`
--

INSERT INTO `room_items_moodlight` (`item_id`, `enabled`, `current_preset`, `preset_one`, `preset_two`, `preset_three`) VALUES
(92521, '1', 1, '#0053F7,113,1', '#000000,255,0', '#000000,255,0'),
(114181, '0', 1, '#000000,255,0', '#000000,255,0', '#000000,255,0');

-- --------------------------------------------------------

--
-- Structure de la table `room_models`
--

CREATE TABLE IF NOT EXISTS `room_models` (
  `id` varchar(100) NOT NULL,
  `door_x` int(11) NOT NULL,
  `door_y` int(11) NOT NULL,
  `door_z` double NOT NULL,
  `door_dir` int(4) NOT NULL DEFAULT '2',
  `heightmap` text NOT NULL,
  `public_items` text NOT NULL,
  `club_only` enum('0','1') NOT NULL DEFAULT '0',
  PRIMARY KEY (`id`)
) ENGINE=MyISAM DEFAULT CHARSET=latin1;

--
-- Contenu de la table `room_models`
--

INSERT INTO `room_models` (`id`, `door_x`, `door_y`, `door_z`, `door_dir`, `heightmap`, `public_items`, `club_only`) VALUES
('model_a', 3, 5, 0, 2, 'xxxxxxxxxxxx\r\nxxxx00000000\r\nxxxx00000000\r\nxxxx00000000\r\nxxxx00000000\r\nxxxx00000000\r\nxxxx00000000\r\nxxxx00000000\r\nxxxx00000000\r\nxxxx00000000\r\nxxxx00000000\r\nxxxx00000000\r\nxxxx00000000\r\nxxxx00000000\r\nxxxxxxxxxxxx\r\nxxxxxxxxxxxx', '', '0'),
('model_b', 0, 5, 0, 2, 'xxxxxxxxxxxx\r\nxxxxx0000000\r\nxxxxx0000000\r\nxxxxx0000000\r\nxxxxx0000000\r\nx00000000000\r\nx00000000000\r\nx00000000000\r\nx00000000000\r\nx00000000000\r\nx00000000000\r\nxxxxxxxxxxxx\r\nxxxxxxxxxxxx\r\nxxxxxxxxxxxx\r\nxxxxxxxxxxxx\r\nxxxxxxxxxxxx', '', '0'),
('model_c', 4, 7, 0, 2, 'xxxxxxxxxxxx\r\nxxxxxxxxxxxx\r\nxxxxxxxxxxxx\r\nxxxxxxxxxxxx\r\nxxxxxxxxxxxx\r\nxxxxx000000x\r\nxxxxx000000x\r\nxxxxx000000x\r\nxxxxx000000x\r\nxxxxx000000x\r\nxxxxx000000x\r\nxxxxxxxxxxxx\r\nxxxxxxxxxxxx\r\nxxxxxxxxxxxx\r\nxxxxxxxxxxxx\r\nxxxxxxxxxxxx', '', '0'),
('model_d', 4, 7, 0, 2, 'xxxxxxxxxxxx\r\nxxxxx000000x\r\nxxxxx000000x\r\nxxxxx000000x\r\nxxxxx000000x\r\nxxxxx000000x\r\nxxxxx000000x\r\nxxxxx000000x\r\nxxxxx000000x\r\nxxxxx000000x\r\nxxxxx000000x\r\nxxxxx000000x\r\nxxxxx000000x\r\nxxxxx000000x\r\nxxxxx000000x\r\nxxxxxxxxxxxx', '', '0'),
('model_e', 1, 5, 0, 2, 'xxxxxxxxxxxx\r\nxxxxxxxxxxxx\r\nxxxxxxxxxxxx\r\nxx0000000000\r\nxx0000000000\r\nxx0000000000\r\nxx0000000000\r\nxx0000000000\r\nxx0000000000\r\nxx0000000000\r\nxx0000000000\r\nxxxxxxxxxxxx\r\nxxxxxxxxxxxx\r\nxxxxxxxxxxxx\r\nxxxxxxxxxxxx\r\nxxxxxxxxxxxx', '', '0'),
('model_f', 2, 5, 0, 2, 'xxxxxxxxxxxx\r\nxxxxxxx0000x\r\nxxxxxxx0000x\r\nxxx00000000x\r\nxxx00000000x\r\nxxx00000000x\r\nxxx00000000x\r\nx0000000000x\r\nx0000000000x\r\nx0000000000x\r\nx0000000000x\r\nxxxxxxxxxxxx\r\nxxxxxxxxxxxx\r\nxxxxxxxxxxxx\r\nxxxxxxxxxxxx\r\nxxxxxxxxxxxx', '', '0'),
('model_i', 0, 10, 0, 2, 'xxxxxxxxxxxxxxxxx\r\nx0000000000000000\r\nx0000000000000000\r\nx0000000000000000\r\nx0000000000000000\r\nx0000000000000000\r\nx0000000000000000\r\nx0000000000000000\r\nx0000000000000000\r\nx0000000000000000\r\nx0000000000000000\r\nx0000000000000000\r\nx0000000000000000\r\nx0000000000000000\r\nx0000000000000000\r\nx0000000000000000\r\nx0000000000000000\r\nx0000000000000000\r\nx0000000000000000\r\nx0000000000000000\r\nx0000000000000000\r\nx0000000000000000\r\nx0000000000000000\r\nx0000000000000000\r\nx0000000000000000\r\nx0000000000000000\r\nx0000000000000000\r\nxxxxxxxxxxxxxxxxx', '', '0'),
('model_j', 0, 10, 0, 2, 'xxxxxxxxxxxxxxxxxxxxx\r\nxxxxxxxxxxx0000000000\r\nxxxxxxxxxxx0000000000\r\nxxxxxxxxxxx0000000000\r\nxxxxxxxxxxx0000000000\r\nxxxxxxxxxxx0000000000\r\nxxxxxxxxxxx0000000000\r\nx00000000000000000000\r\nx00000000000000000000\r\nx00000000000000000000\r\nx00000000000000000000\r\nx00000000000000000000\r\nx00000000000000000000\r\nx00000000000000000000\r\nx00000000000000000000\r\nx00000000000000000000\r\nx00000000000000000000\r\nx0000000000xxxxxxxxxx\r\nx0000000000xxxxxxxxxx\r\nx0000000000xxxxxxxxxx\r\nx0000000000xxxxxxxxxx\r\nx0000000000xxxxxxxxxx\r\nx0000000000xxxxxxxxxx\r\nxxxxxxxxxxxxxxxxxxxxx', '', '0'),
('model_k', 0, 13, 0, 2, 'xxxxxxxxxxxxxxxxxxxxxxxxx\r\nxxxxxxxxxxxxxxxxx00000000\r\nxxxxxxxxxxxxxxxxx00000000\r\nxxxxxxxxxxxxxxxxx00000000\r\nxxxxxxxxxxxxxxxxx00000000\r\nxxxxxxxxx0000000000000000\r\nxxxxxxxxx0000000000000000\r\nxxxxxxxxx0000000000000000\r\nxxxxxxxxx0000000000000000\r\nx000000000000000000000000\r\nx000000000000000000000000\r\nx000000000000000000000000\r\nx000000000000000000000000\r\nx000000000000000000000000\r\nx000000000000000000000000\r\nx000000000000000000000000\r\nx000000000000000000000000\r\nxxxxxxxxx0000000000000000\r\nxxxxxxxxx0000000000000000\r\nxxxxxxxxx0000000000000000\r\nxxxxxxxxx0000000000000000\r\nxxxxxxxxx0000000000000000\r\nxxxxxxxxx0000000000000000\r\nxxxxxxxxx0000000000000000\r\nxxxxxxxxx0000000000000000\r\nxxxxxxxxx0000000000000000\r\nxxxxxxxxx0000000000000000\r\nxxxxxxxxxxxxxxxxxxxxxxxxx', '', '0'),
('model_l', 0, 16, 0, 2, 'xxxxxxxxxxxxxxxxxxxxx\r\nx00000000000000000000\r\nx00000000000000000000\r\nx00000000000000000000\r\nx00000000000000000000\r\nx00000000000000000000\r\nx00000000000000000000\r\nx00000000000000000000\r\nx00000000000000000000\r\nx00000000xxxx00000000\r\nx00000000xxxx00000000\r\nx00000000xxxx00000000\r\nx00000000xxxx00000000\r\nx00000000xxxx00000000\r\nx00000000xxxx00000000\r\nx00000000xxxx00000000\r\nx00000000xxxx00000000\r\nx00000000xxxx00000000\r\nx00000000xxxx00000000\r\nx00000000xxxx00000000\r\nx00000000xxxx00000000\r\nxxxxxxxxxxxxxxxxxxxxx', '', '0'),
('model_m', 0, 15, 0, 2, 'xxxxxxxxxxxxxxxxxxxxxxxxxxxxx\r\nxxxxxxxxxxx00000000xxxxxxxxxx\r\nxxxxxxxxxxx00000000xxxxxxxxxx\r\nxxxxxxxxxxx00000000xxxxxxxxxx\r\nxxxxxxxxxxx00000000xxxxxxxxxx\r\nxxxxxxxxxxx00000000xxxxxxxxxx\r\nxxxxxxxxxxx00000000xxxxxxxxxx\r\nxxxxxxxxxxx00000000xxxxxxxxxx\r\nxxxxxxxxxxx00000000xxxxxxxxxx\r\nxxxxxxxxxxx00000000xxxxxxxxxx\r\nxxxxxxxxxxx00000000xxxxxxxxxx\r\nx0000000000000000000000000000\r\nx0000000000000000000000000000\r\nx0000000000000000000000000000\r\nx0000000000000000000000000000\r\nx0000000000000000000000000000\r\nx0000000000000000000000000000\r\nx0000000000000000000000000000\r\nx0000000000000000000000000000\r\nxxxxxxxxxxx00000000xxxxxxxxxx\r\nxxxxxxxxxxx00000000xxxxxxxxxx\r\nxxxxxxxxxxx00000000xxxxxxxxxx\r\nxxxxxxxxxxx00000000xxxxxxxxxx\r\nxxxxxxxxxxx00000000xxxxxxxxxx\r\nxxxxxxxxxxx00000000xxxxxxxxxx\r\nxxxxxxxxxxx00000000xxxxxxxxxx\r\nxxxxxxxxxxx00000000xxxxxxxxxx\r\nxxxxxxxxxxx00000000xxxxxxxxxx\r\nxxxxxxxxxxx00000000xxxxxxxxxx\r\nxxxxxxxxxxxxxxxxxxxxxxxxxxxxx', '', '0'),
('model_n', 0, 16, 0, 2, 'xxxxxxxxxxxxxxxxxxxxx\r\nx00000000000000000000\r\nx00000000000000000000\r\nx00000000000000000000\r\nx00000000000000000000\r\nx00000000000000000000\r\nx00000000000000000000\r\nx000000xxxxxxxx000000\r\nx000000x000000x000000\r\nx000000x000000x000000\r\nx000000x000000x000000\r\nx000000x000000x000000\r\nx000000x000000x000000\r\nx000000x000000x000000\r\nx000000xxxxxxxx000000\r\nx00000000000000000000\r\nx00000000000000000000\r\nx00000000000000000000\r\nx00000000000000000000\r\nx00000000000000000000\r\nx00000000000000000000\r\nxxxxxxxxxxxxxxxxxxxxx', '', '0'),
('model_g', 1, 7, 1, 2, 'xxxxxxxxxxxx\r\nxxxxxxxxxxxx\r\nxxxxxxx00000\r\nxxxxxxx00000\r\nxxxxxxx00000\r\nxx1111000000\r\nxx1111000000\r\nxx1111000000\r\nxx1111000000\r\nxx1111000000\r\nxxxxxxx00000\r\nxxxxxxx00000\r\nxxxxxxx00000\r\nxxxxxxxxxxxx\r\nxxxxxxxxxxxx\r\nxxxxxxxxxxxx\r\nxxxxxxxxxxxx', '', '1'),
('model_q', 10, 4, 2, 2, 'xxxxxxxxxxxxxxxxxxx\r\nxxxxxxxxxxx22222222\r\nxxxxxxxxxxx22222222\r\nxxxxxxxxxxx22222222\r\nxxxxxxxxxxx22222222\r\nxxxxxxxxxxx22222222\r\nxxxxxxxxxxx22222222\r\nx222222222222222222\r\nx222222222222222222\r\nx222222222222222222\r\nx222222222222222222\r\nx222222222222222222\r\nx222222222222222222\r\nx2222xxxxxxxxxxxxxx\r\nx2222xxxxxxxxxxxxxx\r\nx2222211111xx000000\r\nx222221111110000000\r\nx222221111110000000\r\nx2222211111xx000000\r\nxx22xxx1111xxxxxxxx\r\nxx11xxx1111xxxxxxxx\r\nx1111xx1111xx000000\r\nx1111xx111110000000\r\nx1111xx111110000000\r\nx1111xx1111xx000000\r\nxxxxxxxxxxxxxxxxxxx', '', '1'),
('model_o', 0, 18, 1, 2, 'xxxxxxxxxxxxxxxxxxxxxxxxx\r\nxxxxxxxxxxxxx11111111xxxx\r\nxxxxxxxxxxxxx11111111xxxx\r\nxxxxxxxxxxxxx11111111xxxx\r\nxxxxxxxxxxxxx11111111xxxx\r\nxxxxxxxxxxxxx11111111xxxx\r\nxxxxxxxxxxxxx11111111xxxx\r\nxxxxxxxxxxxxx11111111xxxx\r\nxxxxxxxxxxxxx00000000xxxx\r\nxxxxxxxxx0000000000000000\r\nxxxxxxxxx0000000000000000\r\nxxxxxxxxx0000000000000000\r\nxxxxxxxxx0000000000000000\r\nxxxxxxxxx0000000000000000\r\nxxxxxxxxx0000000000000000\r\nx111111100000000000000000\r\nx111111100000000000000000\r\nx111111100000000000000000\r\nx111111100000000000000000\r\nx111111100000000000000000\r\nx111111100000000000000000\r\nx111111100000000000000000\r\nx111111100000000000000000\r\nxxxxxxxxx0000000000000000\r\nxxxxxxxxx0000000000000000\r\nxxxxxxxxx0000000000000000\r\nxxxxxxxxx0000000000000000\r\nxxxxxxxxxxxxxxxxxxxxxxxxx', '', '1'),
('model_r', 10, 4, 3, 2, 'xxxxxxxxxxxxxxxxxxxxxxxxx\r\nxxxxxxxxxxx33333333333333\r\nxxxxxxxxxxx33333333333333\r\nxxxxxxxxxxx33333333333333\r\nxxxxxxxxxx333333333333333\r\nxxxxxxxxxxx33333333333333\r\nxxxxxxxxxxx33333333333333\r\nxxxxxxx333333333333333333\r\nxxxxxxx333333333333333333\r\nxxxxxxx333333333333333333\r\nxxxxxxx333333333333333333\r\nxxxxxxx333333333333333333\r\nxxxxxxx333333333333333333\r\nx4444433333xxxxxxxxxxxxxx\r\nx4444433333xxxxxxxxxxxxxx\r\nx44444333333222xx000000xx\r\nx44444333333222xx000000xx\r\nxxx44xxxxxxxx22xx000000xx\r\nxxx33xxxxxxxx11xx000000xx\r\nxxx33322222211110000000xx\r\nxxx33322222211110000000xx\r\nxxxxxxxxxxxxxxxxx000000xx\r\nxxxxxxxxxxxxxxxxx000000xx\r\nxxxxxxxxxxxxxxxxx000000xx\r\nxxxxxxxxxxxxxxxxx000000xx\r\nxxxxxxxxxxxxxxxxxxxxxxxxx', '', '1'),
('model_p', 0, 23, 2, 2, 'xxxxxxxxxxxxxxxxxxx\r\nxxxxxxx222222222222\r\nxxxxxxx222222222222\r\nxxxxxxx222222222222\r\nxxxxxxx222222222222\r\nxxxxxxx222222222222\r\nxxxxxxx222222222222\r\nxxxxxxx22222222xxxx\r\nxxxxxxx11111111xxxx\r\nx222221111111111111\r\nx222221111111111111\r\nx222221111111111111\r\nx222221111111111111\r\nx222221111111111111\r\nx222221111111111111\r\nx222221111111111111\r\nx222221111111111111\r\nx2222xx11111111xxxx\r\nx2222xx00000000xxxx\r\nx2222xx000000000000\r\nx2222xx000000000000\r\nx2222xx000000000000\r\nx2222xx000000000000\r\n22222xx000000000000\r\nx2222xx000000000000\r\nxxxxxxxxxxxxxxxxxxx', '', '1'),
('model_h', 4, 4, 1, 2, 'xxxxxxxxxxxx\r\nxxxxxxxxxxxx\r\nxxxxx111111x\r\nxxxxx111111x\r\nxxxxx111111x\r\nxxxxx111111x\r\nxxxxx111111x\r\nxxxxx000000x\r\nxxxxx000000x\r\nxxx00000000x\r\nxxx00000000x\r\nxxx00000000x\r\nxxx00000000x\r\nxxxxxxxxxxxx\r\nxxxxxxxxxxxx\r\nxxxxxxxxxxxx', '', '1'),
('old_skool', 2, 1, 0, 2, 'xx0xxxxxxxxxxxxxx\r\n0000000xxx00000xx\r\n0000000x0000000xx\r\n0000000xxxxxxxxxx\r\n0000000000000000x\r\n0000000000000000x\r\n0000000000000000x\r\n0000000000000000x\r\n0000000000000000x\r\n0000000000000000x\r\n0000000000000000x\r\n0000000000000000x\r\n0000000000000000x\r\n0000000000000000x\r\n0000000000000000x\r\n0000000000000000x\r\n0000000000000000x\r\n0000000000000000x\r\n00000000000000000\r\n0000000000000000x\r\n0000000000000000x\r\n0000000000000000x\r\n0000000000000000x\r\n0000000000000000x\r\n0000000000000000x', 'SLHk49mobiles_chair3QBPAHHHk410mobiles_chair3RBPAHHHk411mobiles_chair3SBPAHHHk412mobiles_chair3PCPAHHHe101mobiles_chair1IRBHPAHe1010mobiles_chair1RBRBHPAHe110mobiles_chair1HSBHJHb111mobiles_table2ISBHHHc112mobiles_table3JSBHHHe113mobiles_chair1KSBHRAHb1110mobiles_table2RBSBHHHc1111mobiles_table3SBSBHHHa121mobiles_table1IPCHHHd122mobiles_table4JPCHHHe129mobiles_chair1QBPCHJHa1210mobiles_table1RBPCHHHd1211mobiles_table4SBPCHHHe1212mobiles_chair1PCPCHRAHe131mobiles_chair1IQCHHHe1311mobiles_chair1SBQCHHHe150mobiles_chair1HSCHPAHe170mobiles_chair1HQDHJHb171mobiles_table2IQDHHHc172mobiles_table3JQDHHHe173mobiles_chair1KQDHRAHa181mobiles_table1IRDHHHd182mobiles_table4JRDHHHe192mobiles_chair1JSDHHHe211mobiles_chair1IQEHPAHb216mobiles_table2RAQEHHHc217mobiles_table3SAQEHHHe2112mobiles_chair1PCQEHPAHe220mobiles_chair1HREHJHb221mobiles_table2IREHHHc222mobiles_table3JREHHHe223mobiles_chair1KREHRAHe225mobiles_chair1QAREHJHa226mobiles_table1RAREHHHd227mobiles_table4SAREHHHe228mobiles_chair1PBREHRAHe2211mobiles_chair1SBREHJHb2212mobiles_table2PCREHHHc2213mobiles_table3QCREHHHe2214mobiles_chair1RCREHRAHa231mobiles_table1ISEHHHd232mobiles_table4JSEHHHa2312mobiles_table1PCSEHHHd2313mobiles_table4QCSEHHHe241mobiles_chair1IPFHHHe247mobiles_chair1SAPFHPAHe2413mobiles_chair1QCPFHH', '0'),
('pizza', 5, 27, 1, 2, 'xxxxxxxxx0000000\r\nx11111x1xx000000\r\n11xxxxx111x00000\r\n11x1111111xx0000\r\n11x1111111100000\r\nxxx1111111100000\r\n1111111111100000\r\n1111111111100000\r\n1111111111100000\r\n1111111111100000\r\n1111111111100000\r\n1111111111100000\r\n1111111111100000\r\n1111111111100000\r\n1111111111100000\r\n1111111111100000\r\n1111111111100000\r\n11111111111xxxxx\r\n1111111111xxxxxx\r\n1111111111111111\r\n1111111111111111\r\n1111111111111111\r\n1111111111111111\r\n1111111111111111\r\n1111111111111111\r\n11xx11xx11111111\r\nxxxx11xxxxxxxxxx\r\nxxxx11xxxxxxxxxx', 'QGHa015pizza_plant1SCHHJHe314pizza_sofa1RCKHPAHE315pizza_sofa2SCKHPAHc515pizza_tableSCQAHJHb60pizza_plant2HRAIJHf614pizza_sofa3RCRAHHHF615pizza_sofa4SCRAHHHd81pizza_chairIPBIPAHd82pizza_chairJPBIPAHc102pizza_tableJRBIJHe1014pizza_sofa1RCRBHPAHE1015pizza_sofa2SCRBHPAHd111pizza_chairISBIHHd112pizza_chairJSBIHHc1215pizza_tableSCPCHJHf1314pizza_sofa3RCQCHHHF1315pizza_sofa4SCQCHHHd161pizza_chairIPDIPAHd162pizza_chairJPDIPAHc182pizza_tableJRDIJHd191pizza_chairISDIHHd192pizza_chairJSDIHHd2111pizza_chairSBQEIJHd2114pizza_chairRCQEIRAHd2211pizza_chairSBREIJHc2213pizza_tableQCREIHHd2214pizza_chairRCREIRAHa250pizza_plant1HQFIJHa2515pizza_plant1SCQFIJ', '0'),
('pub_a', 15, 25, 0, 2, 'xxxxxxxxxxxxxxxxxxxxxxxxx\r\nxxxxxxxxx2222222211111xxx\r\nxxxxxxxxx2222222211111xxx\r\nxxxxxxxxx2222222211111xxx\r\nxxxxxxxxx2222222211111xxx\r\nxxxxxxxxx2222222222111xxx\r\nxxxxxxxxx2222222222111xxx\r\nxxxxxxxxx2222222222000xxx\r\nxxxxxxxxx2222222222000xxx\r\nxxxxxxxxx2222222222000xxx\r\nxxxxxxxxx2222222222000xxx\r\nx333333332222222222000xxx\r\nx333333332222222222000xxx\r\nx333333332222222222000xxx\r\nx333333332222222222000xxx\r\nx333333332222222222000xxx\r\nx333332222222222222000xxx\r\nx333332222222222222000xxx\r\nx333332222222222222000xxx\r\nx333332222222222222000xxx\r\nx333333332222222222000xxx\r\nxxxxx31111112222222000xxx\r\nxxxxx31111111000000000xxx\r\nxxxxx31111111000000000xxx\r\nxxxxx31111111000000000xxx\r\nxxxxx31111111000000000xxx\r\nxxxxxxxxxxxxxxx00xxxxxxxx\r\nxxxxxxxxxxxxxxx00xxxxxxxx\r\nxxxxxxxxxxxxxxx00xxxxxxxx\r\nxxxxxxxxxxxxxxx00xxxxxxxx\r\nxxxxxxxxxxxxxxxxxxxxxxxxx', 'SWHS119pub_sofa2SDIIPAHs120pub_sofaPEIIPAHs121pub_sofaQEIIPAHq211bardesk1SBJJHHc212pub_chairPCJJRAHQ311bardesk2SBKJHHq411bardesk1SBPAJHHc412pub_chairPCPAJRAHQ511bardesk2SBQAJHHf518pub_fenceRDQAJIHq611bardesk1SBRAJHHc612pub_chairPCRAJRAHf618pub_fenceRDRAJHHQ711bardesk2SBSAJHHf718pub_fenceRDSAJHHq811bardesk1SBPBJHHc812pub_chairPCPBJRAHf818pub_fenceRDPBJHHw910bardesk4RBQBJHHW911bardesk3SBQBJHHf918pub_fenceRDQBJHHf1018pub_fenceRDRBJHHC112pub_chair2JSBKPAHC113pub_chair2KSBKPAHC115pub_chair2QASBKPAHC116pub_chair2RASBKPAHf118pub_fencePBSBKIHf1118pub_fenceRDSBJHHf128pub_fencePBPCKHHf1218pub_fenceRDPCJHHf138pub_fencePBQCKHHC139pub_chair2QBQCJJHk1314pub_chair3RCQCJJHT1315pub_table2SCQCJIHk1316pub_chair3PDQCJRAHf1318pub_fenceRDQCJHHf148pub_fencePBRCKJHC149pub_chair2QBRCJJHk1414pub_chair3RCRCJJHT1415pub_table2SCRCJJHk1416pub_chair3PDRCJRAHf1418pub_fenceRDRCJHHt151pub_tableISCKHHf155pub_fenceQASCKIHf1518pub_fenceRDSCJHHS161pub_sofa2IPDKJHf165pub_fenceQAPDKHHf1618pub_fenceRDPDJHHs171pub_sofaIQDKJHf175pub_fenceQAQDKHHk1713pub_chair3QCQDJPAHk1714pub_chair3RCQDJPAHk1715pub_chair3SCQDJPAHk1716pub_chair3PDQDJPAHf1718pub_fenceRDQDJHHs181pub_sofaIRDKJHf185pub_fenceQARDKHHT1813pub_table2QCRDJQAHT1814pub_table2RCRDJRAHT1815pub_table2SCRDJRAHT1816pub_table2PDRDJPAHf1818pub_fenceRDRDJHHs192pub_sofaJSDKHHS193pub_sofa2KSDKHHf195pub_fenceQASDKHHk1913pub_chair3QCSDJHHk1914pub_chair3RCSDJHHk1915pub_chair3SCSDJHHk1916pub_chair3PDSDJHHf1918pub_fenceRDSDJHHf201pub_fenceIPEKQAHf202pub_fenceJPEKRAHf203pub_fenceKPEKRAHf204pub_fencePAPEKRAHf205pub_fenceQAPEKKHf2018pub_fenceRDPEJHHS217pub_sofa2SAQEIPAHs218pub_sofaPBQEIPAHf2112pub_fencePCQEJQAHf2113pub_fenceQCQEJRAHf2114pub_fenceRCQEJRAHf2115pub_fenceSCQEJRAHf2116pub_fencePDQEJRAHf2117pub_fenceQDQEJRAHf2118pub_fenceRDQEJKHS226pub_sofa2RAREIJHt2215pub_tableSCREHHHC2216pub_chair2PDREHPAHC2217pub_chair2QDREHPAHs236pub_sofaRASEIJHT238pub_table2PBSEIIHs246pub_sofaRAPFIJHT248pub_table2PBPFIHHs256pub_sofaRAQFIJHT258pub_table2PBQFIJ', '0'),
('newbie_lobby', 2, 11, 0, 2, 'xxxxxxxxxxxxxxxx000000\r\nxxxxx0xxxxxxxxxx000000\r\nxxxxx00000000xxx000000\r\nxxxxx000000000xx000000\r\n0000000000000000000000\r\n0000000000000000000000\r\n0000000000000000000000\r\n0000000000000000000000\r\n0000000000000000000000\r\nxxxxx000000000000000xx\r\nxxxxx000000000000000xx\r\nx0000000000000000000xx\r\nx0000000000000000xxxxx\r\nxxxxxx00000000000xxxxx\r\nxxxxxxx0000000000xxxxx\r\nxxxxxxxx000000000xxxxx\r\nxxxxxxxx000000000xxxxx\r\nxxxxxxxx000000000xxxxx\r\nxxxxxxxx000000000xxxxx\r\nxxxxxxxx000000000xxxxx\r\nxxxxxxxx000000000xxxxx\r\nxxxxxx00000000000xxxxx\r\nxxxxxx00000000000xxxxx\r\nxxxxxx00000000000xxxxx\r\nxxxxxx00000000000xxxxx\r\nxxxxxx00000000000xxxxx\r\nxxxxx000000000000xxxxx\r\nxxxxx000000000000xxxxx', 'SOHa016crl_lampPDHHHHy017crl_sofa2cQDHHPAHw018crl_sofa2bRDHHPAHv019crl_sofa2aSDHHPAHa020crl_lampPEHHHHb116crl_chairPDIHJHa27crl_lampSAJHHHa211crl_lampSBJHHHb216crl_chairPDJHJHc35crl_pillarQAKHHHb37crl_chairSAKHJHu39crl_table1bQBKHHHs311crl_sofa1cSBKHRAHb316crl_chairPDKHJHA319crl_table2bSDKHHHz320crl_table2aPEKHHHa40crl_lampHPAHHHy41crl_sofa2cIPAHPAHw42crl_sofa2bJPAHPAHv43crl_sofa2aKPAHPAHa44crl_lampPAPAHHHt49crl_table1aQBPAHHHr411crl_sofa1bSBPAHRAHh415crl_wall2aSCPAHHHa416crl_lampPDPAHHHb50crl_chairHQAHJHb57crl_chairSAQAHJHq511crl_sofa1aSBQAHRAHA62crl_table2bJRAHHHz63crl_table2aKRAHHHa611crl_lampSBRAHHHb70crl_chairHSAHJHa80crl_lampHPBHHHD81crl_sofa3cIPBHHHC82crl_sofa3bJPBHHHB83crl_sofa3aKPBHHHa84crl_lampPAPBHHHo819crl_barchair2SDPBHHHp820crl_tablebarPEPBHHHo821crl_barchair2QEPBHHHE95crl_pillar2QAQBHHHc99crl_pillarQBQBHHHP158crl_desk1aPBSCHHHO159crl_deskiQBSCHHHN1510crl_deskhRBSCHHHM1610crl_deskgRBPDHHHL1710crl_deskfRBQDHHHK1810crl_deskeRBRDHHHK1910crl_deskeRBSDHHHK2010crl_deskeRBPEHHHK2110crl_deskeRBQEHHHK2210crl_deskeRBREHHHK2310crl_deskeRBSEHHHG247crl_wallbSAPFHHHK2410crl_deskeRBPFHHHF257crl_wallaSAQFHHHH258crl_desk1bPBQFHHHI259crl_desk1cQBQFHHHJ2510crl_desk1dRBQFHHHd2712crl_lamp2PCSFHHHf2713crl_cabinet2QCSFHHHe2714crl_cabinet1RCSFHHHd2715crl_lamp2SCSFHH', '0'),
('tearoom', 21, 19, 1, 6, 'xxxxxxxxxxxxxxxxxxxxxx\r\nxxxxxxxx3333x33333333x\r\n333333xx3333x33333333x\r\n3333333x3333x33333333x\r\n3333333x3333x33333333x\r\n3333333xxxxxx33333333x\r\n333333333333333333333x\r\n333333333333333333333x\r\n333333333333333333333x\r\n333333333333333333333x\r\n33333333222x333333333x\r\n33333333222x333333333x\r\n33333333222x333333333x\r\n33333333222x333333333x\r\n33333333111x333333333x\r\n33333333111x333333333x\r\n33333333111x333333333x\r\nxxxxxxxx111xxxxxxxxxxx\r\n11111111111111111111xx\r\n1111111111111111111111\r\n1111111111111111111111\r\n11111111111111111111xx', 'QIHh113hardwoodsofa1QCIKPAHi114hardwoodsofa2RCIKPAHj115hardwoodsofa3SCIKPAHc116teabambooPDIKHHh118hardwoodsofa1RDIKPAHi119hardwoodsofa2SDIKPAHj120hardwoodsofa3PEIKPAHl313teasmalltable1QCKKHHk315teasmalltable2SCKKHHl318teasmalltable1RDKKHHk320teasmalltable2PEKKHHe62teastoolJRAKPAHe63teastoolKRAKPAHf68chinastoolredPBRAKPAHf69chinastoolredQBRAKPAHf610chinastoolredRBRAKPAHf611chinastoolredSBRAKPAHa82teatable1JPBKHHb83teatable2KPBKHHm92teastool2JQBKHHm93teastool2KQBKHHe916teastoolPDQBKPAHe917teastoolQDQBKPAHa1116teatable1PDSBKHHb1117teatable2QDSBKHHe122teastoolJPCKPAHe123teastoolKPCKPAHm1216teastool2PDPCKHHm1217teastool2QDPCKHHa142teatable1JRCKHHb143teatable2KRCKHHm152teastool2JSCKHHm153teastool2KSCKHHd180teavaseHRDIHHg190chinastoolgreenHSDIJHg200chinastoolgreenHPEIJHd210teavaseHQEIH', '0'),
('rooftop', 17, 12, 4, 2, '44xxxxxxxxxxxxxxxxxx\r\n444xxxxxxxxxxx444444\r\n4444xxxxxxxxxx444444\r\n44444xxxx4xxxx444444\r\n444444xxx44xxx444444\r\n44444444444444444444\r\n44444444444444444444\r\n44444444444444444444\r\n44444444xx44xx44xx44\r\n44444444xx44xx44xx44\r\n44444444444444444444\r\n44444444444444444444\r\n44444444444444444444\r\nx444444x444444xx4444\r\nx444444x444444xx333x\r\nx444444x444444xx222x\r\nx444444x444444xx11xx\r\nx444444x444444xxxxxx', 'PKHa10rooftop_minichairHIPAPAHd116rooftop_flatcurbPDIPAPAHe117rooftop_flatcurb2QDIPAPAHc20rooftop_rodtableHJPAHHa21rooftop_minichairIJPARAHa30rooftop_minichairHKPAHHd416rooftop_flatcurbPDPAPAHHe417rooftop_flatcurb2QDPAPAHHa62rooftop_minichairJRAPAPAHa71rooftop_minichairISAPAJHc72rooftop_rodtableJSAPAHHa73rooftop_minichairKSAPARAHa82rooftop_minichairJPBPAHHa90rooftop_minichairHQBPAPAHb100rooftop_emptytableHRBPAHHa110rooftop_minichairHSBPAHHd131rooftop_flatcurbIQCPAJHd136rooftop_flatcurbRAQCPARAHd138rooftop_flatcurbPBQCPAJHd1313rooftop_flatcurbQCQCPARAHf141rooftop_flatcurb3IRCPAJHf146rooftop_flatcurb3RARCPARAHf148rooftop_flatcurb3PBRCPAJHf1413rooftop_flatcurb3QCRCPARAHf151rooftop_flatcurb3ISCPAJHf156rooftop_flatcurb3RASCPARAHf158rooftop_flatcurb3PBSCPAJHf1513rooftop_flatcurb3QCSCPARAHf161rooftop_flatcurb3IPDPAJHf166rooftop_flatcurb3RAPDPARAHf168rooftop_flatcurb3PBPDPAJHf1613rooftop_flatcurb3QCPDPARAHg171rooftop_flatcurb4IQDPAHHf172rooftop_flatcurb3JQDPAHHf173rooftop_flatcurb3KQDPAHHf174rooftop_flatcurb3PAQDPAHHf175rooftop_flatcurb3QAQDPAHHh176rooftop_flatcurb5RAQDPAHHg178rooftop_flatcurb4PBQDPAHHf179rooftop_flatcurb3QBQDPAHHf1710rooftop_flatcurb3RBQDPAHHf1711rooftop_flatcurb3SBQDPAHHf1712rooftop_flatcurb3PCQDPAHHh1713rooftop_flatcurb5QCQDPAH', '0'),
('rooftop_2', 4, 9, 0, 2, 'x0000x000\r\nxxxxxx000\r\n000000000\r\n000000000\r\n000000000\r\n000000000\r\n000000000\r\n000000000\r\n000000000\r\n000000000\r\nxxx000xxx\r\nxxx000xxx', 'RDHk08rooftop_bigchairPBHHPAHl18rooftop_bigtablePBIHHHj20rooftop_sofabHJHPAHi21rooftop_sofaIJHPAHk28rooftop_bigchairPBJHHHk38rooftop_bigchairPBKHPAHl48rooftop_bigtablePBPAHHHj50rooftop_sofabHQAHHHi51rooftop_sofaIQAHHHk58rooftop_bigchairPBQAHHHj60rooftop_sofabHRAHPAHi61rooftop_sofaIRAHPAHj67rooftop_sofabSARAHPAHi68rooftop_sofaPBRAHPAHj90rooftop_sofabHQBHHHi91rooftop_sofaIQBHHHj97rooftop_sofabSAQBHHHi98rooftop_sofaPBQBHH', '0'),
('star_lounge', 37, 36, 0, 2, 'xxxxxxxxxxxxxxxxxxxxxxxxxxxxxxxxxxxxxxxxxxxxxxxxxx\r\nxxxxxxxxxxxxxxxxxxxxxxxxxxxxxxxxxxxxxxxxxxxxxxxxxx\r\nxxxxxxxxxxxxxxxxxxxxxxxxxxxxxxxxxxxxxxxxxxxxxxxxxx\r\nxxxxxxxxxxxxxxxxxxxxxxxxxxxxxxxxxxxxxxxxxxxxxxxxxx\r\nxxxxxxxxxxxxxxxxxxxxxxxxxxxxxxxxxxxxxxxxxxxxxxxxxx\r\nxxxxxxxxxxxxxxxxxxxxxxxxxxxxxxxxxxxxxxxxxxxxxxxxxx\r\nxxxxxxxxxxxxxxxxxxxxxxxxxxxxxxxxxxxxxxxxxxxxxxxxxx\r\nxxxxxxxxxxxxxxxxxxxxxxxxxxxxxxxxxxxxxxxxxxxxxxxxxx\r\nxxxxxxxxxxxxxxxxxxxxxxxxxxxxxxxxxxxxxxxxxxxxxxxxxx\r\nxxxxxxxxxxxxxxxxxxxxxxxxxxxxxxxxxxxxxxxxxxxxxxxxxx\r\nxxxxxxxxxxxxxxxxxxxxxxxxxxxxxxxxxxxxxxxxxxxxxxxxxx\r\nxxxxxxxxxxxxxxxxxxxxxxxxxxxxxxxxxxxxxxxxxxxxxxxxxx\r\nxxxxxxxxxxxxxxxxxxxxxxxxxxxxxxxxxxxxxxxxxxxxxxxxxx\r\nxxxxxxxxxxxxxxxxxxxxxxxxxxxxxxxxxxxxxxxxxxxxxxxxxx\r\nxxxxxxxxxxxxxxxxxxxxxxxxxxxxxxxxxxxxxxxxxxxxxxxxxx\r\nxxxxxxxxxxxxxxxxxxxxx2222x4444442222xxxxxxxxxxxxxx\r\nxxxxxxxxxxxxxxxxxxxxx22222x444x32222xxxxxxxxxxxxxx\r\nxxxxxxxxxxxxxxxxxxxxx22222xx4xx22222xxxxxxxxxxxxxx\r\nxxxxxxxxxxxxxxxxxxxxx222222222222222xxxxxxxxxxxxxx\r\nxxxxxxxxxxxxxxxxxxxxx222222222222222xxxxxxxxxxxxxx\r\nxxxxxxxxxxxxxxxxxxxxx222222222222222xxxxxxxxxxxxxx\r\nxxxxxxxxxxxxxxxxxxxxx222222222222222xxxxxxxxxxxxxx\r\nxxxxxxxxxxxxxxxxxxxxx222222222222222xxxxxxxxxxxxxx\r\nxxxxxxxxxxxxxxxxxxxxx222222222222222xxxxxxxxxxxxxx\r\nxxxxxxxxxxxxxxxxxxxxx22222222222222211111xxxxxxxxx\r\nxxxxxxxxxxxxxxxxxxxxx22222222222222211111xxxxxxxxx\r\nxxxxxxxxxxxxxxxxxxxxx22222222222222211111xxxxxxxxx\r\nxxxxxxxxxxxxxxxxxxxxx22222222222222211111xxxxxxxxx\r\nxxxxxxxxxxxxxxxxxxxxx22222222222222222111xxxxxxxxx\r\nxxxxxxxxxxxxxxxxxxxxx22222222222222222111xxxxxxxxx\r\nxxxxxxxxxxxxxxxx3333x22222222222222xxxxxxxxxxxxxxx\r\nxxxxxxxxxxxxxxxx3333x22222222222222xxxxxxxxxxxxxxx\r\nxxxxxxxxxxxxxxxx3333x22222222221111xxxxxxxxxxxxxxx\r\nxxxxxxxxxxxxxxxx3333xx2x22222220000xxxxxxxxxxxxxxx\r\nxxxxxxxxxxxxxxxx333333332222222000000xxxxxxxxxxxxx\r\nxxxxxxxxxxxxxxxx333333332222222x0000000xxxxxxxxxxx\r\nxxxxxxxxxxxxxxxxx33333332222222x0000000xxxxxxxxxxx\r\nxxxxxxxxxxxxxxxxxxxxxxxxx222222000000xxxxxxxxxxxxx\r\nxxxxxxxxxxxxxxxxxxxxxxxxxxxxxxxxxxxxxxxxxxxxxxxxxx\r\nxxxxxxxxxxxxxxxxxxxxxxxxxxxxxxxxxxxxxxxxxxxxxxxxxx\r\nxxxxxxxxxxxxxxxxxxxxxxxxxxxxxxxxxxxxxxxxxxxxxxxxxx\r\nxxxxxxxxxxxxxxxxxxxxxxxxxxxxxxxxxxxxxxxxxxxxxxxxxx\r\nxxxxxxxxxxxxxxxxxxxxxxxxxxxxxxxxxxxxxxxxxxxxxxxxxx\r\nxxxxxxxxxxxxxxxxxxxxxxxxxxxxxxxxxxxxxxxxxxxxxxxxxx\r\nxxxxxxxxxxxxxxxxxxxxxxxxxxxxxxxxxxxxxxxxxxxxxxxxxx\r\nxxxxxxxxxxxxxxxxxxxxxxxxxxxxxxxxxxxxxxxxxxxxxxxxxx\r\nxxxxxxxxxxxxxxxxxxxxxxxxxxxxxxxxxxxxxxxxxxxxxxxxxx\r\nxxxxxxxxxxxxxxxxxxxxxxxxxxxxxxxxxxxxxxxxxxxxxxxxxx\r\nxxxxxxxxxxxxxxxxxxxxxxxxxxxxxxxxxxxxxxxxxxxxxxxxxx\r\nxxxxxxxxxxxxxxxxxxxxxxxxxxxxxxxxxxxxxxxxxxxxxxxxxx', 'PXHk1521star_tableQESCJHHa1522star_sofaRESCJPAHb1523star_sofa2SESCJPAHz1524palmPFSCJHHb1621star_sofa2QEPDJJHQ1632dj1PHPDJHHW1633dj2QHPDJHHE1634dj3RHPDJHHa1721star_sofaQEQDJJHm1728star_microphonePGQDPAHHb1821star_sofa2QERDJJHa1835star_sofaSHRDJRAHa1921star_sofaQESDJJHb1935star_sofa2SHSDJRAHb2021star_sofa2QEPEJJHb2024star_sofa2PFPEJJHa2032star_sofaPHPEJRAHa2035star_sofaSHPEJRAHa2121star_sofaQEQEJJHa2124star_sofaPFQEJJHb2132star_sofa2PHQEJRAHb2135star_sofa2SHQEJRAHc2221star_sofachairQEREJJHk2224star_tablePFREJHHb2225star_sofa2QFREJHHa2226star_sofaRFREJHHb2230star_sofa2RGREJHHa2231star_sofaSGREJHHk2232star_tablePHREJHHk2235star_tableSHREJHHz2321palmQESEJHHa2335star_sofaSHSEJRAHp2422bar10REPFJHHb2435star_sofa2SHPFJRAHa2437star_sofaQIPFIPAHb2438star_sofa2RIPFIPAHa2439star_sofaSIPFIPAHb2440star_sofa2PJPFIPAHo2522bar9REQFJHHb2525star_sofa2QFQFJHHa2526star_sofaRFQFJHHb2530star_sofa2RGQFJHHa2531star_sofaSGQFJHHa2535star_sofaSHQFJRAHb2536star_sofa2PIQFIJHi2622bar8RERFJHHX2625palm1QFRFJHHV2626palm3RFRFJHHC2630palm2RGRFJHHB2631palm4SGRFJHHb2635star_sofa2SHRFJRAHa2636star_sofaPIRFIJHk2639star_tableSIRFIHHk2640star_tablePJRFIHHu2722bar7RESFJHHa2725star_sofaQFSFJPAHb2726star_sofa2RFSFJPAHa2730star_sofaRGSFJPAHb2731star_sofa2SGSFJPAHk2735star_tableSHSFJHHz2736palmPISFIHHk2737star_tableQISFIHHy2822bar6REPGJHHt2922bar5REQGJHHk2925star_tableQFQGJHHk2926star_tableRFQGJHHk3016star_tablePDRGKHHr3022bar4RERGJHHb3116star_sofa2PDSGKJHe3122bar3RESGJHHb3125star_sofa2QFSGJHHa3126star_sofaRFSGJHHa3130star_sofaRGSGJRAHa3216star_sofaPDPHKJHw3222bar2REPHJHHB3225palm4QFPHJHHX3226palm1RFPHJHHb3230star_sofa2RGPHJRAHb3316star_sofa2PDQHKJHq3322bar1REQHJHHa3325star_sofaQFQHJPAHb3326star_sofa2RFQHJPAHa3330star_sofaRGQHJRAHa3416star_sofaPDRHKJHb3430star_sofa2RGRHJRAHV3435palm3SHRHHHHC3436palm2PIRHHHHk3516star_tablePDSHKHHa3530star_sofaRGSHJRAHb3630star_sofa2RGPIJRAHc3725star_sofachairQFQIJHHb3726star_sofa2RFQIJHHa3727star_sofaSFQIJHHb3728star_sofa2PGQIJHHa3729star_sofaQGQIJHHk3730star_tableRGQIJH', '0'),
('netcafe', 22, 12, 0, 2, 'xxxxx1111xxxxxxxxxxx1xxxx\r\nxxxxx1111111111111111xxxx\r\nxxxxx1111111111111111xxxx\r\nxxxxx1111111111111111xxxx\r\nxxxxxxxx0000000000000xxxx\r\n111111100000000000000xxxx\r\n111111100000000000000xxxx\r\n111111100000000000000xxxx\r\nxxxx11100000000000000xxxx\r\nx1xx11100000000000000xxxx\r\nx1xx11100000000000000xxxx\r\nx1xx111000000000000000000\r\nx1xx111000000000000000000\r\nxxxx111000000000000000000\r\nxxxx11100000000000000xxxx\r\nxxxx1110000000xx11111xxxx\r\nxxxxx111110000x111111xxxx\r\nxxxxxx111100001111111xxxx\r\nxxxxxx111100001111111xxxx\r\nxxxxxx111100001111111xxxx\r\nxxxxxx111100001111111xxxx\r\nxxxxxx111100001111111xxxx\r\nxxxxxx111100001111111xxxx\r\nxxxxx1111100001111111xxxx', 'RRHi06shift1RAHIPAHj07shift2SAHIPAHm110mRBIIHHl113lQCIIHHk116kPDIIHHk119kSDIIHHh35kukat6QAKIHHg36kukat5RAKIHHc312kukat2PCKIHHb313kukat1QCKIHHc319kukat2SDKIHHb320kukat1PEKIHHi412shift1PCPAHPAHj413shift2QCPAHPAHi419shift1SDPAHPAHj420shift2PEPAHPAHi50shift1HQAIPAHj51shift2IQAIPAHi52shift1JQAIPAHj53shift2KQAIPAHk715kSCSAHJHo716table2PDSAHRAHz717tablecornerQDSAHHHm718mRDSAHRAHl815lSCPBHJHo816table2PDPBHPAHl818lRDPBHRAHm94mPAQBIRAHk99kQBQBHJHp910table3RBQBHRAHz911tablecornerSBQBHHHm912mPCQBHRAHk915kSCQBHJHo916table2PDQBHJHk918kRDQBHRAHk104kPARBIRAHm109mQBRBHJHp1010table3RBRBHPAHm1012mPCRBHRAHm1015mSCRBHJHo1016table2PDRBHHHk1018kRDRBHRAHl114lPASBIRAHl119lQBSBHJHp1110table3RBSBHJHl1112lPCSBHRAHk124kPAPCIRAHl129lQBPCHJHp1210table3RBPCHHHk1212kPCPCHRAHm134mPAQCIRAHc165kukat2QAPDIHHb166kukat1RAPDIHHc167kukat2SAPDIHHb168kukat1PBPDIHHe169kukat3QBPDIHHd1615kukka2SCPDIHHf179kukat4QBQDIHHk186kRARDIRAHe189kukat3QBRDIHHs1820sofabig3PERDIRAHf199kukat4QBSDIHHn1917table1QDSDIPAHz1918tablecornerRDSDIHHr1920sofabig2PESDIRAHn2017table1QDPEIJHr2020sofabig2PEPEIRAHm216mRAQEIRAHn2117table1QDQEIHHq2120sofabig1PEQEIRAHv2316sofalittle3PDSEIHHu2317sofalittle2QDSEIHHt2318sofalittle1RDSEIHHa2320kukkaPESEIH', '0'),
('dusty_lounge', 14, 1, 2, 4, 'xxxxxxxxxxxxxx22xxxxxxxxxxxxx\r\nxxxxxxxxxx222x222x2xxxxxxxxxx\r\nxxxxxxx33322222222223xxxxxxx3\r\nxxxxxxx33322222222223xxxxxxx3\r\nxxxxxxx33322222222223x33333x3\r\nxxxxxxx33322222222223x33333x3\r\nxx111xx33322222222223xxxxxxx3\r\nxx111xxx332222222222333333333\r\nxx111xxxx32222222222333333333\r\nxx111xxxxxx222222222333333333\r\nxx111xxxxxxx1111111x333333333\r\nxx111xxxxxxx1111111x222222222\r\nxx111xxxxxx111111111111111111\r\nxx111xxxxxx111111111111111111\r\n11111xxxxxx111111111111111111\r\n11111xxxxxx111111111111111111\r\n11x11xxxxxx111111111111111111\r\n11xxxxxxxxx11111111111111111x\r\nx11xxxxxxxxx1111111x1111111xx\r\nxx11xxxxxxx111111111111111xxx\r\nxxx11xxxxxx11111111111111xxxx\r\nxxxx11111111111111111111xxxxx\r\nxxxxx11111111111111xxxxxxxxxx\r\nxxxxxxxxxxx11111111xxxxxxxxxx\r\nxxxxxxxxxxx11111111xxxxxxxxxx', 'QHHc48greenchair2PBPAKPAHd49greenchair1QBPAKPAHc68greenchair2PBRAKHHd69greenchair1QBRAKHHa620dustylampPERAKJHa628dustylampPGRAKJHc73greenchair2KSAIPAHd74greenchair1PASAIPAHc93greenchair2KQBIHHd94greenchair1PAQBIHHb1021yellowchairQERBKJHb1023yellowchairSERBKRAHb1026yellowchairRFRBKJHb1028yellowchairPGRBKRAHc1211greenchair2SBPCIJHc133greenchair2KQCIPAHd134greenchair1PAQCIPAHd1311greenchair1SBQCIJHa1411dustylampSBRCIJHc153greenchair2KSCIHHd154greenchair1PASCIHHc1511greenchair2SBSCIJHb1524yellowchairPFSCIPAHd1611greenchair1SBPDIJHb1722yellowchairREQDIJHa1724dustylampPFQDIJHb1726yellowchairRFQDIRAHa1911dustylampSBSDIJHb1924yellowchairPFSDIHHc2312greenchair2PCSEIJHc2314greenchair2RCSEIRAHd2412greenchair1PCPFIJHd2414greenchair1RCPFIRA', '0'),
('orient', 35, 22, 0, 6, 'xxxxxxxxxxxxxxxxxxxxxxxxxxxxxxxxxxxx\r\nxxxxxxxxxxxxxxxx00000000xxxxxxxxxxxx\r\nxxxxxxxxxxxxxx1000000000xxxxxxxxxxxx\r\nxxxxxxxxxxxxxx1xxxxxxxxxxxxxxxxxxxxx\r\nxxxxxxxxxxxxxx1xxxxxxxxxxxxxxxxxxxxx\r\nxxxxxxxxxxxxxx1xxxxxxxxxxxxxxxxxxxxx\r\nxxxxxxxxxxxxxx1xxxxxxxxxxxxxxxxxxxxx\r\nxxxxxxxxxxxxxx1xxxxxxxxxxxxxxxxxxxxx\r\nxxxxxxxxxxxxxx1xxxxxxxxxxxxxxxxxxxxx\r\nxxxxxxxxxxxxxx1xxxxxxxxxxxxxxxxxxxxx\r\nxxxxxxxxxxxxxx1xx000x000xx111x111xxx\r\nxxxxxxxxxxxxxx1xx000x000xxxxxx1111xx\r\nxxxxxxxxxxxxxx1xx000x000x111111111xx\r\nxxxxxxxxxxxxxx1xx000x000x111111111xx\r\nxxx111111111111xx000x000x111111111xx\r\nxxx1xxxxxxxxxxxxx000x000x111111111xx\r\nxxx1x1111111111000000000x111111111xx\r\nxxx1x1111111111000000000xx1111111xxx\r\nxxx1x11xxxxxx11000000000xx1111111100\r\nxxx111xxxxxxx11000000000011111111100\r\nxxx111xxxxxxx11000000000011111111100\r\nxxxxx1xxxxxxx11000000000011111111100\r\nxxxxx11xxxxxx11000000000xx1111111100\r\nxxxxx1111111111000000000xx1111111xxx\r\nxxxxx1111111111xx000x000x111111111xx\r\nxxxxxxxxxxxxxxxxx000x000x111111111xx\r\nxxxxxxxxxxxxxxxxx000x000x111111111xx\r\nxxxxxxxxxxxxxxxxx000x000x111111111xx\r\nxxxxxxxxxxxxxxxxx000x000x111111111xx\r\nxxxxxxxxxxxxxxxxx000x00xx11xxxx111xx\r\nxxxxxxxxxxxxxxxxxxxxxxxxxx11111111xx', 'SOHd1017benchQDRBHJHd1019benchSDRBHRAHd1021benchQERBHJHd1023benchSERBHRAHd1117benchQDSBHJHd1119benchSDSBHRAHd1121benchQESBHJHd1123benchSESBHRAHb1132koc_chairPHSBIPAHd1217benchQDPCHJHd1219benchSDPCHRAHd1221benchQEPCHJHd1223benchSEPCHRAHb1231koc_chairSGPCIJHa1232koc_tablePHPCIHHb1233koc_chairQHPCIRAHd1317benchQDQCHJHd1319benchSDQCHRAHd1321benchQEQCHJHd1323benchSEQCHRAHb1325koc_chairQFQCIPAHb1332koc_chairPHQCIHHd1417benchQDRCHJHd1419benchSDRCHRAHd1421benchQERCHJHd1423benchSERCHRAHa1425koc_tableQFRCIHHb1426koc_chairRFRCIRAHd1517benchQDSCHJHd1519benchSDSCHRAHd1521benchQESCHJHd1523benchSESCHRAHb1525koc_chairQFSCIHHb1529koc_chairQGSCIJHa1530koc_tableRGSCIHHb1531koc_chairSGSCIRAHb1630koc_chairRGPDIHHc2425chairf1QFPFIJHc2433chairf1QHPFIRAHd2517benchQDQFHJHd2519benchSDQFHRAHd2521benchQEQFHJHd2523benchSEQFHRAHc2525chairf1QFQFIJHc2533chairf1QHQFIRAHd2617benchQDRFHJHd2619benchSDRFHRAHd2621benchQERFHJHd2623benchSERFHRAHc2625chairf1QFRFIJHc2633chairf1QHRFIRAHd2717benchQDSFHJHd2719benchSDSFHRAHd2721benchQESFHJHd2723benchSESFHRAHd2817benchQDPGHJHd2819benchSDPGHRAHd2821benchQEPGHJHd2823benchSEPGHRAHd2917benchQDQGHJHd2919benchSDQGHRAHd2921benchQEQGHJHd2923benchSEQG`hFFRA', '0'),
('theater', 20, 27, 0, 0, 'XXXXXXXXXXXXXXXXXXXXXXX\r\nXXXXXXXXXXXXXXXXXXXXXXX\r\nXXXXXXXXXXXXXXXXXXXXXXX\r\nXXXXXXXXXXXXXXXXXXXXXXX\r\nXXXXXXXXXXXXXXXXXXXXXXX\r\nXXXXXXXXXXXXXXXXXXXXXXX\r\nXXXXXXX111111111XXXXXXX\r\nXXXXXXX11111111100000XX\r\nXXXX00X11111111100000XX\r\nXXXX00x11111111100000XX\r\n4XXX00X11111111100000XX\r\n4440000XXXXXXXXX00000XX\r\n444000000000000000000XX\r\n4XX000000000000000000XX\r\n4XX0000000000000000000X\r\n44400000000000000000000\r\n44400000000000000000000\r\n44X0000000000000000O000\r\n44X11111111111111111000\r\n44X11111111111111111000\r\n33X11111111111111111000\r\n22X11111111111111111000\r\n22X11111111111111111000\r\n22X11111111111111111000\r\n22X11111111111111111000\r\n22X11111111111111111000\r\n22211111111111111111000\r\n22211111111111111111000\r\nXXXXXXXXXXXXXXXXXXXX00X\r\nXXXXXXXXXXXXXXXXXXXX00X', 'QKHm1011micSBRBIHHd112thchair2JSBPAJHd122thchair2JPCPAJHd152thchair2JSCPAJHc156thchair1RASCHHHc157thchair1SASCHHHc158thchair1PBSCHHHc159thchair1QBSCHHHc1510thchair1RBSCHHHc1512thchair1PCSCHHHc1513thchair1QCSCHHHc1514thchair1RCSCHHHc1515thchair1SCSCHHHc1516thchair1PDSCHHHd162thchair2JPDPAJHc206thchair1RAPEIHHc207thchair1SAPEIHHc208thchair1PBPEIHHc209thchair1QBPEIHHc2010thchair1RBPEIHHc2012thchair1PCPEIHHc2013thchair1QCPEIHHc2014thchair1RCPEIHHc2015thchair1SCPEIHHc2016thchair1PDPEIHHc236thchair1RASEIHHc237thchair1SASEIHHc238thchair1PBSEIHHc239thchair1QBSEIHHc2310thchair1RBSEIHHc2312thchair1PCSEIHHc2313thchair1QCSEIHHc2314thchair1RCSEIHHc2315thchair1SCSEIHHc2316thchair1PDSEIHHc266thchair1RARFIHHc267thchair1SARFIHHc268thchair1PBRFIHHc269thchair1QBRFIHHc2610thchair1RBRFIHHc2612thchair1PCRFIHHc2613thchair1QCRFIHHc2614thchair1RCRFIHHc2615thchair1SCRFIHHc2616thchair1PDRFIH', '0'),
('picnic', 16, 5, 2, 4, 'xxxxxxxxxxxxxxxxxxxxxxxxxxxxxxxxxxxxxx\r\nxxxxxxxxxxxxxxxxxxxxxxxxxxxxxxxxxxxxxx\r\nxxxxxxxxxxxxxxxxxxxxxxxxxxxxxxxxxxxxxx\r\nxxxxxxxxxxxxxxxxxxxxxxxxxxxxxxxxxxxxxx\r\nxx22222xxxxxxxxxxxxxxxxxxxxxxxxxxxxxxx\r\n22xxxxxxxxxxxxx22xxxxxxxxxxxxxxxxxxxxx\r\n2222222222222222222x222222222222222222\r\n22222222222222222222222222222222222222\r\n22222222222222222222222222222222222222\r\n22222222222222222222222222222222222222\r\n22222222222xxx222222222222222222222222\r\n2222222222xx33x22222222222222222222222\r\n222222222xx3333x2222222222222222222222\r\n222222222x333333x222222222222222222222\r\n222222222x333333x222222222222222222222\r\n2222222222x3332x2222222222222222222222\r\n22222222222x33x22222222222222222222222\r\n22222222222222222222222222222222222222\r\n22222222222222222222222222222222222222\r\n22222222222222222222222222222222222222\r\n22222222222222222222222222222222222222\r\n22222222222222222222222222222222222222\r\n22222222222222222222222222222222222222\r\n22222222x22222xxxx22222222222222222222\r\n22222222222222xxxx22222222222222222222\r\n22222222222222xxx222222222222222222222\r\n22222222222222222222222222222222222222\r\n22222222222222222222222222222222222222\r\n22222222222222222222222222222222222222\r\n22222222222222222222222222222222222222\r\n22222222222222222222222222222222222222\r\n22222222222222222222222222222222222222\r\n22222222222222222222222222222222222222\r\n22222222222222222222222222222222222222\r\n22222222222222222222222222222222222222\r\n22222222222222222222222222222222222222\r\n22222222222222222222222222222222222222\r\n22222222222222222222222222222222222222\r\n22222222222222222222222222222222222222\r\n22222222222222222222222222222222222222\r\n22222222222222222222222222222222222222\r\n22222222222222222222222222222222222222\r\n22222222222222222222222222222222222222\r\n22222222222222222222222222222222222222', 'PcHh710hedge7RBSAJPAHh711hedge7SBSAJPAHh712hedge7PCSAJPAHh713hedge7QCSAJPAHy714hedge8RCSAJPAHs718hedge2RDSAJPAHh719hedge7SDSAJPAHh720hedge7PESAJPAHh721hedge7QESAJPAHz814hedge9RCPBJPAHz818hedge9RDPBJPAHv93hedge5KQBJPAHz103hedge9KRBJPAHc1112picnic_dummychair1PCSBKPAHc1113picnic_dummychair1QCSBKPAHc1114picnic_dummychair1RCSB`hFFPAHc1310picnic_dummychair1RBQCKJHc1315picnic_dummychair1SCQCKRAHb1321picnic_groundQEQCJPAHb147picnic_groundSARCJPAHc1410picnic_dummychair1RBRCKJHc1415picnic_dummychair1SCRCKRAHb1519picnic_groundSDSCJJHb1523picnic_groundSESCJRAHb165picnic_groundQAPDJJHb169picnic_groundQBPDJRAHL1620picnic_cloth1PEPDJJHL176picnic_cloth1RAQDJJHb1721picnic_groundQEQDJHHb187picnic_groundSARDJHHa190picnic_redbench2HSDJJHA200picnic_redbench1HPEJJHw2011hedge6SBPEJPAHh2012hedge7PCPEJPAHh2013hedge7QCPEJPAHt2014hedge3RCPEJPAHu2017hedge4QDPEJPAHh2018hedge7RDPEJPAHh2019hedge7SDPEJPAHy2020hedge8PEPEJPAHv2111hedge5SBQEJPAHM2112picnic_bench1PCQEJPAHN2113picnic_bench2QCQEJPAHO2114picnic_bench3RCQEJPAHM2117picnic_bench1QDQEJPAHN2118picnic_bench2RDQEJPAHO2119picnic_bench3SDQEJPAHv2120hedge5PEQEJPAHa220picnic_redbench2HREJJHv2211hedge5SBREJPAHv2220hedge5PEREJPAHb2225picnic_groundQFREJPAHA230picnic_redbench1HSEJJHv2311hedge5SBSEJPAHM2312picnic_bench1PCSEJJHM2319picnic_bench1SDSEJRAHv2320hedge5PESEJPAHc246picnic_dummychair1RAPFJPAHd247picnic_dummychair4SAPFJPAHe248picnic_dummychair6PBPFJPAHv2411hedge5SBPFJPAHN2412picnic_bench2PCPFJJHN2419picnic_bench2SDPFJRAHv2420hedge5PEPFJPAHb2423picnic_groundSEPFJJHb2427picnic_groundSFPFJRAHK255picnic_stumpQAQFJJHv2511hedge5SBQFJPAHN2512picnic_bench2PCQFJJHN2519picnic_bench2SDQFJRAHv2520hedge5PEQFJPAHG2524picnic_cloth2PFQFJJHK267picnic_stumpSARFJHHv2611hedge5SBRFJPAHO2612picnic_bench3PCRFJJHH2614picnic_fireplace1RCRFJHHI2616picnic_fireplace2PDRFJJHO2619picnic_bench3SDRFJRAHv2620hedge5PERFJPAHb2625picnic_groundQFRFJHHz2711hedge9SBSFJPAHQ2712picnic_lemonadePCSFJPAHz2720hedge9PESFJPAHE298picnic_firewood2PBQGJHHa300picnic_redbench2HRGJJHD308picnic_firewood1PBRGJHHA310picnic_redbench1HSGJJHD318picnic_firewood1PBSGJHHM3112picnic_bench1PCSGJPAHN3113picnic_bench2QCSGJPAHO3114picnic_bench3RCSGJPAHM3118picnic_bench1RDSGJPAHN3119picnic_bench2SDSGJPAHO3120picnic_bench3PESGJPAHf3127picnic_carrotSFSGJHHf3128picnic_carrotPGSGJHHf3129picnic_carrotQGSGJHHf3130picnic_carrotRGSGJHHf3131picnic_carrotSGSGJHHD328picnic_firewood1PBPHJHHF3212picnic_table2PCPHJJHP3214picnic_tableRCPHJJHF3218picnic_table2RDPHJJHP3220picnic_tablePEPHJJHr333hedge1KQHJPAHD338picnic_firewood1PBQHJHHM3312picnic_bench1PCQHJHHN3313picnic_bench2QCQHJHHO3314picnic_bench3RCQHJHHM3318picnic_bench1RDQHJHHN3319picnic_bench2SDQHJHHO3320picnic_bench3PEQHJHHg3327picnic_cabbageSFQHJHHg3328picnic_cabbagePGQHJHHg3329picnic_cabbageQGQHJHHv343hedge5KRHJPAHD348picnic_firewood1PBRHJHHv353hedge5KSHJPAHD358picnic_firewood1PBSHJHHv363hedge5KPIJPAHD368picnic_firewood1PBPIJHHD378picnic_firewood1PBQIJHHM3712picnic_bench1PCQIJPAHN3713picnic_bench2QCQIJPAHO3714picnic_bench3RCQIJPAHM3718picnic_bench1RDQIJPAHN3719picnic_bench2SDQIJPAHO3720picnic_bench3PEQIJPAHD388picnic_firewood1PBRIJHHF3812picnic_table2PCRIJJHP3814picnic_tableRCRIJJHF3818picnic_table2RDRIJJHP3820picnic_tablePERIJJHJ398picnic_firewood3PBSIJHHM3912picnic_bench1PCSIJHHN3913picnic_bench2QCSIJHHO3914picnic_bench3RCSIJHHM3918picnic_bench1RDSIJHHN3919picnic_bench2SDSIJHHO3920picnic_bench3PESIJH', '0'),
('cinema_a', 20, 27, 1, 0, 'xxxxxxx1xx11111111xxxxxx\r\nxxx1111111111111111xxxxx\r\nxxx111xxxx1111111111xxxx\r\nxxxx2xxxxxxxxxxxxxxxxxxx\r\nxx3x3x333311xxxxxxxxxx11\r\nxx3333333311111111111111\r\nxx3333333311111111111111\r\nxx3333333311111111122111\r\nxx3333333311x22222222111\r\nxx3333333311x22222222111\r\nxx3333333311xxxxxxxxx111\r\nxx3333333311111111111111\r\nxx3333333311111111111111\r\nxx3333333311111111111111\r\nxx3333333311111xxxx11111\r\nxx3333333311111xxxx11111\r\nxx3333333311111xxxx11111\r\nxx3333333311111xxxx11111\r\nxx3333333311111xxxx11111\r\nxx3333333311111xxxx11111\r\nxx3333333311111xxxx11111\r\n333333332111111xxxx11111\r\n333333332111111111111111\r\n333333332111111111111111\r\n333333332111111111111111\r\nxx3333332111111111111111\r\nxxxxxxxxxxxxxxxxxxx11111\r\nxxxxxxxxxxxxxxxxxxx11111\r\nxxxxxxxxxxxxxxxxxxx11111', 'PUHC42orangeJPAKHHA47loungey_chairSAPAKJHV48loungey_tablebigbPBPAKHHA49loungey_chairQBPAKRAHA52loungey_chairJQAKPAHA57loungey_chairSAQAKJHU58loungey_tablebigaPBQAKHHA59loungey_chairQBQAKRAHB62loungey_tableJRAKHHA72loungey_chairJSAKHHh713theater_chairQCSAIHHh714theater_chairRCSAIHHh715theater_chairSCSAIHHh716theater_chairPDSAIHHh717theater_chairQDSAIHHh718theater_chairRDSAIHHz721stairQESAIHHL89lightpoleQBPBKHHq813pomomaskiQCPBJJHq814pomomaskiRCPBJHHq815pomomaskiSCPBJHHq816pomomaskiPDPBJHHq817pomomaskiQDPBJHHq818pomomaskiRDPBJHHq819pomomaskiSDPBJIHz821stairQEPBIHHC92orangeJQBKHHh913theater_chairQCQBJHHh914theater_chairRCQBJHHh915theater_chairSCQBJHHh916theater_chairPDQBJHHh917theater_chairQDQBJHHh918theater_chairRDQBJHHh919theater_chairSDQBJHHh920theater_chairPEQBJHHz921stairQEQBIHHA102loungey_chairJRBKPAHA109loungey_chairQBRBKPAHB112loungey_tableJSBKHHB119loungey_tableQBSBKHHA122loungey_chairJPCKHHA129loungey_chairQBPCKHHd1217cubicb_chairQDPCIRAHc1219cubico_chairSDPCIJHd1315cubicb_chairSCQCIJHL1319lightpoleSDQCIHHd1320cubicb_chairPEQCIRAHL149lightpoleQBRCKHHA152loungey_chairJSCKPAHd1514cubicb_chairRCSCIPAHc1519cubico_chairSDSCIPAHB162loungey_tableJPDKHHA167loungey_chairSAPDKJHB168loungey_tablePBPDKJHA169loungey_chairQBPDKRAHd1613cubicb_chairQCPDIJHd1614cubicb_chairRCPDIRAHC1619orangeSDPDIHHA172loungey_chairJQDKHHA177loungey_chairSAQDKJHB178loungey_tablePBQDKJHA179loungey_chairQBQDKRAHd1719cubicb_chairSDQDIJHC182orangeJRDKHHd1814cubicb_chairRCRDIPAHK192bardesqueJSDKHHK202bardesqueJPEKIHb203bar_chairKPEKRAHL209lightpoleQBPEKHHd2014cubicb_chairRCPEIHHd2019cubicb_chairSDPEIJHc2020cubico_chairPEPEIRAHK212bardesqueJQEKIHb213bar_chairKQEKRAHd2119cubicb_chairSDQEIHHK222bardesqueJREKIHb223bar_chairKREKRAHL2216lightpolePDREIHHc2218cubico_chairRDREIHHK232bardesqueJSEKIHb233bar_chairKSEKRAHK242bardesqueJPFKIHb243bar_chairKPFKRAHK252bardesqueJQFKJ', '0'),
('the_den', 3, 22, 0, 0, '00000000xxxxxxxx\r\n0000000000000000\r\n0000000000000000\r\n000000000000xx00\r\n0000000000000000\r\n0000000000000000\r\n0000000000000000\r\nx000000000000000\r\n0000000000000000\r\n0000000000000000\r\n0000000000000000\r\n0000000000000000\r\nx000000000000000\r\nx000000000000000\r\nx000000000000000\r\nx000000000000000\r\nx000000000000000\r\nx000000000000000\r\nx000000000000000\r\nx000000000000000\r\nxxx00xxxxxxxxxxx\r\nxxx00xxxxxxxxxxx\r\nxxx00xxxxxxxxxxx\r\nGV00000000xxxxxxxx\r\n0000000000000000\r\n0000000000000000\r\n000000000000xx00\r\n0000000000000000\r\n0000000000000000\r\n0000000000000000\r\nx000000000000000\r\n0000000000000000\r\n0000000000000000\r\n0000000000000000\r\n0000000000000000\r\nx000000000000000\r\nx000000000000000\r\nx000000000000000\r\nx000000000000000\r\nx000000000000000\r\nx000000000000000\r\nx000000000000000\r\nx000000000000000\r\nxxx00xxxxxxxxxxx\r\nxxx00xxxxxxxxxxx\r\nxxx00xxxxxxxxxxx', '', '0'),
('model_s', 0, 3, 0, 2, 'xxxxxx\r\nx00000\r\nx00000\r\n000000\r\nx00000\r\nx00000\r\nx00000\r\nx00000', '', '0'),
('park_a', 2, 15, 0, 2, 'xxxxxxxxxxxxxxxxxxxxxxxxxxxxxxxxxxxxxxxxxxxx\r\nxxxxxxxxxxxxxxxxxxxxxxxxxxxxxxxxxxxxxxxxxxxx\r\nxxxxxxxxxxxxxxxxxxxxxxxxxxxxxx0xxxxxxxxxxxxx\r\nxxxxxxxxxxxxxxxxxxxxxxxxxxxxxx00xxxxxxxxxxxx\r\nxxxxxxxxxxxxx0x00xxxxxxxxxxx0x000xxxxxxxxxxx\r\nxxxxxxxxxxxx0000000000000000000000xxxxxxxxxx\r\nxxxxxxxxxxx000000000000000000000000xxxxxxxxx\r\nxxxxxxxxxxx0000000000000000000000000xxxxxxxx\r\nxxxxxxxxxxx00000000000000000000000000xxxxxxx\r\nxxxxxxxx000000000000000000000000000000xxxxxx\r\nxxxxxxx00000000000000000000000000000000xxxxx\r\nxxxxxxx000000000000000000000000000000000xxxx\r\nxxxxxxx0000000000000000000000000000000000xxx\r\nxxxxxxxxx000000000000000000000000000000000xx\r\n00000000000000000000xx00000000000000000000xx\r\n0000000000000000000xxxx00000000000xxxxxxx0xx\r\n0000000000000000000xxxx00000000000x00000xxxx\r\nxxxxx00x0000000000xxxxx0xxxxxx0000x0000000xx\r\nxxxxx0000000000000xxxxx0xx000x0000x000000xxx\r\nxxxxx0000000000000xxxxx0x000000000x00000xxxx\r\nxxxxx000000x0000000xxxx0x000000000xxx00xxxxx\r\nxxxxxxxx000x0000000xxx00xxx000000x0000xxxxxx\r\nxxxxxxxx000x000000xxxx0x0000000000000xxxxxxx\r\nxxxxxxxx000x000000011100000000000000xxxxxxxx\r\nxxxxxxxx000x00000001110000000000000xxxxxxxxx\r\nxxxxxxxxx00x0000000111x00000000x00xxxxxxxxxx\r\nxxxxxxxxxx0x0000000xxx0000000xxxxxxxxxxxxxxx\r\nxxxxxxxxxxxx000000xxxx0000000xxxxxxxxxxxxxxx\r\nxxxxxxxxxxxx000000xxx00xxxxx00xxxxxxxxxxxxxx\r\nxxxxxxxxxxxxxxxxx0xxx0xx000x00xxxxxxxxxxxxxx\r\nxxxxxxxxxxxxxxxxx0xxx0x000000xxxxxxxxxxxxxxx\r\nxxxxxxxxxxxxxxxxx0xxxxx00000xxxxxxxxxxxxxxxx\r\nxxxxxxxxxxxxxxxxx0xxxxx00xxxxxxxxxxxxxxxxxxx\r\nxxxxxxxxxxxxxxxxxxxxxxx0xxxxxxxxxxxxxxxxxxxx', 'RPHN527parkfence2SFQAHHHN529parkfence2QGQAHHHM619parkfence1SDRAHHHO620parkfence3PERAHPAHO621parkfence3QERAHPAHO622parkfence3RERAHPAHN623parkfence2SERAHPAHO624parkfence3PFRAHPAHO625parkfence3QFRAHPAHO626parkfence3RFRAHPAHM627parkfence1SFRAHJHO629parkfence3QGRAHJHN717parkfence2QDSAHHHO719parkfence3SDSAHJHO723parkfence3SESAHJHO727parkfence3SFSAHJHO729parkfence3QGSAHJHO817parkfence3QDPBHJHO819parkfence3SDPBHJHN821parkfence2QEPBHHHO823parkfence3SEPBHJHN825parkfence2QFPBHHHO827parkfence3SFPBHJHO829parkfence3QGPBHJHL98bench2PBQBHPAHK99benchQBQBHPAHO917parkfence3QDQBHJHN919parkfence2SDQBHRAHO921parkfence3QEQBHJHN923parkfence2SEQBHRAHO925parkfence3QFQBHJHN927parkfence2SFQBHRAHO929parkfence3QGQBHJHO1017parkfence3QDRBHJHO1021parkfence3QERBHJHO1025parkfence3QFRBHJHO1029parkfence3QGRBHJHL117bench2SASBHJHM1117parkfence1QDSBHPAHO1118parkfence3RDSBHPAHO1119parkfence3SDSBHPAHO1120parkfence3PESBHPAHN1121parkfence2QESBHJHO1122parkfence3RESBHPAHO1123parkfence3SESBHPAHO1124parkfence3PFSBHPAHN1125parkfence2QFSBHJHO1126parkfence3RFSBHPAHO1127parkfence3SFSBHPAHO1128parkfence3PGSBHPAHM1129parkfence1QGSBHRAHK127benchSAPCHJHL1635bench2SHPDHJHL1637bench2QIPDHPAHK1638benchRIPDHPAHK1735benchSHQDHJHL1827bench2SFRDHPAHK1828benchPGRDHPAHL1835bench2SHRDHJHL1925bench2QFSDHJHK1935benchSHSDHJHK2025benchQFPEHJHL2925bench2QFQGHPAHK2926benchRFQGHPAHL3023bench2SERGHJHK3123benchSESGHJ@`SGSBMRDPBPA0.0I2Mqueue_tile2JMPGRAH0.0I2Mqueue_tile2SAMPFSAJ0.0I2Mqueue_tile2QBMRFSAPA0.0I2Mqueue_tile2SFMSERBJ0.0I2Mqueue_tile2SCMRFPBPA0.0I2Mqueue_tile2REMPGQBH0.0I2Mqueue_tile2PGMPFRBH0.0I2Mqueue_tile2PCMPEPBH0.0I2Mqueue_tile2QGMRFRBJ0.0I2Mqueue_tile2QDMRDQBPA0.0I2Mqueue_tile2RFMRERBJ0.0I2Mqueue_tile2PFMSDRBJ0.0I2Mqueue_tile2PDMPGPBH0.0I2Mqueue_tile2RGMSFRBJ0.0I2Mqueue_tile2RAMRESAPA0.0I2Mqueue_tile2RBMPGSAH0.0I2Mqueue_tile2SDMREQBPA0.0I2Mqueue_tile2QEMRFQBPA0.0I2Mqueue_tile2RCMPFPBH0.0I2Mqueue_tile2KMRDSAPA0.0I2Mqueue_tile2PAMPESAJ0.0I2Mqueue_tile2PBMQFSAJ0.0I2Mqueue_tile2IMPGQAH0.0I2Mqueue_tile2SEMRDRBJ0.0I2Mqueue_tile2QCMREPBPA0.0I2Mqueue_tile2SGMPGRBH0.0I2Mqueue_tile2QAMQESAJ0.0I2Mqueue_tile2QFMPERBH0.0I2Mqueue_tile2RDMPEQBH0.0I2Mqueue_tile2PEMPFQBH0.0I2Mqueue_tile2', '0'),
('park_b', 11, 2, 0, 6, '0000x0000000\r\n0000xx000000\r\n000000000000\r\n00000000000x\r\n000000000000\r\n00x0000x0000', '', '0'),
('model_0', 0, 4, 0, 2, 'xxxxxxxxxxxxxxxxxxxxxxxxxxxxxxxxxxxxxxxxxxxxxxxxxxxxxxxxxxxxxxxxxxxxx\r\nx00000000xx00000000xx00000000xxxxxxxxxxxxxxxxxxxxxxxxxxxxxxxxxxxxxxxx\r\nx00000000xx00000000xx00000000xxxxxxxxxxxxxxxxxxxxxxxxxxxxxxxxxxxxxxxx\r\nx00000000xx00000000xx00000000xxxxxxxxxxxxxxxxxxxxxxxxxxxxxxxxxxxx0000\r\n000000000xx00000000xx00000000xxxxxxxxxxxxxxxxxxxxxxxxxxxxxxxxxxxx0000\r\nx00000000xx00000000xx00000000xxxxxxxxxxxxxxxxxxxxxxxxxxxxxxxxxxxx0000\r\nx00000000xx00000000xx00000000xxxxxxxxxxxxxxxxxxxxxxxxxxxxxxxxxxxx0000\r\nx00000000xx00000000xx00000000xxxxxxxxxxxxxxxxxxxxxxxxxxxxxxxxxxxxxxxx\r\nx00000000xx00000000xx00000000xxxxxxxxxxxxxxxxxxxxxxxxxxxxxxxxxxxxxxxx\r\nxxxxxxxxxxxxxxxxxxxxxxxxxxxxxxxxxxxxxxxxxxxxxxxxxxxxxxxxxxxxxxxxxxxxx', '', '1');
INSERT INTO `room_models` (`id`, `door_x`, `door_y`, `door_z`, `door_dir`, `heightmap`, `public_items`, `club_only`) VALUES
('model_v', 0, 3, 2, 2, 'xxxxxxxxxxxxxxxxxxxx\r\nx222221111111111111x\r\nx222221111111111111x\r\n2222221111111111111x\r\nx222221111111111111x\r\nx222221111111111111x\r\nx222221111111111111x\r\nxxxxxxxx1111xxxxxxxx\r\nxxxxxxxx0000xxxxxxxx\r\nx000000x0000x000000x\r\nx000000x0000x000000x\r\nx00000000000x000000x\r\nx00000000000x000000x\r\nx000000000000000000x\r\nx000000000000000000x\r\nxxxxxxxx00000000000x\r\nx000000x00000000000x\r\nx000000x0000xxxxxxxx\r\nx00000000000x000000x\r\nx00000000000x000000x\r\nx00000000000x000000x\r\nx00000000000x000000x\r\nxxxxxxxx0000x000000x\r\nx000000x0000x000000x\r\nx000000x0000x000000x\r\nx000000000000000000x\r\nx000000000000000000x\r\nx000000000000000000x\r\nx000000000000000000x\r\nxxxxxxxxxxxxxxxxxxxx', '', '1'),
('model_t', 0, 3, 2, 2, 'xxxxxxxxxxxxxxxxxxxxxxxxxxxxx\r\nx222222222222222222222222222x\r\nx222222222222222222222222222x\r\n2222222222222222222222222222x\r\nx222222222222222222222222222x\r\nx2222xxxxxx222222xxxxxxx2222x\r\nx2222xxxxxx111111xxxxxxx2222x\r\nx2222xx111111111111111xx2222x\r\nx2222xx111111111111111xx2222x\r\nx2222xx11xxx1111xxxx11xx2222x\r\nx2222xx11xxx0000xxxx11xx2222x\r\nx22222111x00000000xx11xx2222x\r\nx22222111x00000000xx11xx2222x\r\nx22222111x00000000xx11xx2222x\r\nx22222111x00000000xx11xx2222x\r\nx22222111x00000000xx11xx2222x\r\nx22222111x00000000xx11xx2222x\r\nx2222xx11xxxxxxxxxxx11xx2222x\r\nx2222xx11xxxxxxxxxxx11xx2222x\r\nx2222xx111111111111111xx2222x\r\nx2222xx111111111111111xx2222x\r\nx2222xxxxxxxxxxxxxxxxxxx2222x\r\nx2222xxxxxxxxxxxxxxxxxxx2222x\r\nx222222222222222222222222222x\r\nx222222222222222222222222222x\r\nx222222222222222222222222222x\r\nx222222222222222222222222222x\r\nxxxxxxxxxxxxxxxxxxxxxxxxxxxxx', '', '1'),
('model_x', 0, 12, 0, 2, 'xxxxxxxxxxxxxxxxxxxx\r\nx000000000000000000x\r\nx000000000000000000x\r\nx000000000000000000x\r\nx000000000000000000x\r\nx000000000000000000x\r\nx000000000000000000x\r\nxxx00xxx0000xxx00xxx\r\nx000000x0000x000000x\r\nx000000x0000x000000x\r\nx000000x0000x000000x\r\nx000000x0000x000000x\r\n0000000x0000x000000x\r\nx000000x0000x000000x\r\nx000000x0000x000000x\r\nx000000x0000x000000x\r\nx000000x0000x000000x\r\nx000000x0000x000000x\r\nx000000xxxxxx000000x\r\nx000000000000000000x\r\nx000000000000000000x\r\nx000000000000000000x\r\nx000000000000000000x\r\nx000000000000000000x\r\nx000000000000000000x\r\nxxxxxxxxxxxxxxxxxxxx', '', '1'),
('model_w', 0, 3, 2, 2, 'xxxxxxxxxxxxxxxxxxxxxxxxxxx\r\nx2222xx1111111111xx11111111\r\nx2222xx1111111111xx11111111\r\n222222111111111111111111111\r\nx22222111111111111111111111\r\nx22222111111111111111111111\r\nx22222111111111111111111111\r\nx2222xx1111111111xx11111111\r\nx2222xx1111111111xx11111111\r\nx2222xx1111111111xxxx1111xx\r\nx2222xx1111111111xxxx0000xx\r\nxxxxxxx1111111111xx00000000\r\nxxxxxxx1111111111xx00000000\r\nx22222111111111111000000000\r\nx22222111111111111000000000\r\nx22222111111111111000000000\r\nx22222111111111111000000000\r\nx2222xx1111111111xx00000000\r\nx2222xx1111111111xx00000000\r\nx2222xxxx1111xxxxxxxxxxxxxx\r\nx2222xxxx0000xxxxxxxxxxxxxx\r\nx2222x0000000000xxxxxxxxxxx\r\nx2222x0000000000xxxxxxxxxxx\r\nx2222x0000000000xxxxxxxxxxx\r\nx2222x0000000000xxxxxxxxxxx\r\nx2222x0000000000xxxxxxxxxxx\r\nx2222x0000000000xxxxxxxxxxx', '', '1'),
('model_z', 0, 9, 0, 2, 'xxxxxxxxxxxxxxxxxxxxxxxxxxxxxxx\r\nxxxxxxxxxxx00000000000000000000\r\nxxxxxxxxxxx00000000000000000000\r\nxxxxxxxxxxx00000000000000000000\r\nx00000000xx00000000000000000000\r\nx00000000xx00000000000000000000\r\nx00000000xx00000000000000000000\r\nx00000000xx00000000000000000000\r\nx00000000xx00000000000000000000\r\n000000000xx00000000000000000000\r\nx00000000xx00000000000000000000\r\nx00000000xx00000000000000000000\r\nx00000000xx00000000000000000000\r\nx00000000xx00000000000000000000\r\nx00000000xx00000000000000000000\r\nx00000000xx00000000000000000000\r\nxxxxxxxxxxx00000000000000000000\r\nxxxxxxxxxxx00000000000000000000\r\nxxxxxxxxxxx00000000000000000000\r\nxxxxxxxxxxxxxxxxxxxxxxxxxxxxxxx', '', '1'),
('model_u', 0, 17, 1, 2, 'xxxxxxxxxxxxxxxxxxxxxxxx\r\nx1111100000000000000000x\r\nx1111100000000000000000x\r\nx1111100000000000000000x\r\nx1111100000000000000000x\r\nx1111100000000000000000x\r\nx1111100000000000000000x\r\nx1111100000000000000000x\r\nx1111100000000000000000x\r\nx1111100000000000000000x\r\nx1111100000000000000000x\r\nx1111100000000000000000x\r\nx1111100000000000000000x\r\nx1111100000000000000000x\r\nx1111100000000000000000x\r\nx1111100000000000000000x\r\nx1111100000000000000000x\r\n11111100000000000000000x\r\nx1111100000000000000000x\r\nx1111100000000000000000x\r\nx1111100000000000000000x\r\nx1111100000000000000000x\r\nx1111100000000000000000x\r\nx1111100000000000000000x\r\nx1111100000000000000000x\r\nx1111100000000000000000x\r\nx1111100000000000000000x\r\nx1111100000000000000000x\r\nx1111100000000000000000x\r\nx1111100000000000000000x\r\nx1111100000000000000000x\r\nx1111100000000000000000x\r\nx1111100000000000000000x\r\nx1111100000000000000000x\r\nx1111100000000000000000x\r\nxxxxxxxxxxxxxxxxxxxxxxxx', '', '1'),
('model_y', 0, 3, 0, 2, 'xxxxxxxxxxxxxxxxxxxxxxxxxxxx\r\nx00000000xx0000000000xx0000x\r\nx00000000xx0000000000xx0000x\r\n000000000xx0000000000xx0000x\r\nx00000000xx0000000000xx0000x\r\nx00000000xx0000xx0000xx0000x\r\nx00000000xx0000xx0000xx0000x\r\nx00000000xx0000xx0000000000x\r\nx00000000xx0000xx0000000000x\r\nxxxxx0000xx0000xx0000000000x\r\nxxxxx0000xx0000xx0000000000x\r\nxxxxx0000xx0000xxxxxxxxxxxxx\r\nxxxxx0000xx0000xxxxxxxxxxxxx\r\nx00000000xx0000000000000000x\r\nx00000000xx0000000000000000x\r\nx00000000xx0000000000000000x\r\nx00000000xx0000000000000000x\r\nx0000xxxxxxxxxxxxxxxxxx0000x\r\nx0000xxxxxxxxxxxxxxxxxx0000x\r\nx00000000000000000000000000x\r\nx00000000000000000000000000x\r\nx00000000000000000000000000x\r\nx00000000000000000000000000x\r\nxxxxxxxxxxxxxxxxxxxxxxxxxxxx', '', '1'),
('model_oscar', 0, 15, 1, 2, 'xxxxxxxxxxxxxxxxxxxxxxxxxxxxxxxxxxxxxxxxxxxxxxxxxxxxxxxxxxxxxxxx\r\nxxxxxxxxxxxxxxxxxxxxxxxxxxxxxxxxxxxxxxxxxxxxxxxxxxxxxxxxxxxxxxxx\r\nxxxxxxxxx11111111xxxxxxxxxxxxxxxxxxxxxxxxxxxxxxxxxxxxxxxxxxxxxxx\r\nxxxxxxxxx11111111xxxxxxxxxxxxxxxxxxxxxxxxxxxxxxxxxxxxxxxxxxxxxxx\r\nxxxxxxxxx11111111xxxxxxxxxxxxxxxxxxxxxxxxxxxxxxxxxxxxxxxxxxxxxxx\r\nxxxxxxxxx11111111xxxxxxxxxxxxxxxxxxxxxxxxxxxxxxxxxxxxxxxxxxxxxxx\r\nxxxxxxxxx11111111xxxxxxxxxxxxxxxxxxxxxxxxxxxxxxxxxxxxxxxxxxxxxxx\r\nxxxxxxxxx11111111xxxxxxxxxxxxxxxxxxxxxxxxxxxxxxxxxxxxxxxxxxxxxxx\r\nxxxxxxxxx11111111xxxxxxxxxxxxxxxxxxxxxxxxxxxxxxxxxxxxxxxxxxxxxxx\r\nxxxxxxxxx11111111xxxxxxxxxxxxxxxxxxxxxxxxxxxxxxxxxxxxxxxxxxxxxxx\r\nxxxxxxxxxxxx11xxxxxxxxxxxxxxxxxxxxxxxxxxxxxxxxxxxxxxxxxxxxxxxxxx\r\nx1111111x11111111x00000000xxxxxxxxxxxxxxxxxxxxxxxxxxxxxxxxxxxxxx\r\nx1111111x11111111x00000000xxxxxxxxxxxxxxxxxxxxxxxxxxxxxxxxxxxxxx\r\nx1111111x11111111x00000000xxxxxxxxxxxxxxxxxxxxxxxxxxxxxxxxxxxxxx\r\nx1111111111111111100000000xxxxxxxxxxxxxxxxxxxxxxxxxxxxxxxxxxxxxx\r\nx1111111111111111100000000xxxxxxxxxxxxxxxxxxxxxxxxxxxxxxxxxxxxxx\r\nx1111111x11111111x00000000xxxxxxxxxxxxxxxxxxxxxxxxxxxxxxxxxxxxxx\r\nx1111111x11111111x00000000xxxxxxxxxxxxxxxxxxxxxxxxxxxxxxxxxxxxxx\r\nx1111111x11111111x00000000xxxxxxxxxxxxxxxxxxxxxxxxxxxxxxxxxxxxxx\r\nxxxxxxxxxxxx11xxxxxxxxxxxxxxxxxxxxxxxxxxxxxxxxxxxxxxxxxxxxxxxxxx\r\nxxxxxxxxx00000000xxxxxxxxxxxxxxxxxxxxxxxxxxxxxxxxxxxxxxxxxxxxxxx\r\nxxxxxxxxx00000000xxxxxxxxxxxxxxxxxxxxxxxxxxxxxxxxxxxxxxxxxxxxxxx\r\nxxxxxxxxx00000000xxxxxxxxxxxxxxxxxxxxxxxxxxxxxxxxxxxxxxxxxxxxxxx\r\nxxxxxxxxx00000000xxxxxxxxxxxxxxxxxxxxxxxxxxxxxxxxxxxxxxxxxxxxxxx\r\nxxxxxxxxx00000000xxxxxxxxxxxxxxxxxxxxxxxxxxxxxxxxxxxxxxxxxxxxxxx\r\nxxxxxxxxx00000000xxxxxxxxxxxxxxxxxxxxxxxxxxxxxxxxxxxxxxxxxxxxxxx\r\nxxxxxxxxx00000000xxxxxxxxxxxxxxxxxxxxxxxxxxxxxxxxxxxxxxxxxxxxxxx\r\nxxxxxxxxx00000000xxxxxxxxxxxxxxxxxxxxxxxxxxxxxxxxxxxxxxxxxxxxxxx\r\nxxxxxxxxxxxxxxxxxxxxxxxxxxxxxxxxxxxxxxxxxxxxxxxxxxxxxxxxxxxxxxxx', '', '1'),
('model_b2g', 0, 0, 0, 2, 'xxxxxxxxxxxxxx\r\nx00000x000000x\r\nx000000000000x\r\nx00000x000000x\r\nx00000x000000x\r\nx00000x000000x\r\nx00000x000000x\r\nxxx0xxx000000x\r\nx000000000000x\r\nx000000000000x\r\nx000000000000x\r\nx000000000000x\r\nx000000000000x\r\nx000000000000x\r\nx000000000000x\r\nx000000000000x\r\nx000000000000x\r\nx00000xx00000x\r\nxxxxxxxxxxxxxx', '', '1'),
('model_opening', 0, 23, 2, 2, 'xxxxxxxxxxxxxxxxxxx\r\nxxxxxxx222222222222\r\nxxxxxxx222222222222\r\nxxxxxxx222222222222\r\nxxxxxxx222222222222\r\nxxxxxxx222222222222\r\nxxxxxxx222222222222\r\nxxxxxxx222222222222\r\nxxxxxxx111111111111\r\nx222221111111111111\r\nx222221111111111111\r\nx222221111111111111\r\nx222221111111111111\r\nx222221111111111111\r\nx222221111111111111\r\nx222221111111111111\r\nx222221111111111111\r\nx2222xx111111111111\r\nx2222xx000000000000\r\nx2222xx000000000000\r\nx2222xx000000000000\r\nx2222xx000000000000\r\nx2222xx000000000000\r\n22222xx000000000000\r\nx2222xx000000000000\r\nxxxxxxxxxxxxxxxxxxx', '', '1'),
('branded', 33, 39, 0, 8, 'xxxxxxxxxxxxxxxxxxxxxxxxxxxxxxxxxxxxxxxxxxxxxxxxxx\r\nxxxxxxxxxxxxxxxxxxxxxxxxxxxxxxxxxxxxxxxxxxxxxxxxxx\r\nxxxxxxxxxxxxxxxxxxxxxxxxxxxxxxxxxxxxxxxxxxxxxxxxxx\r\nxxxxxxxxxxxxxxxxxxxxxxxxxxxxxxxxxxxxxxxxxxxxxxxxxx\r\nxxxxxxxxxxxxxxxxxxxxxxxxxxxxxxxxxxxxxxxxxxxxxxxxxx\r\nxxxxxxxxxxxxxxxxxxxxxxxxxxxxxxxxxxxxxxxxxxxxxxxxxx\r\nxxxxxxxxxxxxxxxxxxxxxxxxxxxxxxxxxxxxxxxxxxxxxxxxxx\r\nxxxxxxxxxxxxxxxxxxxxxxxxxxxxxxxxxxxxxxxxxxxxxxxxxx\r\nxxxxxxxxxxxxxxxxxxxxxxxxxxxxxxxxxxxxxxxxxxxxxxxxxx\r\nxxxxxxxxxxxxxxxxxxxxxxxxxxxxxxxxxxxxxxxxxxxxxxxxxx\r\nxxxxxxxxxxxxxxxxxxxxxxxxxxxxxxxxxxxxxxxxxxxxxxxxxx\r\nxxxxxxxxxxxxxxxxxxxxxxxxxxxxxxxxxxxxxxxxxxxxxxxxxx\r\nxxxxxxxxxxxxxxxxxxxxxxxxxxxxxxxxxxxxxxxxxxxxxxxxxx\r\nxxxxxxxxxxxxxxxxxxxxxxxxxxxxxxxxxxxxxxxxxxxxxxxxxx\r\nxxxxxxxxxxxxxxxxxxxxxxxxxxxxxxxxxxxxxxxxxxxxxxxxxx\r\nxxxxxxxxxxxxxxxxxxxxxxxxxx00000000xxxxxxxxxxxxxxxx\r\nxxxxxxxxxxxxxxxxxxxxxxxxx00xx00000x000xxxxxxxxxxxx\r\nxxxxxxxxxxxxxxxxxxxxxxxx000xx00000xxxxxxxxxxxxxxxx\r\nxxxxxxxxxxxxxxxxxxxxxxx0000xx0000000000xxxxxxxxxxx\r\nxxxxxxxxxxxxxxxxxxxxxx00000xx0000000000xxxxxxxxxxx\r\nxxxxxxxxxxxxxxxxxxxxx000000xx0000000000xxxxxxxxxxx\r\nxxxxxxxxxxxxxxxxxxxx0000000xx0000000000xxxxxxxxxxx\r\nxxxxxxxxxxxxxxxxxxx00000000xx0000000000xxxxxxxxxxx\r\nxxxxxxxxxxxxxxxxxx000000000xx0000000000xxxxxxxxxxx\r\nxxxxxxxxxxxxxxxxx0000000000000000000000xxxxxxxxxxx\r\nxxxxxxxxxxxxxxxxx0000000000000000000000xxxxxxxxxxx\r\nxxxxxxxxxxxxxxxxx0000000000000000000000xxxxxxxxxxx\r\nxxxxxxxxxxxxxxxxx0000000000000000000000xxxxxxxxxxx\r\nxxxxxxxxxxxxxxxxx0000000000000000000000xxxxxxxxxxx\r\nxxxxxxxxxxxxxxxxx00xx000000000000000000xxxxxxxxxxx\r\nxxxxxxxxxxxxxxxxx00xx000000000000000000xxxxxxxxxxx\r\nxxxxxxxxxxxxxxxxx0000000000000000000000xxxxxxxxxxx\r\nxxxxxxxxxxxxxxxxx00000xx000000000000000xxxxxxxxxxx\r\nxxxxxxxxxxxxxxxxx00000xx000000000000000xxxxxxxxxxx\r\nxxxxxxxxxxxxxxxxx00xx000000000000000000xxxxxxxxxxx\r\nxxxxxxxxxxxxxxxxx00xx000000000000000000xxxxxxxxxxx\r\nxxxxxxxxxxxxxxxxx0000000000000000000000xxxxxxxxxxx\r\nxxxxxxxxxxxxxxxxx0000000000000000000000xxxxxxxxxxx\r\nxxxxxxxxxxxxxxxxxxxxxxxxxxxxxxx000000xxxxxxxxxxxxx\r\nxxxxxxxxxxxxxxxxxxxxxxxxxxxxxxx000000xxxxxxxxxxxxx\r\nxxxxxxxxxxxxxxxxxxxxxxxxxxxxxxxxxxxxxxxxxxxxxxxxxx\r\nxxxxxxxxxxxxxxxxxxxxxxxxxxxxxxxxxxxxxxxxxxxxxxxxxx\r\nxxxxxxxxxxxxxxxxxxxxxxxxxxxxxxxxxxxxxxxxxxxxxxxxxx\r\nxxxxxxxxxxxxxxxxxxxxxxxxxxxxxxxxxxxxxxxxxxxxxxxxxx\r\nxxxxxxxxxxxxxxxxxxxxxxxxxxxxxxxxxxxxxxxxxxxxxxxxxx\r\nxxxxxxxxxxxxxxxxxxxxxxxxxxxxxxxxxxxxxxxxxxxxxxxxxx\r\nxxxxxxxxxxxxxxxxxxxxxxxxxxxxxxxxxxxxxxxxxxxxxxxxxx\r\nxxxxxxxxxxxxxxxxxxxxxxxxxxxxxxxxxxxxxxxxxxxxxxxxxx\r\nxxxxxxxxxxxxxxxxxxxxxxxxxxxxxxxxxxxxxxxxxxxxxxxxxx\r\nxxxxxxxxxxxxxxxxxxxxxxxxxxxxxxxxxxxxxxxxxxxxxxxxxx', 'SIHb1834b_chairRHRDHHHb1835b_chairSHRDHHHb1836b_chairPIRDHHHb1837b_chairQIRDHHHm2231m_furniSGREHHHl2232l_furniPHREHHHk2238k_furniRIREHHHj2338j_furniRISEHHHp2518p_furniRDQFHHHa2523a_chairSEQFHRAHa2621a_chairQERFHHHa2622a_chairRERFHHHn2627n_furniSFRFHHHo2727o_furniSFSFHHHa2819a_chairSDPGHPAHa2820a_chairPEPGHPAHa2918a_chairRDQGHJHa3018a_chairRDRGHJHa3021a_chairQERGHRAHa3119a_chairSDSGHHHa3120a_chairPESGHHHa3123a_chairSESGHPAHa3224a_chairPFPHHRAHg3230g_furniRGPHHHHa3319a_chairSDQHHPAHa3324a_chairPFQHHRAHf3330f_furniRGQHHHHa3418a_chairRDRHHJHa3421a_chairQERHHRAHa3423a_chairSERHHHHe3430e_furniRGRHHHHa3518a_chairRDSHHJHa3521a_chairQESHHRAHd3530d_furniRGSHHHHa3619a_chairSDPIHHHa3620a_chairPEPIHHHc3630c_furniRGPIHHHh3737h_furniQIQIHHHi3738i_furniRIQIHH', '0'),
('floatinggarden', 0, 11, 5, 4, 'xxxxxxxxxxxxxxxx333333xxxxxxxxx\r\nxxxxxxxxxxxxxxxx3xxxx3xxxxxxxxx\r\nxxxxxxxxxxxxxxxx3xxxx3xxxxxxxxx\r\nxxxxxxxxxxxxxxxx3xxxx3xxxxxxxxx\r\nxxxxxxxxxxxxxxx223xxx33xxxxxxxx\r\nxxxxxxxxxxxxxxx11xxx33333xxxxxx\r\nxxxxxxxxxxxxxxxx11xx3333333xxxx\r\nxxxxxxxxxxxxxxxx11xx33333333xxx\r\nxxxxxxxxxxxxxxxxx11xxxxxxxx3xxx\r\nxxxxxxxxxxxxxxxxxx11xxxx3333xxx\r\nxxxxxxxxxxxxxxxxxxx1xxxx33333xx\r\nxxxxxxxxxxxxxxxxxxx1xxx3333333x\r\n555xxxxxxxxxxx1111111x333333333\r\n555xxxxxxxxxxx21111111xxxxxx333\r\n555xxxxxxxxxxx22111111111xxxxxx\r\n555xxxxxxxxxxx222xxxxxxx111xxxx\r\n555xxxxxxxxxxx22xxxxxxxxxx1xxxx\r\n555xxxxxxxxxxx23333333333x111xx\r\n555xxxxxxxx33333333333333x111xx\r\n555xxxxxxxx333333x3333333x111xx\r\n555xxxxxxxx33333333333333x111xx\r\n555xxxxxxxx33x33333333333x111xx\r\n555xxxxxxxx33x33x33333333x111xx\r\n555xxxxxxxx33x33x33333333x111xx\r\n5554333333333x333x3333333x111xx\r\nx554333333xxxx33xxxxxxxxxx111xx\r\nxxxxxxxxx3xxxx333221111111111xx\r\nxxxxxxxxx3xxxx333221111111111xx\r\nxxxxxxxxx33333333xx1111x11x11xx\r\nxxxxxxxxx33333333111xxx11xxxxxx\r\nxxxxxxxxxxxxxx33311xxxx11xxxxxx\r\nxxxxxxxxxxxxxx33311xxxx11xxxxxx\r\nxxxxxxxxxxxxxx333x1xxxx11xxxxxx\r\nxxxxxxxxxxxxxx333x1xx111111xxxx\r\nxxxxxxxxxxxxxx33311xx111111xxxx\r\nxxxxxxxxxx333333311xx111111xxxx\r\nxxxxxxxxxxx33333311xx111111xxxx\r\nxxxxxxxxxxxxxxxx111xxxxxxxxxxxx\r\nxxxxxxxxxxxxxxx111xxxxxxxxxxxxx', 'SJHa924float_dummychairPFQBKPAHa925float_dummychairQFQBKPAHb1328float_dummychair2PGQCKPAHb1329float_dummychair2QGQCKPAHe1717floatbench2QDQDKJHe1719floatbench2SDQDKRAHe1721floatbench2QEQDKJHe1723floatbench2SEQDKRAHe1727floatbench2SFQDIPAHd1728floatbench1PGQDIPAHd1817floatbench1QDRDKJHd1819floatbench1SDRDKRAHd1821floatbench1QERDKJHd1823floatbench1SERDKRAHe1927floatbench2SFSDIHHd1928floatbench1PGSDIHHe2317floatbench2QDSEKJHe2319floatbench2SDSEKRAHe2321floatbench2QESEKJHe2323floatbench2SESEKRAHe2327floatbench2SFSEIPAHd2328floatbench1PGSEIPAHd2417floatbench1QDPF`hFFJHd2419floatbench1SDPFKRAHd2421floatbench1QEPFKJHd2423floatbench1SEPFKRAHe2527floatbench2SFQFIHHd2528floatbench1PGQFIHHa2917float_dummychairQDQGIJHa3017float_dummychairQDRGIJHa3117float_dummychairQDSGIJHa3321float_dummychairQEQHIJHa3326float_dummychairRFQHIRAHa3421float_dummychairQERHIJHa3426float_dummychairRFRHIRAHa3517float_dummychairQDSHIJHa3521float_dummychairQESHIJHa3526float_dummychairRFSHIRAHa3617float_dummychairQDPIIJHa3621float_dummychairQEPIIJHa3626float_dummychairRFPIIRAHa3715float_dummychairSCQI`hFFPAHa3716float_dummychairPDQIIPA', '0'),
('room_Estadio', 0, 17, 4, 2, 'xxxxxxxxxxxxxxxxxxxxxxxx\r\nx4444400000000000000000x\r\nx4444400000000000000000x\r\nx4444400000000000000000x\r\nx4444400000000000000000x\r\nx4444400000000000000000x\r\nx4444400000000000000000x\r\nx4444400000000000000000x\r\nx4444400000000000000000x\r\nx4444400000000000000000x\r\nx4444400000000000000000x\r\nx4444400000000000000000x\r\nx4444400000000000000000x\r\nx4444400000000000000000x\r\nx4444400000000000000000x\r\nx4444400000000000000000x\r\nx4444400000000000000000x\r\n44444400000000000000000x\r\nx4444400000000000000000x\r\nx4444400000000000000000x\r\nx4444400000000000000000x\r\nx4444400000000000000000x\r\nx4444400000000000000000x\r\nx4444400000000000000000x\r\nx4444400000000000000000x\r\nx4444400000000000000000x\r\nx4444400000000000000000x\r\nx4444400000000000000000x\r\nx4444400000000000000000x\r\nx4444400000000000000000x\r\nx4444400000000000000000x\r\nx4444400000000000000000x\r\nx4444400000000000000000x\r\nx4444400000000000000000x\r\nx4444400000000000000000x\r\nxxxxxxxxxxxxxxxxxxxxxxxx', '', '0'),
('super_1', 3, 5, 0, 2, 'xxxxxxxxxxxxxxxxxxxxxxxxxxxxxxxxxxx\r\nxxxxxxxx3333333333333333xxxxxxxxxxx\r\nxxxxxxxx3333333333333333xxxxxxxxxxx\r\nxxxxxxxx3333333333333333xxxxxxxxxxx\r\nxxxxxxxxxxxxxx3333xxxxxxxxxxxxxxxxx\r\nxxxxxxxxxxxxxx2222xxxxxxxxxxxxxxxxx\r\nx111111111xxx222222xxx111111111xxxx\r\nx111111111xxx222222xxx111111111xxxx\r\nx111111111112222222211111111111xxxx\r\nx111111111112222222211111111111xxxx\r\nx111111111xxxxxxxxxxxx111111111xxxx\r\nx000xxxxxxxxx000000xxxxxxxxx000xxxx\r\nx000000xxxxxx000000xxxxxx000000xxxx\r\nx000000xxxxxx000000xxxxxx000000xxxx\r\nx000000xxxxxx000000xxxxxx000000xxxx\r\nx000000xxxxxxxxxxxxxxxxxx000000xxxx', '', '0'),
('model_aron', 0, 3, 2, 2, 'xxxxxxxxxxxxxxxxxxxxxxxxxxx\r\nx3333xx2222222222xx11111111\r\nx2222xxxx33333333xx11111111\r\n222222111111111111111111111\r\nx22222111111111111111111111\r\nx22222111111111111111111111\r\nx222222222222222xxxxx333333\r\nx2222xx3333333xxxxxxxx22222\r\nx2222xx2222222222xx11111111\r\nx2222xx3333333333xxxx1111xx\r\nx2222xx1111111111xxxx0000xx\r\nxxxxxxx2222222222xx00000000\r\nxxxxxxx1222222222xx00000000\r\nx22222111333333333000000000\r\nx22222111222222222000000000\r\nx22222111111111111000000000\r\nx22222111111111111000000000\r\nx2222xx1111111111xx00000000\r\nx2222xx1111111111xx00000000\r\nx2222xxxx1111xxxxxxxxxxxxxx\r\nx2222xxxx0000xxxxxxxxxxxxxx\r\nx3332x2222222222xxxxxxxxxxx\r\nx2222x3333333333xxxxxxxxxxx\r\nx1111x1111111111xxxxxxxxxxx\r\nx3333x0000000000xxxxxxxxxxx\r\nx2222x1111111111xxxxxxxxxxx\r\nx0000x3333333333xxxxxxxxxxx', '', '0'),
('model_ll', 0, 3, 0, 2, '00000000000000000000\r\n00000000000000000000\r\n00000000000000000000\r\n00000000000000000000\r\n00000000000000000000\r\n00000000000000000000\r\n00000000000000000000\r\n00000000000000000000\r\n00000000000000000000\r\n00000000000000000000\r\n00000000000000000000\r\n00000000000000000000\r\n00000000000000000000\r\n00000000000000000000\r\n00000000000000000000\r\n00000000000000000000\r\n00000000000000000000\r\n00000000000000000000\r\n00000000000000000000\r\n00000000000000000000\r\n00000000000000000000\r\n00000000000000000000\r\n00000000000000000000\r\n00000000000000000000', '', '0'),
('tv_studio', 16, 27, 4, 0, 'xxxxxxxxxxxxxxxxxxxx\r\nxxxxx0x00000xxxxxxxx\r\nxxxxx0x000000xxxxxxx\r\nxxxxx0x000000xxxxxxx\r\nxxxxx0x0xxx00000xx0x\r\nxx0000x000000000xx00\r\nxx00xxx000000000xx00\r\nxxxxx00000000000xx00\r\nx000000000000x000000\r\nx0000000000000000000\r\nx0000000000000000x00\r\n00000000000000000x00\r\nx000x000000000000x00\r\nx0000000000000000x00\r\nx0000000000000000x00\r\n000x0000000000000000\r\n000x0000000000000000\r\n00000000000000xxx000\r\nx0000000000000000000\r\nxx00000000000000000x\r\nxxx000000000000000xx\r\nxxxxxxxxx1111xxxx0xx\r\nxxxxxxxxx2222xxxxxxx\r\nxxxxxxxxx3333xxxxxxx\r\nxxxxxx44x4444x444xxx\r\nxxxxx444444444444xxx\r\nxxxxxx44444444444444\r\nxxxxx4444x4444444444\r\nxxxxx4444x4444444444\r\nxxxxx4444x4444444xxx\r\nxxxxx444444444444xxx\r\nxxxxx444444444444xxx\r\nxxxxxx44444444444xxx', 'RKHd18much_sofa1aPBIHPAHe19much_sofa1bQBIHPAHe110much_sofa1bRBIHPAHc35much_chairQAKHRAHu38much_table3PBKHRAHt39much_table2QBKHRAHs310much_table1RBKHRAHc414much_chairRCPAHHHc518much_chairRDQAHRAHc62much_chairJRAHRAHc718much_chairRDSAHRAHa1014much_stoolRCRBHRAHa1114much_stoolRCSBHRAHc1119much_chairSDSBHRAHa1214much_stoolRCPCHRAHc1219much_chairSDPCHRAHh134much_camera3PAQCHJHa1314much_stoolRCQCHRAHd150much_sofa1aHSCHJHu152much_table3JSCHHHe160much_sofa1bHPDHJHs162much_table1JPDHHHu1614much_table3RCPDHRAHt1615much_table2SCPDHRAHs1616much_table1PDPDHRAHd1618much_sofa1aRDPDHRAHe1718much_sofa1bRDQDHRAHd181much_sofa1aIRDHHHe182much_sofa1bJRDHHHe183much_sofa1bKRDHHHe1818much_sofa1bRDRDHRAHd1914much_sofa1aRCSDHHHe1915much_sofa1bSCSDHHHe1916much_sofa1bPDSDHHHd2414much_sofa1aRCPFPAPAHe2415much_sofa1bSCPFPAPAHw255watermaticQAQFPAJHd276much_sofa1aRASFPAJHu278much_table3PBSFPAHHe286much_sofa1bRAPGPAJHt288much_table2PBPGPAHHe296much_sofa1bRAQGPAJHs298much_table1PBQGPAHHe306much_sofa1bRARGPAJHd318much_sofa1aPBSGPAHHe319much_sofa1bQBSGPAH\r\n', '0'),
('floorlobby_a', 9, 21, 0, 0, 'XXXXXXXXXXXXXXXXXXXXXXXXXXX\r\nXXXXXXXXXXXXXXXXXXXXXXXXXXX\r\nXXX0000000000000000XXXXXXX0\r\nXXX000000000000000000XXXX00\r\nX00000000000000000000000000\r\nX00000000000000000000000000\r\nXXX000000000000000000000000\r\nXXXXXXX00000000000000000000\r\nXXX111100000011111111111111\r\nXXX111100000011111111111111\r\nXXX111100000011111111111111\r\nXXX111100000011111111111111\r\nXXX111100000011111111111111\r\nXXX111100000011111111111111\r\nXXX1XX100000011111111111111\r\nXXX1XX100000011111111111111\r\nXXX111100000011111111111111\r\nXXX111100000011111111111111\r\nXXX111100000011111111111111\r\nXXXXXXXX0000XXXXXXXXXXXXXXX\r\nXXXXXXXX0000XXXXXXXXXXXXXXX\r\nXXXXXXXX0000XXXXXXXXXXXXXXX', 'SOHp23moneyplantKJHHHr25roommaticQAJHPAHr27roommaticSAJHPAHr29roommaticQBJHPAHr211roommaticSBJHPAHr213roommaticQCJHPAHw226watermaticRFJHPAHl83standinglampKPBIHHe814edge1RCPBIRAHe815edge1SCPBIHHe816edge1PDPBIHHe817edge1QDPBIHHe818edge1RDPBIHHe819edge1SDPBIHHe820edge1PEPBIHHe821edge1QEPBIHHe822edge1REPBIHHe823edge1SEPBIHHe824edge1PFPBIHHe825edge1QFPBIHHe826edge1RFPBIJHc93chairf1KQBIJHc95chairf1QAQBIRAHp915moneyplantSCQBIHHS916chairf2bPDQBIPAHz917chairf2cQDQBIPAHs918chairf2RDQBIPAHp919moneyplantSDQBIPAHp921moneyplantQEQBIHHS922chairf2bREQBIPAHz923chairf2cSEQBIPAHs924chairf2PFQBIPAHp925moneyplantQFQBIPAHc113chairf1KSBIJHc115chairf1QASBIRAHt123newtable1KPCIHHc1416chairf1PDRCIPAHc1418chairf1RDRCIPAHc1422chairf1RERCIPAHc1424chairf1PFRCIPAHt1517newtable1QDSCIHHt1523newtable1SESCIHHt163newtable1KPDIHHc1616chairf1PDPDIHHc1618chairf1RDPDIHHc1622chairf1REPDIHHc1624chairf1PFPDIHHc173chairf1KQDIJHc175chairf1QAQDIRAHl183standinglampKRDIHHE1814edge2RCRDIRAHE1815edge2SCRDIHHE1816edge2PDRDIHHE1817edge2QDRDIHHE1818edge2RDRDIHHE1819edge2SDRDIHHE1820edge2PERDIHHE1821edge2QERDIHHE1822edge2RERDIHHE1823edge2SERDIHHE1824edge2PFRDIHHE1825edge2QFRDIHHE1826edge2RFRDIJ', '0'),
('pool_a', 1, 24, 7, 2, 'xxxxxxxxxxxxxxxxxxxxxxxxxxxxxxxxxxxxxxxxxxx\r\nxxxxxxxxxxxxxxxxxxxxxxxxxxxxxxxxxxxxxxxxxxx\r\nxxxxxxxxxxxxxxxxx7xxxxxxxxxxxxxxxxxxxxxxxxx\r\nxxxxxxxxxxxxxxxxx777xxxxxxxxxxxxxxxxxxxxxxx\r\nxxxxxxxxxxxxxx7777777xxxxxxxxxxxxxxxxxxxxxx\r\nxxxxxxxxxxxxxx77777777xxxxxxxxxxxxxxxxxxxxx\r\nxxxxxxxxxxxxxxx77777777xxxxxxxxxxxxxxxxxxxx\r\nxxxxxxxxxxxxxxx777777777xxxxxxxxxxxxxxxxxxx\r\nxxxxxxxxxxxxxxx7xxx777777xxxxxxxxxxxxxxxxxx\r\nxxxxxxxxxxxxxxx7x777777777xxxxxxxxxxxxxxxxx\r\nxxxxxxxxxxxxxxx7xxx77777777xxxxxxxxxxxxxxxx\r\nxxxxxxxxxxxxxxx7x777777777x7xxxxxxxxxxxxxxx\r\nxxxxxxxxxxxxxxx7xxx7777777777xxxxxxxxxxxxxx\r\nxxxxxxxxxxxxxxx777777777777xxxxxxxxxxxxxxxx\r\nxxxxxxxxxxxxxxx77777777777x2111xxxxxxxxxxxx\r\nxxxxxxxxxxxxxxx7777777777x221111xxxxxxxxxxx\r\nxxxxxxxxx7777777777777777x2211111xxxxxxxxxx\r\nxxxxxxxxx7777777777777777x22211111xxxxxxxxx\r\nxxxxxxxxx7777777777777777x222211111xxxxxxxx\r\nxxxxxx77777777777777777777x222211111xxxxxxx\r\nxxxxxx7777777xx777777777777x222211111xxxxxx\r\nxxxxxx7777777xx77777777777772222111111xxxxx\r\nxxxxxx777777777777777777777x22221111111xxxx\r\nxx7777777777777777777777x322222211111111xxx\r\n77777777777777777777777x33222222111111111xx\r\n7777777777777777777777x333222222211111111xx\r\nxx7777777777777777777x333322222222111111xxx\r\nxx7777777777777777777333332222222221111xxxx\r\nxx777xxx777777777777733333222222222211xxxxx\r\nxx777x7x77777777777773333322222222222xxxxxx\r\nxx777x7x7777777777777x33332222222222xxxxxxx\r\nxxx77x7x7777777777777xx333222222222xxxxxxxx\r\nxxxx77777777777777777xxx3222222222xxxxxxxxx\r\nxxxxx777777777777777777xx22222222xxxxxxxxxx\r\nxxxxxx777777777777777777x2222222xxxxxxxxxxx\r\nxxxxxxx777777777777777777222222xxxxxxxxxxxx\r\nxxxxxxxx7777777777777777722222xxxxxxxxxxxxx\r\nxxxxxxxxx77777777777777772222xxxxxxxxxxxxxx\r\nxxxxxxxxxx777777777777777222xxxxxxxxxxxxxxx\r\nxxxxxxxxxxx77777777777777x2xxxxxxxxxxxxxxxx\r\nxxxxxxxxxxxx77777777777777xxxxxxxxxxxxxxxxx\r\nxxxxxxxxxxxxx777777777777xxxxxxxxxxxxxxxxxx\r\nxxxxxxxxxxxxxx7777777777xxxxxxxxxxxxxxxxxxx\r\nxxxxxxxxxxxxxxx77777777xxxxxxxxxxxxxxxxxxxx\r\nxxxxxxxxxxxxxxxx777777xxxxxxxxxxxxxxxxxxxxx\r\nxxxxxxxxxxxxxxxxx7777xxxxxxxxxxxxxxxxxxxxxx\r\nxxxxxxxxxxxxxxxxxx77xxxxxxxxxxxxxxxxxxxxxxx\r\nxxxxxxxxxxxxxxxxxxxxxxxxxxxxxxxxxxxxxxxxxxx\r\nxxxxxxxxxxxxxxxxxxxxxxxxxxxxxxxxxxxxxxxxxxx', 'RKHu418umbrella2RDPASAHHb518pool_2sofa2RDQASAJHB618pool_2sofa1RDRASAJHu207umbrella2SAPESAHHc208pool_chair2PBPESAPAHu2024umbrella2PFPESAHHc2025pool_chair2QFPESAPAHc217pool_chair2SAQESAJHt218pool_table2PBQESAHHc219pool_chair2QBQESARAHc2124pool_chair2PFQESAJHt2125pool_table2QFQESAHHc228pool_chair2PBRESAHHR282flower2bJPGSAHHr292flower2aJQGSAHHL326boxRAPHSAHHf3313flower1QCQHSAHHy3410pool_chairyRBRHSAPAH8358umbrellayPBSHSAHHy359pool_chairyQBSHSAJHQ3510pool_tableyRBSHSAHHy3511pool_chairySBSHSARAH93515umbrellapSCSHSAHH73521umbrellaoQESHSAHHy3610pool_chairyRBPISAHHP3615pool_chairpSCPISAPAHo3621pool_chairoQEPISAPAHo3622pool_chairoREPISAPAHP3714pool_chairpRCQISAJHZ3715pool_tablepSCQISAHHP3716pool_chairpPDQISARAHK3721pool_taboQEQISARAHk3722pool_tabo2REQISARAHP3814pool_chairpRCRISAJHz3815pool_tablep2SCRISAHHP3816pool_chairpPDRISARAHo3821pool_chairoQERISAHHo3822pool_chairoRERISAHHP3915pool_chairpSCSISAHHg4120pool_chairgPEQJSAPAHg4121pool_chairgQEQJSAPAHW4220pool_tablgPERJSARAHw4221pool_tablg2QERJSARAHG4319umbrellagSDSJSAHHg4320pool_chairgPESJSAHHg4321pool_chairgQESJSAH', '0'),
('pool_b', 11, 24, 7, 2, 'xxxxxxxxxxxxxxxxxxxxxxxxxxxxxxxxxxxxxxxxxxxxx\r\nxxxxxxxxxxxxxxxxxxxxxxxxxxxxxxxx7xxxxxxxxxxxx\r\nxxxxxxxxxxxxxxxxxxxxxxxxxxxxxxx777xxxxxxxxxxx\r\nxxxxxxxxxxxxxxxxxx8888888x7xxx77777xxxxxxxxxx\r\nxxxxxxxxxxxxxxxxxx8888888x7xxx777777xxxxxxxxx\r\nxxxxxxxxxxxxxxxx88xxxxx77x77777777777xxxxxxxx\r\nxxxxxxxxxxxxxxxx88x7777777777777777777xxxxxxx\r\nxxxxxxxxxxxxxxxx88x77777777777777777777xxxxxx\r\nxxxxxxxxxxxxxx9988x77777777777777777777xxxxxx\r\nxxxxxxxxxxxxxx9988x7777777777777777777x00xxxx\r\nxxxxxxxxxxxxxx9988x777777777777777777x0000xxx\r\nxxxxxxxxxxxxxx9988x7777777x0000000000000000xx\r\nxxxxxxxxxxxxxx9988x777777x000000000000000000x\r\n7777777777xxxx9988777777x0x0000000000000000xx\r\nx7777777777xxx998877777x000x00000000000000xxx\r\nxx7777777777xx99887777x00000x000000000000xxxx\r\nxxx7777777777x9988777x0000000x0000000000xxxxx\r\nxxxx777777777x777777x00000000x000000000xxxxxx\r\nxxxxx777777777777777000000000x00000000xxxxxxx\r\nxxxxxx77777777777777000000000x0000000xxxxxxxx\r\nxxxxxxx777777x7777770000000000xxxx00xxxxxxxxx\r\nxxxxxxxx77777777777xx0000000000000xxxxxxxxxxx\r\nxxxxxxxxx777777110000x000000000000xxxxxxxxxxx\r\nxxxxxxxxxx7x77x1100000x0000000000xxxxxxxxxxxx\r\nxxxxxxxxxxx777x11000000x00000000xxxxxxxxxxxxx\r\nxxxxxxxxxxxx771110000000x000000xxxxxxxxxxxxxx\r\nxxxxxxxxxxxxx111100000000x0000xxxxxxxxxxxxxxx\r\nxxxxxxxxxxxxxx11100000000x000xxxxxxxxxxxxxxxx\r\nxxxxxxxxxxxxxxx1100000000x00xxxxxxxxxxxxxxxxx\r\nxxxxxxxxxxxxxxxx110000000x0xxxxxxxxxxxxxxxxxx\r\nxxxxxxxxxxxxxxxxx110000000xxxxxxxxxxxxxxxxxxx\r\nxxxxxxxxxxxxxxxxxx1100000xxxxxxxxxxxxxxxxxxxx\r\nxxxxxxxxxxxxxxxxxxx11000xxxxxxxxxxxxxxxxxxxxx\r\nxxxxxxxxxxxxxxxxxxxx110xxxxxxxxxxxxxxxxxxxxxx\r\nxxxxxxxxxxxxxxxxxxxxx1xxxxxxxxxxxxxxxxxxxxxxx\r\nxxxxxxxxxxxxxxxxxxxxxxxxxxxxxxxxxxxxxxxxxxxxx\r\nxxxxxxxxxxxxxxxxxxxxxxxxxxxxxxxxxxxxxxxxxxxxx\r\nxxxxxxxxxxxxxxxxxxxxxxxxxxxxxxxxxxxxxxxxxxxxx\r\nxxxxxxxxxxxxxxxxxxxxxxxxxxxxxxxxxxxxxxxxxxxxx\r\nxxxxxxxxxxxxxxxxxxxxxxxxxxxxxxxxxxxxxxxxxxxxx\r\nxxxxxxxxxxxxxxxxxxxxxxxxxxxxxxxxxxxxxxxxxxxxx\r\nxxxxxxxxxxxxxxxxxxxxxxxxxxxxxxxxxxxxxxxxxxxxx\r\nxxxxxxxxxxxxxxxxxxxxxxxxxxxxxxxxxxxxxxxxxxxxx\r\nxxxxxxxxxxxxxxxxxxxxxxxxxxxxxxxxxxxxxxxxxxxxx\r\nxxxxxxxxxxxxxxxxxxxxxxxxxxxxxxxxxxxxxxxxxxxxx\r\nxxxxxxxxxxxxxxxxxxxxxxxxxxxxxxxxxxxxxxxxxxxxx\r\nxxxxxxxxxxxxxxxxxxxxxxxxxxxxxxxxxxxxxxxxxxxxx\r\nxxxxxxxxxxxxxxxxxxxxxxxxxxxxxxxxxxxxxxxxxxxxx', 'QIHu233umbrellaQHJSAHHb318pool_sofa2RDKPBPAHB319pool_sofa1SDKPBPAHb320pool_sofa2PEKPBPAHB321pool_sofa1QEKPBPAHb322pool_sofa2REKPBPAHB323pool_sofa1SEKPBPAHc333pool_chairQHKSAPAHc432pool_chairPHPASAJHt433pool_tableQHPASAHHc434pool_chairRHPASARAHb516pool_sofa2PDQAPBJHc533pool_chairQHQASAHHB616pool_sofa1PDRAPBJHb716pool_sofa2PDSAPBJHc735pool_chairSHSASAPAHf814flower1RCPBQBHHB816pool_sofa1PDPBPBJHu833umbrellaQHPBSAHHc834pool_chairRHPBSAJHt835pool_tableSHPBSAHHc836pool_chairPIPBSARAHb914pool_sofa2RCQBQBJHb916pool_sofa2PDQBPBJHc935pool_chairSHQBSAHHB1014pool_sofa1RCRBQBJHB1016pool_sofa1PDRBPBJHb1114pool_sofa2RCSBQBJHb1116pool_sofa2PDSBPBJHB1214pool_sofa1RCPCQBJHB1216pool_sofa1PDPCPBJHR133flower2bKQCSAJHr134flower2aPAQCSAJHb1314pool_sofa2RCQCQBJHb1316pool_sofa2PDQCPBJHB1414pool_sofa1RCRCQBJHB1416pool_sofa1PDRCPBJ', '0'),
('space_cafe', 21, 17, 1, 0, 'x3333x333211111xxxxxxxxx\r\nx3333x333211111xx3333333\r\nxxxxxx333211111xx3333333\r\n33333333xx11111xx3333333\r\n33333333xx11111xx3333333\r\n33x333xxxx11111xx3333333\r\nxxx222xxx111111xx3333333\r\n22222222xx11111xx3333333\r\n22222222xxx1111xx3333333\r\n22222222xxxx1111x2222222\r\n22222222xxxx1111x1111111\r\n22222222xxxx111111111111\r\n22222222xxxx111111111111\r\nxxx222xxxxx1111111111111\r\nxxxx33xxxx11111111111111\r\nxxx333321111111111111111\r\nxxx333321111111111111111\r\nxxx333321111111111111111\r\nxxxxxxxxxxxxx1111xxxx11x\r\nxxxxxxxxxxxxx0000xxxx11x\r\nxxxxxxxxxx0000000xxxx11x\r\nxxxxxxxxxx0000000xxxxxxx\r\nxxxxxxxxxx0000000xxxxxxx\r\nxxxxxxxxxx0000000xxxxxxx\r\nxxxxxxxxxx0000000xxxxxxx\r\nxxxxxxxxxx0000000xxxxxxx', 'RNHa119space_stoolSDIKPAHa123space_stoolSEIKPAHa218space_stoolRDJKJHf219smalltableSDJKHHa220space_stoolPEJKRAHa222space_stoolREJKJHf223smalltableSEJKHHa319space_stoolSDKKHHa323space_stoolSEKKHHa517space_stoolQDQAKPAHa521space_stoolQEQAKPAHf617smalltableQDRAKHHa618space_stoolRDRAKRAHa620space_stoolPERAKJHf621smalltableQERAKHHa622space_stoolRERAKRAHa717space_stoolQDSAKHHa721space_stoolQESAKHHb80bluesofabHPBJPAHc81bluesofaaIPBJPAHd86redsofabRAPBJPAHe87redsofaaSAPBJPAHi90bigtabledHQBJHHj91bigtablecIQBJHHb92bluesofabJQBJRAHd95redsofabQAQBJJHi96bigtabledRAQBJHHj97bigtablecSAQBJHHk100bigtablebHRBJHHl101bigtableaIRBJHHc102bluesofaaJRBJRAHe105redsofaaQARBJJHk106bigtablebRARBJHHl107bigtableaSARBJHHb110bluesofabHSBJHHc111bluesofaaISBJHHd116redsofabRASBJHHe117redsofaaSASBJHHd1318redsofabRDQCIJHg1319midtablebSDQCIRAHd1320redsofabPEQCIRAHe1418redsofaaRDRCIJHh1419midtableaSDRCIRAHe1420redsofaaPERCIRAHa153space_stoolKSCKJHf163smalltableKPDKHHa173space_stoolKQDKJHd2110redsofabRBQEHJHe2210redsofaaRBREHJHb2213bluesofabQCREHPAHc2214bluesofaaRCREHPAHf2310smalltableRBSEHHHg2313midtablebQCSEHHHh2314midtableaRCSEHHHd2410redsofabRBPFHJHb2413bluesofabQCPFHHHc2414bluesofaaRCPFHHHe2510redsofaaRBQFHJ', '0');

-- --------------------------------------------------------

--
-- Structure de la table `room_rights`
--

CREATE TABLE IF NOT EXISTS `room_rights` (
  `room_id` int(10) unsigned NOT NULL,
  `user_id` int(10) unsigned NOT NULL,
  KEY `room_id` (`room_id`)
) ENGINE=MyISAM DEFAULT CHARSET=latin1;

--
-- Contenu de la table `room_rights`
--

INSERT INTO `room_rights` (`room_id`, `user_id`) VALUES
(5583, 38),
(5964, 422);

-- --------------------------------------------------------

--
-- Structure de la table `server_status`
--

CREATE TABLE IF NOT EXISTS `server_status` (
  `status` enum('0','1','2') NOT NULL DEFAULT '0',
  `users_online` int(11) NOT NULL DEFAULT '0',
  `rooms_loaded` int(11) NOT NULL DEFAULT '0',
  `server_ver` text NOT NULL,
  `stamp` double NOT NULL
) ENGINE=MyISAM DEFAULT CHARSET=latin1;

--
-- Contenu de la table `server_status`
--

INSERT INTO `server_status` (`status`, `users_online`, `rooms_loaded`, `server_ver`, `stamp`) VALUES
('1', 4, 1, 'HibboEMU - Emulateur [v2.0.0]', 1292851889);

-- --------------------------------------------------------

--
-- Structure de la table `site_app_form`
--

CREATE TABLE IF NOT EXISTS `site_app_form` (
  `id` varchar(24) NOT NULL,
  `caption` varchar(120) NOT NULL,
  `descr` text NOT NULL,
  `field_type` enum('textbox','textarea','checkbox') NOT NULL,
  `required` enum('0','1') NOT NULL DEFAULT '1',
  `order_num` int(11) NOT NULL,
  PRIMARY KEY (`id`)
) ENGINE=MyISAM DEFAULT CHARSET=latin1;

--
-- Contenu de la table `site_app_form`
--


-- --------------------------------------------------------

--
-- Structure de la table `site_app_openings`
--

CREATE TABLE IF NOT EXISTS `site_app_openings` (
  `id` int(11) NOT NULL AUTO_INCREMENT,
  `name` varchar(100) NOT NULL,
  `text_descr` text NOT NULL,
  `text_reqs` text NOT NULL,
  `text_duties` text NOT NULL,
  PRIMARY KEY (`id`)
) ENGINE=MyISAM  DEFAULT CHARSET=latin1 AUTO_INCREMENT=5 ;

--
-- Contenu de la table `site_app_openings`
--


-- --------------------------------------------------------

--
-- Structure de la table `site_minimail`
--

CREATE TABLE IF NOT EXISTS `site_minimail` (
  `id` int(10) unsigned NOT NULL AUTO_INCREMENT,
  `sender_id` int(10) unsigned NOT NULL,
  `receiver_id` int(10) unsigned NOT NULL,
  `folder` enum('inbox','sent','trash') NOT NULL DEFAULT 'inbox',
  `is_read` enum('0','1') NOT NULL DEFAULT '0',
  `subject` varchar(120) NOT NULL,
  `date` varchar(120) NOT NULL,
  `isodate` varchar(120) NOT NULL,
  `timestamp` int(11) NOT NULL,
  `body` text NOT NULL,
  `deleted` enum('0','1') CHARACTER SET latin1 COLLATE latin1_general_ci NOT NULL DEFAULT '0',
  `conversationid` int(10) NOT NULL DEFAULT '0',
  PRIMARY KEY (`id`)
) ENGINE=MyISAM DEFAULT CHARSET=latin1 AUTO_INCREMENT=1 ;

--
-- Contenu de la table `site_minimail`
--


-- --------------------------------------------------------

--
-- Structure de la table `site_news_categories`
--

CREATE TABLE IF NOT EXISTS `site_news_categories` (
  `id` int(10) unsigned NOT NULL AUTO_INCREMENT,
  `caption` text NOT NULL,
  PRIMARY KEY (`id`)
) ENGINE=MyISAM  DEFAULT CHARSET=latin1 AUTO_INCREMENT=12 ;

--
-- Contenu de la table `site_news_categories`
--

INSERT INTO `site_news_categories` (`id`, `caption`) VALUES
(0, 'Pasdecatégoris'),
(1, 'Hibbo'),
(2, 'Technique'),
(3, 'Mis à jour'),
(4, 'Compétitions'),
(5, 'Polls'),
(6, 'Sponsore'),
(7, 'Crédits'),
(8, 'HibboClub'),
(9, 'VIP'),
(10, 'Mobi'),
(11, 'Support');

-- --------------------------------------------------------

--
-- Structure de la table `system_config`
--

CREATE TABLE IF NOT EXISTS `system_config` (
  `id` int(10) NOT NULL AUTO_INCREMENT,
  `skey` varchar(100) COLLATE latin1_general_ci NOT NULL,
  `sval` text COLLATE latin1_general_ci NOT NULL,
  PRIMARY KEY (`id`)
) ENGINE=MyISAM  DEFAULT CHARSET=latin1 COLLATE=latin1_general_ci AUTO_INCREMENT=55 ;

--
-- Contenu de la table `system_config`
--

INSERT INTO `system_config` (`id`, `skey`, `sval`) VALUES
(1, 'server_game_port', '90'),
(2, 'server_game_maxconnections', '1000'),
(4, 'server_mus_port', '225'),
(6, 'server_mus_host', '109.238.5.251'),
(8, 'lang', 'es'),
(9, 'welcomemessage_enable', '1'),
(10, 'wordfilter_enable', '1'),
(11, 'wordfilter_censor', 'bobba'),
(12, 'chatanims_enable', '1'),
(13, 'trading_enable', '1'),
(14, 'recycler_enable', '0'),
(15, 'recycler_minownertime', '10'),
(16, 'recycler_session_length', '30'),
(17, 'recycler_session_expirelength', '10080'),
(18, 'rooms_loadadvertisement_img', 'http://sgstage-varoke.servehttp.com/habbocms/adview?zoneid=325'),
(48, 'purchase_pets', '1'),
(19, 'rooms_loadadvertisement_uri', 'http://infohotel.no-ip.org/?utm=room_advertings'),
(20, 'statuses_wave_duration', '2000'),
(21, 'statuses_carryitem_sipamount', '10'),
(22, 'statuses_carryitem_sipinterval', '10000'),
(23, 'statuses_carryitem_sipduration', '500'),
(24, 'rooms_roomban_duration', '15'),
(25, 'items_stacking_maxstackheight', '20'),
(28, 'navigator_roomsearch_maxresults', '40'),
(27, 'navigator_createroom_maxrooms', '10'),
(26, 'events_categorycount', '11'),
(29, 'navigator_opencategory_maxresults', '30'),
(30, 'navigator_favourites_maxrooms', '25'),
(31, 'events_deadevents_removeinterval', '120'),
(32, 'soundmachine_burntodisk_disktid', '1355'),
(35, 'game_bb_gamelength_seconds', '180'),
(34, 'game_scorewindow_restartgame_seconds', '1200'),
(33, 'game_countdown_seconds', '15'),
(42, 'server_remote_port', '0'),
(39, 'enableBoughtMessage', '0'),
(40, 'infobus_active', '0'),
(41, 'messenger_maxfriends', '900'),
(44, 'update_pixels', '30'),
(49, 'enableHappyHour', '0'),
(50, 'server_mus_enabled', '1'),
(51, 'users_online', '4'),
(52, 'rooms_loaded', '1'),
(53, 'ip', '109.238.14.29'),
(54, 'lastRefreshOnline', '');

-- --------------------------------------------------------

--
-- Structure de la table `system_requests`
--

CREATE TABLE IF NOT EXISTS `system_requests` (
  `id` int(20) NOT NULL AUTO_INCREMENT,
  `prosess` text CHARACTER SET latin1 COLLATE latin1_spanish_ci NOT NULL,
  `userid` int(20) NOT NULL,
  `info` text CHARACTER SET latin1 COLLATE latin1_spanish_ci NOT NULL,
  PRIMARY KEY (`id`)
) ENGINE=MyISAM  DEFAULT CHARSET=utf8 AUTO_INCREMENT=2 ;

--
-- Contenu de la table `system_requests`
--


-- --------------------------------------------------------

--
-- Structure de la table `system_stafflog`
--

CREATE TABLE IF NOT EXISTS `system_stafflog` (
  `id` int(5) NOT NULL AUTO_INCREMENT,
  `action` varchar(12) COLLATE latin1_general_ci NOT NULL,
  `message` text COLLATE latin1_general_ci,
  `note` text COLLATE latin1_general_ci,
  `userid` int(11) NOT NULL,
  `targetid` int(11) DEFAULT NULL,
  `timestamp` varchar(50) COLLATE latin1_general_ci DEFAULT NULL,
  PRIMARY KEY (`id`)
) ENGINE=MyISAM  DEFAULT CHARSET=latin1 COLLATE=latin1_general_ci AUTO_INCREMENT=581 ;

--
-- Contenu de la table `system_stafflog`
--

INSERT INTO `system_stafflog` (`id`, `action`, `message`, `note`, `userid`, `targetid`, `timestamp`) VALUES
(63, 'Housekeeping', 'Cambio de configuraci?n del Sitio en Disponibilidad', 'cms_config.php', 49, 0, '07-sep-2010 18:37:52'),
(580, 'Housekeeping', 'Cambio de configuración del Servidor', 'server.php', 18, 0, 'déc 20, 2010 13:41:39 PM');

-- --------------------------------------------------------

--
-- Structure de la table `system_strings`
--

CREATE TABLE IF NOT EXISTS `system_strings` (
  `id` int(5) NOT NULL AUTO_INCREMENT,
  `stringid` varchar(100) COLLATE latin1_general_ci NOT NULL DEFAULT 'null',
  `var_es` text COLLATE latin1_general_ci,
  PRIMARY KEY (`id`,`stringid`)
) ENGINE=MyISAM  DEFAULT CHARSET=latin1 COLLATE=latin1_general_ci AUTO_INCREMENT=52 ;

--
-- Contenu de la table `system_strings`
--

INSERT INTO `system_strings` (`id`, `stringid`, `var_es`) VALUES
(1, 'console_onhotelview', 'En la vista del hotel.'),
(2, 'modtool_accesserror', '?Alto! No tienes el acceso necesario para usar la MOD-Tool.'),
(3, 'modtool_actionfail', 'No se pudo completar su solicitud.'),
(4, 'modtool_rankerror', 'No puedes aplicar cambios a este usuario.'),
(5, 'modtool_usernotfound', 'El usuario se?alado no existe o no se encuentra online.'),
(6, 'room_rightsreset', 'El propietario de la Sala ha reseteado los derechos.\r\n\r\nPor favor reinicia la Sala.'),
(7, 'trading_disabled', 'El Tradeo se encuentra desactivado.'),
(8, 'trading_nottradeable', 'Lo sentimos, pero el furni no es tradeable.'),
(9, 'welcomemessage_text', 'ola'),
(10, 'console_inpublicroom', 'En alguna Sala p?blica.'),
(11, 'room_stafflocked', 'Lo sentimos, pero no puedes acceder a esta Sala.'),
(12, 'room_full', 'La Sala esta llena.'),
(13, 'room_infobus_closed', 'El InfoBus no se encuentra activo.'),
(14, 'scommand_hotelalert', ' '),
(15, 'scommand_failed', '?Oops! No se pudo procesar tu solicitud.'),
(16, 'scommand_success', 'Solicitud procesada con ?xito.'),
(17, 'scommand_muted', 'Has sido callado.'),
(18, 'scommand_unmuted', 'Has sido descallado.'),
(19, 'scommand_rankalert', '?Atenci?n Staffs!\r\n'),
(20, 'banreport_header', 'Reporte de Baneo para'),
(21, 'common_userrank', 'Rango'),
(22, 'common_ip', 'IP'),
(23, 'banreport_banner', 'Baneado por'),
(24, 'banreport_posted', 'Baneado el'),
(25, 'banreport_expires', 'Expira el'),
(29, 'banreport_affectedusernames', 'Usuarios afectados:'),
(26, 'banreport_reason', 'Razon'),
(27, 'banreport_ipbanflag', 'Baneo de IP'),
(28, 'banreport_staffnote', 'Nota del Staff'),
(29, 'userinfo_header', 'Informaci?n Virtual'),
(30, 'userinfo_accesserror', 'Lo sentimos, pero no puedes acceder a esta informaci?n.'),
(31, 'common_usernotfound', 'El usuario no ha sido encontrado.'),
(32, 'common_userid', 'ID'),
(33, 'common_username', 'Nombre de usuario'),
(34, 'common_usermission', 'Misi?n'),
(35, 'common_email', 'Email'),
(36, 'common_credits', 'Cr?ditos'),
(37, 'common_pixels', 'P?xeles'),
(38, 'common_tickets', 'Tickets'),
(39, 'common_birth', 'Fecha de Nacimiento'),
(40, 'common_hbirth', 'Registrado el'),
(41, 'common_online', 'Online'),
(42, 'common_yes', 'Si'),
(43, 'common_no', 'No'),
(44, 'common_location', 'Localizaci?n'),
(45, 'common_owner', 'Propietario'),
(46, 'common_room', 'Sala'),
(47, 'common_hotelview', 'En la vista del hotel.'),
(48, 'common_lastaccess', '?ltima conexi?n'),
(49, 'cfh_picked_up', 'Esta llamada ya ha sido atendida.'),
(50, 'cfh_deleted', 'Esta llamada ha sido eliminada.'),
(51, 'catalogue_reload', 'El cat?logo ha sido reecargado.\r\nPor favor reinicia el Hotel.');

-- --------------------------------------------------------

--
-- Structure de la table `system_wordfilter`
--

CREATE TABLE IF NOT EXISTS `system_wordfilter` (
  `id` int(20) NOT NULL AUTO_INCREMENT,
  `word` varchar(50) NOT NULL,
  PRIMARY KEY (`id`)
) ENGINE=MyISAM  DEFAULT CHARSET=latin1 AUTO_INCREMENT=25 ;

--
-- Contenu de la table `system_wordfilter`
--

INSERT INTO `system_wordfilter` (`id`, `word`) VALUES
(1, 'habboretroweb'),
(2, 'hrw'),
(3, 'pute'),
(4, 'salope'),
(5, 'conne'),
(6, 'con'),
(7, 'merde'),
(8, 'connard'),
(9, 'shit'),
(10, 'britania'),
(11, 'cabrona'),
(12, 'pinche'),
(15, 'cokedev'),
(16, 'vagina'),
(17, 'verga'),
(18, 'chingada'),
(19, 'habbo'),
(20, 'prostituta'),
(21, 'prostitution'),
(22, 'prostitué'),
(23, 'cul'),
(24, 'fuck');

-- --------------------------------------------------------

--
-- Structure de la table `tele_links`
--

CREATE TABLE IF NOT EXISTS `tele_links` (
  `tele_one_id` int(10) unsigned NOT NULL,
  `tele_two_id` int(10) unsigned NOT NULL,
  KEY `tele_one_id` (`tele_one_id`)
) ENGINE=MyISAM DEFAULT CHARSET=latin1;

--
-- Contenu de la table `tele_links`
--

INSERT INTO `tele_links` (`tele_one_id`, `tele_two_id`) VALUES
(93078, 93079),

(114308, 114307),
(109697, 109696);

-- --------------------------------------------------------

--
-- Structure de la table `users`
--

CREATE TABLE IF NOT EXISTS `users` (
  `id` int(11) unsigned NOT NULL AUTO_INCREMENT,
  `username` varchar(50) NOT NULL,
  `real_name` varchar(100) NOT NULL DEFAULT '',
  `changename` enum('0','1') CHARACTER SET latin1 COLLATE latin1_general_ci NOT NULL DEFAULT '0',
  `password` varchar(50) NOT NULL DEFAULT '-',
  `mail` varchar(50) NOT NULL DEFAULT 'defaultuser@meth0d.org',
  `auth_ticket` varchar(1250) NOT NULL DEFAULT '',
  `rank` int(11) unsigned NOT NULL DEFAULT '1',
  `credits` int(11) NOT NULL DEFAULT '0',
  `snowflakes` int(11) NOT NULL DEFAULT '0',
  `vip_points` int(11) NOT NULL DEFAULT '0',
  `activity_points` int(11) NOT NULL DEFAULT '0',
  `activity_points_lastupdate` double NOT NULL DEFAULT '0',
  `badge_status` enum('0','1') CHARACTER SET latin1 COLLATE latin1_general_ci NOT NULL DEFAULT '1',
  `look` varchar(100) NOT NULL DEFAULT 'hr-115-42.hd-190-1.ch-215-62.lg-285-91.sh-290-62',
  `gender` enum('M','F') NOT NULL DEFAULT 'M',
  `email_verified` enum('1','0') NOT NULL DEFAULT '0',
  `motto` varchar(50) NOT NULL,
  `token` varchar(20) CHARACTER SET latin1 COLLATE latin1_spanish_ci NOT NULL,
  `client_token` varchar(50) CHARACTER SET latin1 COLLATE latin1_spanish_ci NOT NULL,
  `birth` varchar(100) CHARACTER SET latin1 COLLATE latin1_general_ci NOT NULL DEFAULT '',
  `browser` varchar(100) NOT NULL DEFAULT '',
  `account_created` varchar(50) NOT NULL,
  `last_online` varchar(50) NOT NULL,
  `online` enum('0','1') NOT NULL DEFAULT '0',
  `web_online` varchar(100) CHARACTER SET latin1 COLLATE latin1_spanish_ci NOT NULL,
  `ip_last` varchar(120) NOT NULL DEFAULT '127.0.0.1',
  `postcount` bigint(20) NOT NULL DEFAULT '0',
  `ip_reg` varchar(120) NOT NULL DEFAULT '127.0.0.1',
  `home_room` int(10) unsigned NOT NULL DEFAULT '0',
  `respect` int(11) NOT NULL DEFAULT '0',
  `daily_respect_points` int(11) NOT NULL DEFAULT '3',
  `daily_pet_respect_points` int(11) NOT NULL DEFAULT '3',
  `newbie_status` int(11) NOT NULL DEFAULT '1',
  `is_muted` enum('0','1') NOT NULL DEFAULT '0',
  `newsletter` enum('0','1') CHARACTER SET latin1 COLLATE latin1_spanish_ci NOT NULL DEFAULT '1',
  `mutant_penalty` enum('0','1','2') NOT NULL DEFAULT '0',
  `mutant_penalty_expire` int(11) NOT NULL DEFAULT '0',
  `block_newfriends` enum('0','1') NOT NULL DEFAULT '0',
  `rpx_name` varchar(100) CHARACTER SET latin1 COLLATE latin1_spanish_ci NOT NULL,
  `rpxid` varchar(200) CHARACTER SET latin1 COLLATE latin1_spanish_ci NOT NULL,
  `rpx_type` varchar(100) CHARACTER SET latin1 COLLATE latin1_spanish_ci NOT NULL,
  `noob` enum('0','1','2') CHARACTER SET latin1 COLLATE latin1_spanish_ci NOT NULL DEFAULT '0',
  `sort` enum('0','1','2','3','4','5','6') CHARACTER SET latin1 COLLATE latin1_spanish_ci NOT NULL DEFAULT '0',
  `gift` enum('1','2') CHARACTER SET latin1 COLLATE latin1_spanish_ci NOT NULL DEFAULT '1',
  `gift_time` varchar(100) CHARACTER SET latin1 COLLATE latin1_spanish_ci NOT NULL,
  `visibility` enum('EVERYONE','NOBODY') CHARACTER SET latin1 COLLATE latin1_spanish_ci NOT NULL DEFAULT 'EVERYONE',
  `invitedUsers` int(10) NOT NULL DEFAULT '0',
  `suspend` enum('0','1') CHARACTER SET latin1 COLLATE latin1_general_ci NOT NULL DEFAULT '0',
  `baldosas_pulsadas` int(255) NOT NULL,
  `bb_ball1` varchar(500) NOT NULL,
  `baldosas_pulsadas1` int(255) NOT NULL,
  `lastlook` varchar(255) NOT NULL,
  `iscurrent` varchar(100) CHARACTER SET latin1 COLLATE latin1_spanish_ci NOT NULL,
  `start` enum('0','1') CHARACTER SET latin1 COLLATE latin1_spanish_ci NOT NULL DEFAULT '0',
  `respects_given` int(11) NOT NULL DEFAULT '0',
  `gifts_given` int(11) NOT NULL DEFAULT '1',
  `gifts_received` int(11) NOT NULL DEFAULT '0',
  `bb_ball` varchar(2) NOT NULL,
  PRIMARY KEY (`id`)
) ENGINE=MyISAM  DEFAULT CHARSET=latin1 AUTO_INCREMENT=447 ;

--
-- Contenu de la table `users`
--

INSERT INTO `users` (`id`, `username`, `real_name`, `changename`, `password`, `mail`, `auth_ticket`, `rank`, `credits`, `snowflakes`, `vip_points`, `activity_points`, `activity_points_lastupdate`, `badge_status`, `look`, `gender`, `email_verified`, `motto`, `token`, `client_token`, `birth`, `browser`, `account_created`, `last_online`, `online`, `web_online`, `ip_last`, `postcount`, `ip_reg`, `home_room`, `respect`, `daily_respect_points`, `daily_pet_respect_points`, `newbie_status`, `is_muted`, `newsletter`, `mutant_penalty`, `mutant_penalty_expire`, `block_newfriends`, `rpx_name`, `rpxid`, `rpx_type`, `noob`, `sort`, `gift`, `gift_time`, `visibility`, `invitedUsers`, `suspend`, `baldosas_pulsadas`, `bb_ball1`, `baldosas_pulsadas1`, `lastlook`, `iscurrent`, `start`, `respects_given`, `gifts_given`, `gifts_received`, `bb_ball`) VALUES
(15, 'job', '', '0', 'da028ec2129e8ea9c782b8c926ab3568ab344c8c', 'job@live.fr', '', 2, 9985, 0, 0, 15480, 1291326982, '1', 'wa-2007-0.ch-215-66.lg-270-79.sh-305-62.hr-100-0.ha-1002-70.hd-190-7', '', '0', '', 'a893bda759', 'a9b93a722ee83c9188e72f63f957ae8f86b59c54c7359', '3-2-1964', 'Mozilla/5.0 (Windows; U; Windows NT 6.1; en-US) AppleWebKit/534.7 (KHTML, like Gecko) Chrome/7.0.517', '02-12-2010', '02/12/2010 23:00:09', '0', '1291327499', '127.0.0.1', 0, '127.0.0.1', 0, 0, 3, 3, 1, '0', '', '0', 0, '0', '', '3915108954', 'habboid', '0', '0', '1', '', 'EVERYONE', 0, '0', 0, '', 0, '', '', '1', 0, 0, 0, ''),
(446, 'Tamerlan75leboss', '', '0', '4f95eeb4960c73470b4911ebb5296d317752c632', 'Tamerlan75leboss@hotmail.fr', '', 2, 100000, 0, 0, 5010, 0, '1', 'cp-3121-62.sh-290-62.hd-190-7.ha-1012-62.wa-2007-0.lg-280-79.he-1609-62.hr-125-31.cc-886-62.fa-1201-', 'M', '0', 'Tamerlan le big boss', '33166db8e8', '392d6dae80322ac85f5a1b44767c3c40fefabdfdd0c8f', '8-6-1992', 'Mozilla/5.0 (Windows; U; Windows NT 6.1; en-US) AppleWebKit/534.10 (KHTML, like Gecko) Chrome/8.0.55', '20-12-2010', 'déc 20, 2010 14:13:36 PM', '1', '1292851437', '78.251.149.128', 0, '127.0.0.1', 0, 0, 3, 3, 1, '0', '', '0', 0, '0', '', '2711721880', 'habboid', '0', '0', '1', '', 'EVERYONE', 0, '0', 0, '', 0, '', '', '1', 0, 1, 0, '');

-- --------------------------------------------------------

--
-- Structure de la table `users_bans`
--

CREATE TABLE IF NOT EXISTS `users_bans` (
  `userid` varchar(30) COLLATE latin1_general_ci NOT NULL DEFAULT '',
  `ipaddress` varchar(100) COLLATE latin1_general_ci DEFAULT NULL,
  `identification` varchar(13) COLLATE latin1_general_ci NOT NULL,
  `date_expire` varchar(50) COLLATE latin1_general_ci DEFAULT NULL,
  `descr` text COLLATE latin1_general_ci
) ENGINE=MyISAM DEFAULT CHARSET=latin1 COLLATE=latin1_general_ci;

--
-- Contenu de la table `users_bans`
--


-- --------------------------------------------------------

--
-- Structure de la table `users_club`
--

CREATE TABLE IF NOT EXISTS `users_club` (
  `userid` bigint(6) NOT NULL,
  `months_expired` int(4) DEFAULT NULL,
  `months_left` int(4) DEFAULT NULL,
  `date_monthstarted` varchar(25) COLLATE latin1_general_ci DEFAULT NULL,
  `type` enum('hc','vip') COLLATE latin1_general_ci NOT NULL,
  PRIMARY KEY (`userid`)
) ENGINE=MyISAM DEFAULT CHARSET=latin1 COLLATE=latin1_general_ci;

--
-- Contenu de la table `users_club`
--


-- --------------------------------------------------------

--
-- Structure de la table `users_old`
--

CREATE TABLE IF NOT EXISTS `users_old` (
  `id` int(11) unsigned NOT NULL AUTO_INCREMENT,
  `username` varchar(50) NOT NULL,
  `real_name` varchar(100) NOT NULL DEFAULT '',
  `password` varchar(50) NOT NULL DEFAULT '-',
  `mail` varchar(50) NOT NULL DEFAULT 'defaultuser@meth0d.org',
  `auth_ticket` varchar(1250) NOT NULL DEFAULT '0',
  `rank` int(11) unsigned NOT NULL DEFAULT '1',
  `credits` int(11) NOT NULL DEFAULT '0',
  `vip_points` int(11) NOT NULL DEFAULT '0',
  `activity_points` int(11) NOT NULL DEFAULT '0',
  `activity_points_lastupdate` double NOT NULL DEFAULT '0',
  `look` varchar(100) NOT NULL DEFAULT 'hr-115-42.hd-190-1.ch-215-62.lg-285-91.sh-290-62',
  `gender` enum('M','F') NOT NULL DEFAULT 'M',
  `motto` varchar(50) NOT NULL,
  `account_created` varchar(50) NOT NULL,
  `last_online` varchar(50) NOT NULL,
  `online` enum('0','1') NOT NULL DEFAULT '0',
  `ip_last` varchar(120) NOT NULL DEFAULT '127.0.0.1',
  `ip_reg` varchar(120) NOT NULL DEFAULT '127.0.0.1',
  `home_room` int(10) unsigned NOT NULL DEFAULT '0',
  `respect` int(11) NOT NULL DEFAULT '0',
  `daily_respect_points` int(11) NOT NULL DEFAULT '3',
  `daily_pet_respect_points` int(11) NOT NULL DEFAULT '3',
  `newbie_status` int(11) NOT NULL DEFAULT '0',
  `is_muted` enum('0','1') NOT NULL DEFAULT '0',
  `mutant_penalty` enum('0','1','2') NOT NULL DEFAULT '0',
  `mutant_penalty_expire` int(11) NOT NULL DEFAULT '0',
  `block_newfriends` enum('0','1') NOT NULL DEFAULT '0',
  PRIMARY KEY (`id`)
) ENGINE=MyISAM DEFAULT CHARSET=latin1 AUTO_INCREMENT=1 ;

--
-- Contenu de la table `users_old`
--


-- --------------------------------------------------------

--
-- Structure de la table `user_achievements`
--

CREATE TABLE IF NOT EXISTS `user_achievements` (
  `user_id` int(10) unsigned NOT NULL,
  `achievement_id` int(10) unsigned NOT NULL,
  `achievement_level` int(11) NOT NULL,
  KEY `user_id` (`user_id`)
) ENGINE=MyISAM DEFAULT CHARSET=latin1;

--
-- Contenu de la table `user_achievements`
--

INSERT INTO `user_achievements` (`user_id`, `achievement_id`, `achievement_level`) VALUES
(1, 11, 1),
(446, 38, 1);

-- --------------------------------------------------------

--
-- Structure de la table `user_badges`
--

CREATE TABLE IF NOT EXISTS `user_badges` (
  `user_id` int(10) unsigned NOT NULL,
  `badge_id` varchar(100) NOT NULL,
  `badge_slot` int(11) NOT NULL DEFAULT '0',
  `iscurrent` enum('0','1') CHARACTER SET latin1 COLLATE latin1_spanish_ci NOT NULL DEFAULT '0',
  KEY `user_id` (`user_id`)
) ENGINE=MyISAM DEFAULT CHARSET=latin1;

--
-- Contenu de la table `user_badges`
--

INSERT INTO `user_badges` (`user_id`, `badge_id`, `badge_slot`, `iscurrent`) VALUES
(1, 'Z63', 0, '0'),
(2, 'ACH_BasicClub', 0, '0');
INSERT INTO `user_badges` (`user_id`, `badge_id`, `badge_slot`, `iscurrent`) VALUES
(370, 'ACH_Motto1', 0, '0'),
(446, 'ACH_Motto1', 0, '1');

-- --------------------------------------------------------

--
-- Structure de la table `user_effects`
--

CREATE TABLE IF NOT EXISTS `user_effects` (
  `user_id` int(10) unsigned NOT NULL,
  `effect_id` int(11) NOT NULL DEFAULT '1',
  `total_duration` int(11) NOT NULL DEFAULT '3600',
  `is_activated` enum('0','1') NOT NULL DEFAULT '0',
  `activated_stamp` double NOT NULL DEFAULT '0',
  KEY `user_id` (`user_id`)
) ENGINE=MyISAM DEFAULT CHARSET=latin1;

--
-- Contenu de la table `user_effects`
--

INSERT INTO `user_effects` (`user_id`, `effect_id`, `total_duration`, `is_activated`, `activated_stamp`) VALUES
(66, 22, 3600, '1', 1291823951),
(345, 13, 3600, '1', 1292712545);

-- --------------------------------------------------------

--
-- Structure de la table `user_favorites`
--

CREATE TABLE IF NOT EXISTS `user_favorites` (
  `user_id` int(10) unsigned NOT NULL,
  `room_id` int(10) unsigned NOT NULL,
  KEY `user_id` (`user_id`)
) ENGINE=MyISAM DEFAULT CHARSET=latin1;

--
-- Contenu de la table `user_favorites`
--

INSERT INTO `user_favorites` (`user_id`, `room_id`) VALUES
(11, 5532),
(327, 5938);

-- --------------------------------------------------------

--
-- Structure de la table `user_ignores`
--

CREATE TABLE IF NOT EXISTS `user_ignores` (
  `user_id` int(10) unsigned NOT NULL,
  `ignore_id` int(10) unsigned NOT NULL,
  KEY `user_id` (`user_id`)
) ENGINE=MyISAM DEFAULT CHARSET=latin1;

--
-- Contenu de la table `user_ignores`
--


-- --------------------------------------------------------

--
-- Structure de la table `user_info`
--

CREATE TABLE IF NOT EXISTS `user_info` (
  `user_id` int(11) NOT NULL,
  `bans` int(11) NOT NULL DEFAULT '0',
  `cautions` int(11) NOT NULL DEFAULT '0',
  `reg_timestamp` double NOT NULL DEFAULT '0',
  `login_timestamp` double NOT NULL DEFAULT '0',
  `cfhs` int(11) NOT NULL DEFAULT '0',
  `cfhs_abusive` int(11) NOT NULL DEFAULT '0',
  PRIMARY KEY (`user_id`)
) ENGINE=MyISAM DEFAULT CHARSET=latin1;

--
-- Contenu de la table `user_info`
--

INSERT INTO `user_info` (`user_id`, `bans`, `cautions`, `reg_timestamp`, `login_timestamp`, `cfhs`, `cfhs_abusive`) VALUES
(1, 0, 0, 1290209727, 1290210813, 0, 0),
(446, 0, 0, 1292850816, 1292850817, 0, 0);

-- --------------------------------------------------------

--
-- Structure de la table `user_items`
--

CREATE TABLE IF NOT EXISTS `user_items` (
  `id` int(10) unsigned NOT NULL,
  `user_id` int(10) unsigned NOT NULL,
  `base_item` int(10) unsigned NOT NULL,
  `extra_data` text NOT NULL,
  PRIMARY KEY (`id`)
) ENGINE=MyISAM DEFAULT CHARSET=latin1;

--
-- Contenu de la table `user_items`
--

INSERT INTO `user_items` (`id`, `user_id`, `base_item`, `extra_data`) VALUES
(93200, 12, 99026, ''),
(98449, 195, 2785096, '');
INSERT INTO `user_items` (`id`, `user_id`, `base_item`, `extra_data`) VALUES
(98450, 195, 2785096, ''),
(114360, 1616, 1, '');

-- --------------------------------------------------------

--
-- Structure de la table `user_roomvisits`
--

CREATE TABLE IF NOT EXISTS `user_roomvisits` (
  `user_id` int(10) unsigned NOT NULL,
  `room_id` int(10) unsigned NOT NULL,
  `entry_timestamp` double NOT NULL,
  `exit_timestamp` double NOT NULL,
  `hour` int(11) NOT NULL,
  `minute` int(11) NOT NULL,
  KEY `user_id` (`user_id`)
) ENGINE=MyISAM DEFAULT CHARSET=latin1;

--
-- Contenu de la table `user_roomvisits`
--

INSERT INTO `user_roomvisits` (`user_id`, `room_id`, `entry_timestamp`, `exit_timestamp`, `hour`, `minute`) VALUES
(1, 5526, 1290210839, 1290210922, 0, 53),
(375, 6007, 1292851279, 0, 14, 21);

-- --------------------------------------------------------

--
-- Structure de la table `user_subscriptions`
--

CREATE TABLE IF NOT EXISTS `user_subscriptions` (
  `user_id` int(10) unsigned NOT NULL,
  `subscription_id` varchar(50) NOT NULL,
  `timestamp_activated` int(11) NOT NULL,
  `timestamp_expire` int(11) NOT NULL,
  `gifts` int(255) NOT NULL DEFAULT '0',
  `usedgifts` int(255) NOT NULL DEFAULT '0',
  KEY `user_id` (`user_id`)
) ENGINE=MyISAM DEFAULT CHARSET=latin1;

--
-- Contenu de la table `user_subscriptions`
--

INSERT INTO `user_subscriptions` (`user_id`, `subscription_id`, `timestamp_activated`, `timestamp_expire`, `gifts`, `usedgifts`) VALUES
(1, 'habbo_vip', 1290210859, 1297986859, 0, 0),
(446, 'habbo_club', 1292850816, 1292850816, 0, 0);

-- --------------------------------------------------------

--
-- Structure de la table `user_tags`
--

CREATE TABLE IF NOT EXISTS `user_tags` (
  `id` int(11) NOT NULL AUTO_INCREMENT,
  `user_id` int(10) unsigned NOT NULL,
  `tag` varchar(100) NOT NULL,
  `groupid` int(20) NOT NULL,
  PRIMARY KEY (`id`),
  KEY `user_id` (`user_id`)
) ENGINE=MyISAM  DEFAULT CHARSET=latin1 AUTO_INCREMENT=104 ;

--
-- Contenu de la table `user_tags`
--

INSERT INTO `user_tags` (`id`, `user_id`, `tag`, `groupid`) VALUES
(13, 23, 'hamburgeur', 0),
(103, 12, 'bloondev', 0);

-- --------------------------------------------------------

--
-- Structure de la table `user_vip_wardrobe`
--

CREATE TABLE IF NOT EXISTS `user_vip_wardrobe` (
  `user_id` int(10) unsigned NOT NULL,
  `slot_id` int(10) unsigned NOT NULL,
  `look` varchar(120) NOT NULL,
  `gender` enum('F','M') NOT NULL DEFAULT 'M',
  KEY `user_id` (`user_id`)
) ENGINE=MyISAM DEFAULT CHARSET=latin1;

--
-- Contenu de la table `user_vip_wardrobe`
--


-- --------------------------------------------------------

--
-- Structure de la table `user_wardrobe`
--

CREATE TABLE IF NOT EXISTS `user_wardrobe` (
  `user_id` int(10) unsigned NOT NULL,
  `slot_id` int(10) unsigned NOT NULL,
  `look` varchar(120) NOT NULL,
  `gender` enum('F','M') NOT NULL DEFAULT 'M',
  KEY `user_id` (`user_id`)
) ENGINE=MyISAM DEFAULT CHARSET=latin1;

--
-- Contenu de la table `user_wardrobe`
--

INSERT INTO `user_wardrobe` (`user_id`, `slot_id`, `look`, `gender`) VALUES
(12, 6, 'lg-3078-1321.he-3081-68.fa-1201-62.ch-3077-64-1321.hr-831-31.sh-3089-93.ca-3085-96.hd-3092-7', 'M'),
(445, 5, 'hd-600-8.ch-635-70.lg-716-66-62.hr-515-33.sh-735-68', 'F');

-- --------------------------------------------------------

--
-- Structure de la table `vip_items`
--

CREATE TABLE IF NOT EXISTS `vip_items` (
  `id` int(10) unsigned NOT NULL AUTO_INCREMENT,
  `type` varchar(120) NOT NULL,
  `name` text NOT NULL,
  `descr` text NOT NULL,
  `price` int(11) NOT NULL DEFAULT '5',
  `image` varchar(120) NOT NULL DEFAULT '',
  `featured` enum('0','1') NOT NULL DEFAULT '1',
  PRIMARY KEY (`id`)
) ENGINE=MyISAM DEFAULT CHARSET=latin1 AUTO_INCREMENT=1 ;

--
-- Contenu de la table `vip_items`
--


-- --------------------------------------------------------

--
-- Structure de la table `wiredaction`
--

CREATE TABLE IF NOT EXISTS `wiredaction` (
  `slotid` int(11) NOT NULL,
  `typeaction` varchar(10) NOT NULL,
  `whataction` varchar(10) NOT NULL,
  `itemid` int(11) DEFAULT NULL
) ENGINE=MyISAM DEFAULT CHARSET=latin1;

--
-- Contenu de la table `wiredaction`
--

INSERT INTO `wiredaction` (`slotid`, `typeaction`, `whataction`, `itemid`) VALUES
(1, 'status', '1', 29837),
(2, 'status', '0', 29764);

-- --------------------------------------------------------

--
-- Structure de la table `wiredtrigger`
--

CREATE TABLE IF NOT EXISTS `wiredtrigger` (
  `slotid` int(10) NOT NULL,
  `roomid` int(10) NOT NULL,
  `triggertype` varchar(10) NOT NULL,
  `whattrigger` varchar(10) NOT NULL,
  PRIMARY KEY (`slotid`)
) ENGINE=MyISAM DEFAULT CHARSET=latin1;

--
-- Contenu de la table `wiredtrigger`
--

INSERT INTO `wiredtrigger` (`slotid`, `roomid`, `triggertype`, `whattrigger`) VALUES
(1, 7191, 'walkon', '29766'),
(2, 7190, 'walkon', '29765');

-- --------------------------------------------------------

--
-- Structure de la table `wordfilter`
--

CREATE TABLE IF NOT EXISTS `wordfilter` (
  `word` varchar(255) DEFAULT NULL
) ENGINE=MyISAM DEFAULT CHARSET=latin1;

--
-- Contenu de la table `wordfilter`
--

